From mboxrd@z Thu Jan 1 00:00:00 1970 From: Platform Team regression test user Subject: [ovmf baseline-only test] 66808: regressions - FAIL Date: Tue, 26 Jul 2016 00:53:02 +0100 Message-ID: Mime-Version: 1.0 Content-Type: multipart/mixed; boundary="===============6024499822050963537==" Return-path: List-Unsubscribe: , List-Post: List-Help: List-Subscribe: , Errors-To: xen-devel-bounces@lists.xen.org Sender: "Xen-devel" To: xen-devel@lists.xensource.com, osstest-admin@xenproject.org List-Id: xen-devel@lists.xenproject.org --===============6024499822050963537== Content-Type: text/plain This run is configured for baseline tests only. flight 66808 ovmf real [real] http://osstest.xs.citrite.net/~osstest/testlogs/logs/66808/ Regressions :-( Tests which did not succeed and are blocking, including tests which could not be run: test-amd64-i386-xl-qemuu-ovmf-amd64 14 guest-saverestore.2 fail REGR. vs. 66496 version targeted for testing: ovmf 227a1ac2d04504eee4c624f534ea3fcbb8140029 baseline version: ovmf dc99315b8732b6e3032d01319d3f534d440b43d0 Last test of basis 66496 2016-07-01 10:52:59 Z 24 days Testing same since 66808 2016-07-25 20:50:37 Z 0 days 1 attempts ------------------------------------------------------------ People who touched revisions under test: Anandakrishnan Loganathan Ard Biesheuvel Bi, Dandan Bret Barkelew Bruce Cran Bruce Cran Chao Zhang Cinnamon Shia Cohen, Eugene Dandan Bi Darbin Reyes david wei Eric Dong Eugene Cohen Evan Lloyd Evgeny Yakovlev Feng Tian Fu Siyuan Fu, Siyuan Gary Li Gary Lin Giri P Mudusuru Graeme Gregory Hao Wu Hegde Nagaraj P Hegde, Nagaraj P hegdenag Heyi Guo Jan D?bro? Jan Dabros Jeff Fan Jeremy Linton Jiaxin Wu Jiewen Yao Joe Zhou Jordan Justen Katie Dellaquila Laszlo Ersek Liming Gao Lu, ShifeiX A lushifex Marcin Wojtas Mark Rutland Marvin H?user Marvin Haeuser Maurice Ma Michael Chang Michael Zimmermann Mudusuru, Giri P Ni, Ruiyu Qin Long Qiu Shumin Ruiyu Ni Ruiyu Ni  Ryan Harkin Sami Mujawar Satya Yarlagadda Shannon Zhao Shi, Steven Sriram Subramanian Star Zeng Steven Shi Subramanian, Sriram (EG Servers Platform SW) Sunny Wang Tapan Shah Thomas Palmer Yarlagadda, Satya P Yonghong Zhu Zhang Lubo Zhang, Chao B Zhang, Lubo jobs: build-amd64-xsm pass build-i386-xsm pass build-amd64 pass build-i386 pass build-amd64-libvirt pass build-i386-libvirt pass build-amd64-pvops pass build-i386-pvops pass test-amd64-amd64-xl-qemuu-ovmf-amd64 pass test-amd64-i386-xl-qemuu-ovmf-amd64 fail ------------------------------------------------------------ sg-report-flight on osstest.xs.citrite.net logs: /home/osstest/logs images: /home/osstest/images Logs, config files, etc. are available at http://osstest.xs.citrite.net/~osstest/testlogs/logs Test harness code can be found at http://xenbits.xensource.com/gitweb?p=osstest.git;a=summary Push not applicable. (No revision log; it would be 11446 lines long.) --===============6024499822050963537== Content-Type: text/plain; charset="utf-8" MIME-Version: 1.0 Content-Transfer-Encoding: base64 Content-Disposition: inline X19fX19fX19fX19fX19fX19fX19fX19fX19fX19fX19fX19fX19fX19fX19fX18KWGVuLWRldmVs IG1haWxpbmcgbGlzdApYZW4tZGV2ZWxAbGlzdHMueGVuLm9yZwpodHRwczovL2xpc3RzLnhlbi5v cmcveGVuLWRldmVsCg== --===============6024499822050963537==--