* [qemu-mainline baseline-only test] 66814: trouble: blocked/broken/fail/pass
@ 2016-07-27 3:07 Platform Team regression test user
0 siblings, 0 replies; only message in thread
From: Platform Team regression test user @ 2016-07-27 3:07 UTC (permalink / raw)
To: xen-devel, osstest-admin
[-- Attachment #1: Type: text/plain, Size: 9223 bytes --]
This run is configured for baseline tests only.
flight 66814 qemu-mainline real [real]
http://osstest.xs.citrite.net/~osstest/testlogs/logs/66814/
Failures and problems with tests :-(
Tests which did not succeed and are blocking,
including tests which could not be run:
build-armhf-xsm 3 host-install(3) broken REGR. vs. 66672
build-armhf 3 host-install(3) broken REGR. vs. 66672
build-armhf-pvops 3 host-install(3) broken REGR. vs. 66672
Regressions which are regarded as allowable (not blocking):
build-armhf-xsm 4 capture-logs broken blocked in 66672
build-armhf 4 capture-logs broken blocked in 66672
build-armhf-pvops 4 capture-logs broken blocked in 66672
test-amd64-amd64-qemuu-nested-intel 16 debian-hvm-install/l1/l2 fail blocked in 66672
Tests which did not succeed, but are not blocking:
test-armhf-armhf-libvirt-xsm 1 build-check(1) blocked n/a
test-armhf-armhf-libvirt 1 build-check(1) blocked n/a
test-armhf-armhf-xl-multivcpu 1 build-check(1) blocked n/a
test-armhf-armhf-libvirt-raw 1 build-check(1) blocked n/a
test-armhf-armhf-xl-xsm 1 build-check(1) blocked n/a
test-armhf-armhf-xl-midway 1 build-check(1) blocked n/a
build-armhf-libvirt 1 build-check(1) blocked n/a
test-armhf-armhf-xl-rtds 1 build-check(1) blocked n/a
test-armhf-armhf-xl-vhd 1 build-check(1) blocked n/a
test-armhf-armhf-xl-credit2 1 build-check(1) blocked n/a
test-armhf-armhf-xl 1 build-check(1) blocked n/a
test-armhf-armhf-libvirt-qcow2 1 build-check(1) blocked n/a
test-amd64-amd64-xl-pvh-intel 11 guest-start fail never pass
test-amd64-amd64-xl-pvh-amd 11 guest-start fail never pass
test-amd64-i386-libvirt-xsm 12 migrate-support-check fail never pass
test-amd64-i386-libvirt-qemuu-debianhvm-amd64-xsm 10 migrate-support-check fail never pass
test-amd64-amd64-libvirt-qemuu-debianhvm-amd64-xsm 10 migrate-support-check fail never pass
test-amd64-amd64-xl-qemuu-win7-amd64 16 guest-stop fail never pass
test-amd64-amd64-libvirt-vhd 11 migrate-support-check fail never pass
test-amd64-i386-libvirt 12 migrate-support-check fail never pass
test-amd64-amd64-libvirt 12 migrate-support-check fail never pass
test-amd64-amd64-libvirt-xsm 12 migrate-support-check fail never pass
test-amd64-amd64-qemuu-nested-amd 16 debian-hvm-install/l1/l2 fail never pass
test-amd64-i386-xl-qemuu-win7-amd64 16 guest-stop fail never pass
version targeted for testing:
qemuu 2d2e632ad00d11867c6c5625605b1fbc022dd62f
baseline version:
qemuu e66b05e9ca471715388182613217503160ed7a4d
Last test of basis 66672 2016-07-22 06:46:50 Z 4 days
Testing same since 66814 2016-07-26 11:16:28 Z 0 days 1 attempts
------------------------------------------------------------
People who touched revisions under test:
Amit Shah <amit.shah@redhat.com>
Aurelien Jarno <aurelien@aurel32.net>
Daniel P. Berrange <berrange@redhat.com>
Dr. David Alan Gilbert <dgilbert@redhat.com>
Eric Blake <eblake@redhat.com>
Fam Zheng <famz@redhat.com>
Jan Kiszka <jan.kiszka@siemens.com>
Leon Alrae <leon.alrae@imgtec.com>
Marcel Apfelbaum <marcel@redhat.com>
Mark Cave-Ayland <mark.cave-ayland@ilande.co.uk>
Michael S. Tsirkin <mst@redhat.com>
Paolo Bonzini <pbonzini@redhat.com>
Peter Maydell <peter.maydell@linaro.org>
Peter Xu <peterx@redhat.com>
Pranith Kumar <bobby.prani@gmail.com>
Radim KrÄmáŠ<rkrcmar@redhat.com>
Stefan Hajnoczi <stefanha@redhat.com>
jobs:
build-amd64-xsm pass
build-armhf-xsm broken
build-i386-xsm pass
build-amd64 pass
build-armhf broken
build-i386 pass
build-amd64-libvirt pass
build-armhf-libvirt blocked
build-i386-libvirt pass
build-amd64-pvops pass
build-armhf-pvops broken
build-i386-pvops pass
test-amd64-amd64-xl pass
test-armhf-armhf-xl blocked
test-amd64-i386-xl pass
test-amd64-amd64-libvirt-qemuu-debianhvm-amd64-xsm pass
test-amd64-i386-libvirt-qemuu-debianhvm-amd64-xsm pass
test-amd64-amd64-xl-qemuu-debianhvm-amd64-xsm pass
test-amd64-i386-xl-qemuu-debianhvm-amd64-xsm pass
test-amd64-amd64-libvirt-xsm pass
test-armhf-armhf-libvirt-xsm blocked
test-amd64-i386-libvirt-xsm pass
test-amd64-amd64-xl-xsm pass
test-armhf-armhf-xl-xsm blocked
test-amd64-i386-xl-xsm pass
test-amd64-amd64-qemuu-nested-amd fail
test-amd64-amd64-xl-pvh-amd fail
test-amd64-i386-qemuu-rhel6hvm-amd pass
test-amd64-amd64-xl-qemuu-debianhvm-amd64 pass
test-amd64-i386-xl-qemuu-debianhvm-amd64 pass
test-amd64-i386-freebsd10-amd64 pass
test-amd64-amd64-xl-qemuu-ovmf-amd64 pass
test-amd64-i386-xl-qemuu-ovmf-amd64 pass
test-amd64-amd64-xl-qemuu-win7-amd64 fail
test-amd64-i386-xl-qemuu-win7-amd64 fail
test-amd64-amd64-xl-credit2 pass
test-armhf-armhf-xl-credit2 blocked
test-amd64-i386-freebsd10-i386 pass
test-amd64-amd64-qemuu-nested-intel fail
test-amd64-amd64-xl-pvh-intel fail
test-amd64-i386-qemuu-rhel6hvm-intel pass
test-amd64-amd64-libvirt pass
test-armhf-armhf-libvirt blocked
test-amd64-i386-libvirt pass
test-armhf-armhf-xl-midway blocked
test-amd64-amd64-xl-multivcpu pass
test-armhf-armhf-xl-multivcpu blocked
test-amd64-amd64-pair pass
test-amd64-i386-pair pass
test-amd64-amd64-libvirt-pair pass
test-amd64-i386-libvirt-pair pass
test-amd64-amd64-amd64-pvgrub pass
test-amd64-amd64-i386-pvgrub pass
test-amd64-amd64-pygrub pass
test-armhf-armhf-libvirt-qcow2 blocked
test-amd64-amd64-xl-qcow2 pass
test-armhf-armhf-libvirt-raw blocked
test-amd64-i386-xl-raw pass
test-amd64-amd64-xl-rtds pass
test-armhf-armhf-xl-rtds blocked
test-amd64-i386-xl-qemuu-winxpsp3-vcpus1 pass
test-amd64-amd64-libvirt-vhd pass
test-armhf-armhf-xl-vhd blocked
test-amd64-amd64-xl-qemuu-winxpsp3 pass
test-amd64-i386-xl-qemuu-winxpsp3 pass
------------------------------------------------------------
sg-report-flight on osstest.xs.citrite.net
logs: /home/osstest/logs
images: /home/osstest/images
Logs, config files, etc. are available at
http://osstest.xs.citrite.net/~osstest/testlogs/logs
Test harness code can be found at
http://xenbits.xensource.com/gitweb?p=osstest.git;a=summary
broken-step build-armhf-xsm capture-logs
broken-step build-armhf-xsm host-install(3)
broken-step build-armhf capture-logs
broken-step build-armhf host-install(3)
broken-step build-armhf-pvops capture-logs
broken-step build-armhf-pvops host-install(3)
Push not applicable.
(No revision log; it would be 1820 lines long.)
[-- Attachment #2: Type: text/plain, Size: 127 bytes --]
_______________________________________________
Xen-devel mailing list
Xen-devel@lists.xen.org
https://lists.xen.org/xen-devel
^ permalink raw reply [flat|nested] only message in thread
only message in thread, other threads:[~2016-07-27 3:07 UTC | newest]
Thread overview: (only message) (download: mbox.gz follow: Atom feed
-- links below jump to the message on this page --
2016-07-27 3:07 [qemu-mainline baseline-only test] 66814: trouble: blocked/broken/fail/pass Platform Team regression test user
This is a public inbox, see mirroring instructions
for how to clone and mirror all data and code used for this inbox;
as well as URLs for NNTP newsgroup(s).