* [qemu-upstream-4.5-testing baseline-only test] 66860: regressions - trouble: broken/fail/pass
@ 2016-07-29 14:33 Platform Team regression test user
0 siblings, 0 replies; only message in thread
From: Platform Team regression test user @ 2016-07-29 14:33 UTC (permalink / raw)
To: xen-devel, osstest-admin
This run is configured for baseline tests only.
flight 66860 qemu-upstream-4.5-testing real [real]
http://osstest.xs.citrite.net/~osstest/testlogs/logs/66860/
Regressions :-(
Tests which did not succeed and are blocking,
including tests which could not be run:
test-amd64-amd64-xl 3 host-install(3) broken REGR. vs. 66489
test-amd64-amd64-xl-pvh-intel 3 host-install(3) broken REGR. vs. 66489
test-amd64-i386-qemuu-rhel6hvm-amd 3 host-install(3) broken REGR. vs. 66489
test-amd64-amd64-xl-credit2 3 host-install(3) broken REGR. vs. 66489
test-amd64-amd64-xl-pvh-amd 3 host-install(3) broken REGR. vs. 66489
test-amd64-amd64-xl-qcow2 3 host-install(3) broken REGR. vs. 66489
test-amd64-amd64-qemuu-nested-amd 3 host-install(3) broken REGR. vs. 66489
test-amd64-amd64-xl-qemuu-winxpsp3 3 host-install(3) broken REGR. vs. 66489
test-amd64-amd64-libvirt-pair 4 host-install/dst_host(4) broken REGR. vs. 66489
test-amd64-i386-libvirt-pair 4 host-install/dst_host(4) broken REGR. vs. 66489
test-amd64-i386-xl-qemuu-winxpsp3 15 guest-localmigrate/x10 fail REGR. vs. 66489
Regressions which are regarded as allowable (not blocking):
test-amd64-amd64-xl-rtds 3 host-install(3) broken REGR. vs. 66489
test-amd64-i386-xl-qemuu-win7-amd64 16 guest-stop fail like 66489
test-amd64-amd64-qemuu-nested-intel 16 debian-hvm-install/l1/l2 fail like 66489
Tests which did not succeed, but are not blocking:
test-armhf-armhf-libvirt 14 guest-saverestore fail never pass
test-armhf-armhf-libvirt 12 migrate-support-check fail never pass
test-armhf-armhf-libvirt-qcow2 10 guest-start fail never pass
test-armhf-armhf-libvirt-raw 10 guest-start fail never pass
test-armhf-armhf-xl-credit2 13 saverestore-support-check fail never pass
test-armhf-armhf-xl-multivcpu 13 saverestore-support-check fail never pass
test-armhf-armhf-xl-credit2 12 migrate-support-check fail never pass
test-armhf-armhf-xl-multivcpu 12 migrate-support-check fail never pass
test-armhf-armhf-xl 12 migrate-support-check fail never pass
test-armhf-armhf-xl 13 saverestore-support-check fail never pass
test-armhf-armhf-xl-midway 13 saverestore-support-check fail never pass
test-armhf-armhf-xl-midway 12 migrate-support-check fail never pass
test-armhf-armhf-xl-vhd 10 guest-start fail never pass
test-armhf-armhf-xl-rtds 13 saverestore-support-check fail never pass
test-armhf-armhf-xl-rtds 12 migrate-support-check fail never pass
test-amd64-amd64-libvirt 12 migrate-support-check fail never pass
test-amd64-i386-libvirt 12 migrate-support-check fail never pass
test-amd64-amd64-libvirt-vhd 11 migrate-support-check fail never pass
version targeted for testing:
qemuu 835c204f1196ab8f5213a9dc5299ed76e748cdca
baseline version:
qemuu 5e40cec825a2582d8a91119c485f5130cc2648e9
Last test of basis 66489 2016-07-01 10:51:42 Z 28 days
Testing same since 66860 2016-07-29 09:48:09 Z 0 days 1 attempts
------------------------------------------------------------
People who touched revisions under test:
P J P <ppandit@redhat.com>
Stefan Hajnoczi <stefanha@redhat.com>
Stefano Stabellini <sstabellini@kernel.org>
jobs:
build-amd64 pass
build-armhf pass
build-i386 pass
build-amd64-libvirt pass
build-armhf-libvirt pass
build-i386-libvirt pass
build-amd64-pvops pass
build-armhf-pvops pass
build-i386-pvops pass
test-amd64-amd64-xl broken
test-armhf-armhf-xl pass
test-amd64-i386-xl pass
test-amd64-amd64-qemuu-nested-amd broken
test-amd64-amd64-xl-pvh-amd broken
test-amd64-i386-qemuu-rhel6hvm-amd broken
test-amd64-amd64-xl-qemuu-debianhvm-amd64 pass
test-amd64-i386-xl-qemuu-debianhvm-amd64 pass
test-amd64-i386-freebsd10-amd64 pass
test-amd64-amd64-xl-qemuu-ovmf-amd64 pass
test-amd64-i386-xl-qemuu-ovmf-amd64 pass
test-amd64-amd64-xl-qemuu-win7-amd64 pass
test-amd64-i386-xl-qemuu-win7-amd64 fail
test-amd64-amd64-xl-credit2 broken
test-armhf-armhf-xl-credit2 pass
test-amd64-i386-freebsd10-i386 pass
test-amd64-amd64-qemuu-nested-intel fail
test-amd64-amd64-xl-pvh-intel broken
test-amd64-i386-qemuu-rhel6hvm-intel pass
test-amd64-amd64-libvirt pass
test-armhf-armhf-libvirt fail
test-amd64-i386-libvirt pass
test-armhf-armhf-xl-midway pass
test-amd64-amd64-xl-multivcpu pass
test-armhf-armhf-xl-multivcpu pass
test-amd64-amd64-pair pass
test-amd64-i386-pair pass
test-amd64-amd64-libvirt-pair broken
test-amd64-i386-libvirt-pair broken
test-amd64-amd64-amd64-pvgrub pass
test-amd64-amd64-i386-pvgrub pass
test-amd64-amd64-pygrub pass
test-armhf-armhf-libvirt-qcow2 fail
test-amd64-amd64-xl-qcow2 broken
test-armhf-armhf-libvirt-raw fail
test-amd64-i386-xl-raw pass
test-amd64-amd64-xl-rtds broken
test-armhf-armhf-xl-rtds pass
test-amd64-i386-xl-qemuu-winxpsp3-vcpus1 pass
test-amd64-amd64-libvirt-vhd pass
test-armhf-armhf-xl-vhd fail
test-amd64-amd64-xl-qemuu-winxpsp3 broken
test-amd64-i386-xl-qemuu-winxpsp3 fail
------------------------------------------------------------
sg-report-flight on osstest.xs.citrite.net
logs: /home/osstest/logs
images: /home/osstest/images
Logs, config files, etc. are available at
http://osstest.xs.citrite.net/~osstest/testlogs/logs
Test harness code can be found at
http://xenbits.xensource.com/gitweb?p=osstest.git;a=summary
broken-step test-amd64-amd64-xl host-install(3)
broken-step test-amd64-amd64-xl-pvh-intel host-install(3)
broken-step test-amd64-i386-qemuu-rhel6hvm-amd host-install(3)
broken-step test-amd64-amd64-xl-credit2 host-install(3)
broken-step test-amd64-amd64-xl-rtds host-install(3)
broken-step test-amd64-amd64-xl-pvh-amd host-install(3)
broken-step test-amd64-amd64-xl-qcow2 host-install(3)
broken-step test-amd64-amd64-qemuu-nested-amd host-install(3)
broken-step test-amd64-amd64-xl-qemuu-winxpsp3 host-install(3)
broken-step test-amd64-amd64-libvirt-pair host-install/dst_host(4)
broken-step test-amd64-i386-libvirt-pair host-install/dst_host(4)
Push not applicable.
------------------------------------------------------------
commit 835c204f1196ab8f5213a9dc5299ed76e748cdca
Author: P J P <ppandit@redhat.com>
Date: Mon Jul 25 17:37:18 2016 +0530
virtio: error out if guest exceeds virtqueue size
A broken or malicious guest can submit more requests than the virtqueue
size permits.
The guest can submit requests without bothering to wait for completion
and is therefore not bound by virtqueue size. This requires reusing
vring descriptors in more than one request, which is incorrect but
possible. Processing a request allocates a VirtQueueElement and
therefore causes unbounded memory allocation controlled by the guest.
Exit with an error if the guest provides more requests than the
virtqueue size permits. This bounds memory allocation and makes the
buggy guest visible to the user.
upstream-commit-id: afd9096eb1882f23929f5b5c177898ed231bac66
Reported-by: Zhenhao Hong <zhenhaohong@gmail.com>
Signed-off-by: Stefan Hajnoczi <stefanha@redhat.com>
Signed-off-by: Stefano Stabellini <sstabellini@kernel.org>
_______________________________________________
Xen-devel mailing list
Xen-devel@lists.xen.org
https://lists.xen.org/xen-devel
^ permalink raw reply [flat|nested] only message in thread
only message in thread, other threads:[~2016-07-29 14:33 UTC | newest]
Thread overview: (only message) (download: mbox.gz follow: Atom feed
-- links below jump to the message on this page --
2016-07-29 14:33 [qemu-upstream-4.5-testing baseline-only test] 66860: regressions - trouble: broken/fail/pass Platform Team regression test user
This is a public inbox, see mirroring instructions
for how to clone and mirror all data and code used for this inbox;
as well as URLs for NNTP newsgroup(s).