* [linux-4.1 baseline-only test] 66878: regressions - trouble: blocked/broken/fail/pass
@ 2016-08-01 17:12 Platform Team regression test user
0 siblings, 0 replies; only message in thread
From: Platform Team regression test user @ 2016-08-01 17:12 UTC (permalink / raw)
To: xen-devel, osstest-admin
This run is configured for baseline tests only.
flight 66878 linux-4.1 real [real]
http://osstest.xs.citrite.net/~osstest/testlogs/logs/66878/
Regressions :-(
Tests which did not succeed and are blocking,
including tests which could not be run:
test-amd64-amd64-xl-qemut-stubdom-debianhvm-amd64-xsm 3 host-install(3) broken REGR. vs. 66490
test-amd64-amd64-qemuu-nested-amd 3 host-install(3) broken REGR. vs. 66490
test-amd64-i386-xl-qemuu-winxpsp3 3 host-install(3) broken REGR. vs. 66490
test-amd64-i386-libvirt 3 host-install(3) broken REGR. vs. 66490
test-amd64-amd64-xl-multivcpu 3 host-install(3) broken REGR. vs. 66490
test-amd64-i386-xl-qemuu-debianhvm-amd64 3 host-install(3) broken REGR. vs. 66490
test-amd64-i386-xl-qemut-debianhvm-amd64-xsm 3 host-install(3) broken REGR. vs. 66490
test-amd64-i386-freebsd10-i386 3 host-install(3) broken REGR. vs. 66490
test-amd64-i386-xl-qemut-debianhvm-amd64 3 host-install(3) broken REGR. vs. 66490
test-amd64-i386-qemuu-rhel6hvm-amd 3 host-install(3) broken REGR. vs. 66490
test-amd64-amd64-amd64-pvgrub 3 host-install(3) broken REGR. vs. 66490
test-amd64-i386-xl-qemuu-ovmf-amd64 3 host-install(3) broken REGR. vs. 66490
test-amd64-amd64-xl-qemut-winxpsp3 3 host-install(3) broken REGR. vs. 66490
test-amd64-i386-pair 3 host-install/src_host(3) broken REGR. vs. 66490
test-amd64-i386-xl-xsm 3 host-install(3) broken REGR. vs. 66490
test-amd64-amd64-xl-qemuu-win7-amd64 3 host-install(3) broken REGR. vs. 66490
test-amd64-amd64-xl-qemuu-debianhvm-amd64 3 host-install(3) broken REGR. vs. 66490
test-amd64-amd64-xl 3 host-install(3) broken REGR. vs. 66490
test-amd64-amd64-libvirt-vhd 9 debian-di-install fail REGR. vs. 66490
test-amd64-amd64-libvirt 15 guest-saverestore.2 fail REGR. vs. 66490
test-amd64-i386-xl-raw 15 guest-saverestore.2 fail REGR. vs. 66490
test-amd64-i386-xl-qemuu-win7-amd64 9 windows-install fail REGR. vs. 66490
Regressions which are regarded as allowable (not blocking):
test-amd64-amd64-xl-rtds 3 host-install(3) broken REGR. vs. 66490
build-amd64-rumpuserxen 6 xen-build fail like 66490
build-i386-rumpuserxen 6 xen-build fail like 66490
test-amd64-amd64-qemuu-nested-intel 16 debian-hvm-install/l1/l2 fail like 66490
Tests which did not succeed, but are not blocking:
test-amd64-amd64-rumpuserxen-amd64 1 build-check(1) blocked n/a
test-amd64-i386-rumpuserxen-i386 1 build-check(1) blocked n/a
test-armhf-armhf-libvirt-xsm 12 migrate-support-check fail never pass
test-armhf-armhf-libvirt 14 guest-saverestore fail never pass
test-armhf-armhf-libvirt-xsm 14 guest-saverestore fail never pass
test-armhf-armhf-libvirt 12 migrate-support-check fail never pass
test-amd64-amd64-xl-pvh-amd 11 guest-start fail never pass
test-amd64-amd64-xl-pvh-intel 14 guest-saverestore fail never pass
test-armhf-armhf-libvirt-qcow2 11 migrate-support-check fail never pass
test-armhf-armhf-libvirt-qcow2 13 guest-saverestore fail never pass
test-armhf-armhf-libvirt-raw 13 guest-saverestore fail never pass
test-armhf-armhf-libvirt-raw 11 migrate-support-check fail never pass
test-armhf-armhf-xl-multivcpu 13 saverestore-support-check fail never pass
test-armhf-armhf-xl-multivcpu 12 migrate-support-check fail never pass
test-armhf-armhf-xl 12 migrate-support-check fail never pass
test-armhf-armhf-xl 13 saverestore-support-check fail never pass
test-armhf-armhf-xl-credit2 13 saverestore-support-check fail never pass
test-armhf-armhf-xl-credit2 12 migrate-support-check fail never pass
test-armhf-armhf-xl-midway 13 saverestore-support-check fail never pass
test-armhf-armhf-xl-midway 12 migrate-support-check fail never pass
test-armhf-armhf-xl-xsm 13 saverestore-support-check fail never pass
test-armhf-armhf-xl-xsm 12 migrate-support-check fail never pass
test-armhf-armhf-xl-rtds 13 saverestore-support-check fail never pass
test-armhf-armhf-xl-rtds 12 migrate-support-check fail never pass
test-amd64-amd64-libvirt-xsm 12 migrate-support-check fail never pass
test-amd64-i386-libvirt-xsm 12 migrate-support-check fail never pass
test-amd64-amd64-libvirt 12 migrate-support-check fail never pass
test-amd64-amd64-libvirt-qemuu-debianhvm-amd64-xsm 10 migrate-support-check fail never pass
test-armhf-armhf-xl-vhd 11 migrate-support-check fail never pass
test-armhf-armhf-xl-vhd 12 saverestore-support-check fail never pass
test-amd64-i386-libvirt-qemuu-debianhvm-amd64-xsm 10 migrate-support-check fail never pass
test-amd64-amd64-xl-qemut-win7-amd64 16 guest-stop fail never pass
test-amd64-i386-xl-qemut-win7-amd64 16 guest-stop fail never pass
version targeted for testing:
linux c3ed55b836cff718dd0d654b6daf7c96be2a5ac2
baseline version:
linux 95123c0b81d9478b8155fe15093b88f57ef7d0bd
Last test of basis 66490 2016-07-01 10:53:41 Z 31 days
Testing same since 66878 2016-08-01 10:46:29 Z 0 days 1 attempts
------------------------------------------------------------
311 people touched revisions under test,
not listing them all
jobs:
build-amd64-xsm pass
build-armhf-xsm pass
build-i386-xsm pass
build-amd64 pass
build-armhf pass
build-i386 pass
build-amd64-libvirt pass
build-armhf-libvirt pass
build-i386-libvirt pass
build-amd64-pvops pass
build-armhf-pvops pass
build-i386-pvops pass
build-amd64-rumpuserxen fail
build-i386-rumpuserxen fail
test-amd64-amd64-xl broken
test-armhf-armhf-xl pass
test-amd64-i386-xl pass
test-amd64-amd64-xl-qemut-debianhvm-amd64-xsm pass
test-amd64-i386-xl-qemut-debianhvm-amd64-xsm broken
test-amd64-amd64-libvirt-qemuu-debianhvm-amd64-xsm pass
test-amd64-i386-libvirt-qemuu-debianhvm-amd64-xsm pass
test-amd64-amd64-xl-qemuu-debianhvm-amd64-xsm pass
test-amd64-i386-xl-qemuu-debianhvm-amd64-xsm pass
test-amd64-amd64-xl-qemut-stubdom-debianhvm-amd64-xsm broken
test-amd64-i386-xl-qemut-stubdom-debianhvm-amd64-xsm pass
test-amd64-amd64-libvirt-xsm pass
test-armhf-armhf-libvirt-xsm fail
test-amd64-i386-libvirt-xsm pass
test-amd64-amd64-xl-xsm pass
test-armhf-armhf-xl-xsm pass
test-amd64-i386-xl-xsm broken
test-amd64-amd64-qemuu-nested-amd broken
test-amd64-amd64-xl-pvh-amd fail
test-amd64-i386-qemut-rhel6hvm-amd pass
test-amd64-i386-qemuu-rhel6hvm-amd broken
test-amd64-amd64-xl-qemut-debianhvm-amd64 pass
test-amd64-i386-xl-qemut-debianhvm-amd64 broken
test-amd64-amd64-xl-qemuu-debianhvm-amd64 broken
test-amd64-i386-xl-qemuu-debianhvm-amd64 broken
test-amd64-i386-freebsd10-amd64 pass
test-amd64-amd64-xl-qemuu-ovmf-amd64 pass
test-amd64-i386-xl-qemuu-ovmf-amd64 broken
test-amd64-amd64-rumpuserxen-amd64 blocked
test-amd64-amd64-xl-qemut-win7-amd64 fail
test-amd64-i386-xl-qemut-win7-amd64 fail
test-amd64-amd64-xl-qemuu-win7-amd64 broken
test-amd64-i386-xl-qemuu-win7-amd64 fail
test-amd64-amd64-xl-credit2 pass
test-armhf-armhf-xl-credit2 pass
test-amd64-i386-freebsd10-i386 broken
test-amd64-i386-rumpuserxen-i386 blocked
test-amd64-amd64-qemuu-nested-intel fail
test-amd64-amd64-xl-pvh-intel fail
test-amd64-i386-qemut-rhel6hvm-intel pass
test-amd64-i386-qemuu-rhel6hvm-intel pass
test-amd64-amd64-libvirt fail
test-armhf-armhf-libvirt fail
test-amd64-i386-libvirt broken
test-armhf-armhf-xl-midway pass
test-amd64-amd64-xl-multivcpu broken
test-armhf-armhf-xl-multivcpu pass
test-amd64-amd64-pair pass
test-amd64-i386-pair broken
test-amd64-amd64-libvirt-pair pass
test-amd64-i386-libvirt-pair pass
test-amd64-amd64-amd64-pvgrub broken
test-amd64-amd64-i386-pvgrub pass
test-amd64-amd64-pygrub pass
test-armhf-armhf-libvirt-qcow2 fail
test-amd64-amd64-xl-qcow2 pass
test-armhf-armhf-libvirt-raw fail
test-amd64-i386-xl-raw fail
test-amd64-amd64-xl-rtds broken
test-armhf-armhf-xl-rtds pass
test-amd64-i386-xl-qemut-winxpsp3-vcpus1 pass
test-amd64-i386-xl-qemuu-winxpsp3-vcpus1 pass
test-amd64-amd64-libvirt-vhd fail
test-armhf-armhf-xl-vhd pass
test-amd64-amd64-xl-qemut-winxpsp3 broken
test-amd64-i386-xl-qemut-winxpsp3 pass
test-amd64-amd64-xl-qemuu-winxpsp3 pass
test-amd64-i386-xl-qemuu-winxpsp3 broken
------------------------------------------------------------
sg-report-flight on osstest.xs.citrite.net
logs: /home/osstest/logs
images: /home/osstest/images
Logs, config files, etc. are available at
http://osstest.xs.citrite.net/~osstest/testlogs/logs
Test harness code can be found at
http://xenbits.xensource.com/gitweb?p=osstest.git;a=summary
broken-step test-amd64-amd64-xl-qemut-stubdom-debianhvm-amd64-xsm host-install(3)
broken-step test-amd64-amd64-qemuu-nested-amd host-install(3)
broken-step test-amd64-i386-xl-qemuu-winxpsp3 host-install(3)
broken-step test-amd64-i386-libvirt host-install(3)
broken-step test-amd64-amd64-xl-multivcpu host-install(3)
broken-step test-amd64-i386-xl-qemuu-debianhvm-amd64 host-install(3)
broken-step test-amd64-amd64-xl-rtds host-install(3)
broken-step test-amd64-i386-xl-qemut-debianhvm-amd64-xsm host-install(3)
broken-step test-amd64-i386-freebsd10-i386 host-install(3)
broken-step test-amd64-i386-xl-qemut-debianhvm-amd64 host-install(3)
broken-step test-amd64-i386-qemuu-rhel6hvm-amd host-install(3)
broken-step test-amd64-amd64-amd64-pvgrub host-install(3)
broken-step test-amd64-i386-xl-qemuu-ovmf-amd64 host-install(3)
broken-step test-amd64-amd64-xl-qemut-winxpsp3 host-install(3)
broken-step test-amd64-i386-pair host-install/src_host(3)
broken-step test-amd64-i386-xl-xsm host-install(3)
broken-step test-amd64-amd64-xl-qemuu-win7-amd64 host-install(3)
broken-step test-amd64-amd64-xl-qemuu-debianhvm-amd64 host-install(3)
broken-step test-amd64-amd64-xl host-install(3)
Push not applicable.
(No revision log; it would be 8325 lines long.)
_______________________________________________
Xen-devel mailing list
Xen-devel@lists.xen.org
https://lists.xen.org/xen-devel
^ permalink raw reply [flat|nested] only message in thread
only message in thread, other threads:[~2016-08-01 17:12 UTC | newest]
Thread overview: (only message) (download: mbox.gz follow: Atom feed
-- links below jump to the message on this page --
2016-08-01 17:12 [linux-4.1 baseline-only test] 66878: regressions - trouble: blocked/broken/fail/pass Platform Team regression test user
This is a public inbox, see mirroring instructions
for how to clone and mirror all data and code used for this inbox;
as well as URLs for NNTP newsgroup(s).