* [xen-unstable baseline-only test] 66882: regressions - trouble: blocked/broken/fail/pass
@ 2016-08-02 7:19 Platform Team regression test user
0 siblings, 0 replies; only message in thread
From: Platform Team regression test user @ 2016-08-02 7:19 UTC (permalink / raw)
To: xen-devel, osstest-admin
This run is configured for baseline tests only.
flight 66882 xen-unstable real [real]
http://osstest.xs.citrite.net/~osstest/testlogs/logs/66882/
Regressions :-(
Tests which did not succeed and are blocking,
including tests which could not be run:
build-i386-xsm 3 host-install(3) broken REGR. vs. 66881
build-i386-pvops 3 host-install(3) broken REGR. vs. 66881
build-i386-prev 3 host-install(3) broken REGR. vs. 66881
test-amd64-amd64-xl-credit2 3 host-install(3) broken REGR. vs. 66881
test-amd64-amd64-qemuu-nested-amd 3 host-install(3) broken REGR. vs. 66881
test-amd64-amd64-pair 4 host-install/dst_host(4) broken REGR. vs. 66881
test-amd64-amd64-libvirt-vhd 3 host-install(3) broken REGR. vs. 66881
test-amd64-amd64-xl-qemuu-debianhvm-amd64 3 host-install(3) broken REGR. vs. 66881
test-amd64-amd64-xl-qemuu-winxpsp3 3 host-install(3) broken REGR. vs. 66881
test-amd64-amd64-xl-qemut-winxpsp3 3 host-install(3) broken REGR. vs. 66881
test-armhf-armhf-libvirt-xsm 11 guest-start fail REGR. vs. 66881
test-armhf-armhf-libvirt-raw 10 guest-start fail REGR. vs. 66881
test-armhf-armhf-xl-credit2 15 guest-start/debian.repeat fail REGR. vs. 66881
Regressions which are regarded as allowable (not blocking):
build-i386-oldkern 3 host-install(3) broken like 66881
test-amd64-amd64-amd64-pvgrub 3 host-install(3) broken like 66881
test-amd64-amd64-xl-qemuu-win7-amd64 3 host-install(3) broken like 66881
build-i386 3 host-install(3) broken like 66881
test-amd64-amd64-xl-qemut-debianhvm-amd64-xsm 3 host-install(3) broken like 66881
build-amd64-rumpuserxen 6 xen-build fail like 66881
test-amd64-amd64-qemuu-nested-intel 16 debian-hvm-install/l1/l2 fail like 66881
Tests which did not succeed, but are not blocking:
test-amd64-amd64-rumpuserxen-amd64 1 build-check(1) blocked n/a
test-amd64-i386-rumpuserxen-i386 1 build-check(1) blocked n/a
build-i386-libvirt 1 build-check(1) blocked n/a
build-i386-rumpuserxen 1 build-check(1) blocked n/a
test-amd64-i386-qemut-rhel6hvm-intel 1 build-check(1) blocked n/a
test-amd64-i386-libvirt-xsm 1 build-check(1) blocked n/a
test-amd64-i386-libvirt 1 build-check(1) blocked n/a
test-amd64-i386-xl 1 build-check(1) blocked n/a
test-amd64-i386-xl-xsm 1 build-check(1) blocked n/a
test-amd64-i386-qemuu-rhel6hvm-amd 1 build-check(1) blocked n/a
test-amd64-i386-qemut-rhel6hvm-amd 1 build-check(1) blocked n/a
test-amd64-i386-freebsd10-amd64 1 build-check(1) blocked n/a
test-amd64-i386-qemuu-rhel6hvm-intel 1 build-check(1) blocked n/a
test-amd64-i386-migrupgrade 1 build-check(1) blocked n/a
test-amd64-i386-xl-qemut-debianhvm-amd64 1 build-check(1) blocked n/a
test-amd64-i386-pair 1 build-check(1) blocked n/a
test-amd64-i386-libvirt-pair 1 build-check(1) blocked n/a
test-amd64-i386-xl-raw 1 build-check(1) blocked n/a
test-amd64-i386-xl-qemut-stubdom-debianhvm-amd64-xsm 1 build-check(1) blocked n/a
test-amd64-i386-xl-qemuu-win7-amd64 1 build-check(1) blocked n/a
test-amd64-i386-freebsd10-i386 1 build-check(1) blocked n/a
test-amd64-i386-xl-qemut-win7-amd64 1 build-check(1) blocked n/a
test-amd64-i386-xl-qemuu-debianhvm-amd64-xsm 1 build-check(1) blocked n/a
test-amd64-i386-libvirt-qemuu-debianhvm-amd64-xsm 1 build-check(1) blocked n/a
test-amd64-i386-xl-qemuu-debianhvm-amd64 1 build-check(1) blocked n/a
test-amd64-i386-xl-qemuu-ovmf-amd64 1 build-check(1) blocked n/a
test-amd64-i386-xl-qemut-debianhvm-amd64-xsm 1 build-check(1) blocked n/a
test-amd64-i386-xl-qemuu-winxpsp3 1 build-check(1) blocked n/a
test-amd64-i386-xl-qemut-winxpsp3-vcpus1 1 build-check(1) blocked n/a
test-amd64-i386-xl-qemut-winxpsp3 1 build-check(1) blocked n/a
test-amd64-i386-xl-qemuu-winxpsp3-vcpus1 1 build-check(1) blocked n/a
test-armhf-armhf-libvirt 14 guest-saverestore fail never pass
test-armhf-armhf-libvirt 12 migrate-support-check fail never pass
test-amd64-amd64-xl-pvh-amd 11 guest-start fail never pass
test-amd64-amd64-xl-pvh-intel 11 guest-start fail never pass
test-armhf-armhf-libvirt-qcow2 13 guest-saverestore fail never pass
test-armhf-armhf-libvirt-qcow2 11 migrate-support-check fail never pass
test-armhf-armhf-xl-multivcpu 12 migrate-support-check fail never pass
test-armhf-armhf-xl-multivcpu 13 saverestore-support-check fail never pass
test-armhf-armhf-xl-credit2 13 saverestore-support-check fail never pass
test-armhf-armhf-xl-credit2 12 migrate-support-check fail never pass
test-armhf-armhf-xl 12 migrate-support-check fail never pass
test-armhf-armhf-xl 13 saverestore-support-check fail never pass
test-armhf-armhf-xl-xsm 13 saverestore-support-check fail never pass
test-armhf-armhf-xl-xsm 12 migrate-support-check fail never pass
test-armhf-armhf-xl-midway 13 saverestore-support-check fail never pass
test-armhf-armhf-xl-midway 12 migrate-support-check fail never pass
test-armhf-armhf-xl-rtds 13 saverestore-support-check fail never pass
test-armhf-armhf-xl-rtds 12 migrate-support-check fail never pass
test-amd64-amd64-libvirt-xsm 12 migrate-support-check fail never pass
test-amd64-amd64-libvirt 12 migrate-support-check fail never pass
test-armhf-armhf-xl-vhd 11 migrate-support-check fail never pass
test-armhf-armhf-xl-vhd 12 saverestore-support-check fail never pass
test-amd64-amd64-xl-qemut-win7-amd64 16 guest-stop fail never pass
test-amd64-amd64-libvirt-qemuu-debianhvm-amd64-xsm 10 migrate-support-check fail never pass
version targeted for testing:
xen 2d12afe43a5e52a7ac4d2d633caf657d0eb10dc1
baseline version:
xen 5f28de0b0e474e01931b719fa27ca30b8aa446e0
Last test of basis 66881 2016-08-01 18:44:58 Z 0 days
Testing same since 66882 2016-08-02 01:46:43 Z 0 days 1 attempts
------------------------------------------------------------
People who touched revisions under test:
Quan Xu <xuquan8@huawei.com>
jobs:
build-amd64-xsm pass
build-armhf-xsm pass
build-i386-xsm broken
build-amd64 pass
build-armhf pass
build-i386 broken
build-amd64-libvirt pass
build-armhf-libvirt pass
build-i386-libvirt blocked
build-amd64-oldkern pass
build-i386-oldkern broken
build-amd64-prev pass
build-i386-prev broken
build-amd64-pvops pass
build-armhf-pvops pass
build-i386-pvops broken
build-amd64-rumpuserxen fail
build-i386-rumpuserxen blocked
test-amd64-amd64-xl pass
test-armhf-armhf-xl pass
test-amd64-i386-xl blocked
test-amd64-amd64-xl-qemut-debianhvm-amd64-xsm broken
test-amd64-i386-xl-qemut-debianhvm-amd64-xsm blocked
test-amd64-amd64-libvirt-qemuu-debianhvm-amd64-xsm pass
test-amd64-i386-libvirt-qemuu-debianhvm-amd64-xsm blocked
test-amd64-amd64-xl-qemuu-debianhvm-amd64-xsm pass
test-amd64-i386-xl-qemuu-debianhvm-amd64-xsm blocked
test-amd64-amd64-xl-qemut-stubdom-debianhvm-amd64-xsm pass
test-amd64-i386-xl-qemut-stubdom-debianhvm-amd64-xsm blocked
test-amd64-amd64-libvirt-xsm pass
test-armhf-armhf-libvirt-xsm fail
test-amd64-i386-libvirt-xsm blocked
test-amd64-amd64-xl-xsm pass
test-armhf-armhf-xl-xsm pass
test-amd64-i386-xl-xsm blocked
test-amd64-amd64-qemuu-nested-amd broken
test-amd64-amd64-xl-pvh-amd fail
test-amd64-i386-qemut-rhel6hvm-amd blocked
test-amd64-i386-qemuu-rhel6hvm-amd blocked
test-amd64-amd64-xl-qemut-debianhvm-amd64 pass
test-amd64-i386-xl-qemut-debianhvm-amd64 blocked
test-amd64-amd64-xl-qemuu-debianhvm-amd64 broken
test-amd64-i386-xl-qemuu-debianhvm-amd64 blocked
test-amd64-i386-freebsd10-amd64 blocked
test-amd64-amd64-xl-qemuu-ovmf-amd64 pass
test-amd64-i386-xl-qemuu-ovmf-amd64 blocked
test-amd64-amd64-rumpuserxen-amd64 blocked
test-amd64-amd64-xl-qemut-win7-amd64 fail
test-amd64-i386-xl-qemut-win7-amd64 blocked
test-amd64-amd64-xl-qemuu-win7-amd64 broken
test-amd64-i386-xl-qemuu-win7-amd64 blocked
test-amd64-amd64-xl-credit2 broken
test-armhf-armhf-xl-credit2 fail
test-amd64-i386-freebsd10-i386 blocked
test-amd64-i386-rumpuserxen-i386 blocked
test-amd64-amd64-qemuu-nested-intel fail
test-amd64-amd64-xl-pvh-intel fail
test-amd64-i386-qemut-rhel6hvm-intel blocked
test-amd64-i386-qemuu-rhel6hvm-intel blocked
test-amd64-amd64-libvirt pass
test-armhf-armhf-libvirt fail
test-amd64-i386-libvirt blocked
test-armhf-armhf-xl-midway pass
test-amd64-amd64-migrupgrade pass
test-amd64-i386-migrupgrade blocked
test-amd64-amd64-xl-multivcpu pass
test-armhf-armhf-xl-multivcpu pass
test-amd64-amd64-pair broken
test-amd64-i386-pair blocked
test-amd64-amd64-libvirt-pair pass
test-amd64-i386-libvirt-pair blocked
test-amd64-amd64-amd64-pvgrub broken
test-amd64-amd64-i386-pvgrub pass
test-amd64-amd64-pygrub pass
test-armhf-armhf-libvirt-qcow2 fail
test-amd64-amd64-xl-qcow2 pass
test-armhf-armhf-libvirt-raw fail
test-amd64-i386-xl-raw blocked
test-amd64-amd64-xl-rtds pass
test-armhf-armhf-xl-rtds pass
test-amd64-i386-xl-qemut-winxpsp3-vcpus1 blocked
test-amd64-i386-xl-qemuu-winxpsp3-vcpus1 blocked
test-amd64-amd64-libvirt-vhd broken
test-armhf-armhf-xl-vhd pass
test-amd64-amd64-xl-qemut-winxpsp3 broken
test-amd64-i386-xl-qemut-winxpsp3 blocked
test-amd64-amd64-xl-qemuu-winxpsp3 broken
test-amd64-i386-xl-qemuu-winxpsp3 blocked
------------------------------------------------------------
sg-report-flight on osstest.xs.citrite.net
logs: /home/osstest/logs
images: /home/osstest/images
Logs, config files, etc. are available at
http://osstest.xs.citrite.net/~osstest/testlogs/logs
Test harness code can be found at
http://xenbits.xensource.com/gitweb?p=osstest.git;a=summary
broken-step build-i386-xsm host-install(3)
broken-step build-i386-oldkern host-install(3)
broken-step build-i386-pvops host-install(3)
broken-step build-i386-prev host-install(3)
broken-step test-amd64-amd64-xl-credit2 host-install(3)
broken-step test-amd64-amd64-qemuu-nested-amd host-install(3)
broken-step test-amd64-amd64-amd64-pvgrub host-install(3)
broken-step test-amd64-amd64-xl-qemuu-win7-amd64 host-install(3)
broken-step test-amd64-amd64-pair host-install/dst_host(4)
broken-step test-amd64-amd64-libvirt-vhd host-install(3)
broken-step build-i386 host-install(3)
broken-step test-amd64-amd64-xl-qemuu-debianhvm-amd64 host-install(3)
broken-step test-amd64-amd64-xl-qemut-debianhvm-amd64-xsm host-install(3)
broken-step test-amd64-amd64-xl-qemuu-winxpsp3 host-install(3)
broken-step test-amd64-amd64-xl-qemut-winxpsp3 host-install(3)
Push not applicable.
------------------------------------------------------------
commit 2d12afe43a5e52a7ac4d2d633caf657d0eb10dc1
Author: Quan Xu <xuquan8@huawei.com>
Date: Mon Aug 1 11:41:26 2016 +0100
MAINTAINERS: update Quan Xu's email address
Signed-off-by: Quan Xu <xuquan8@huawei.com>
Reviewed-by: Kevin Tian <kevin.tian@intel.com>
(qemu changes not included)
_______________________________________________
Xen-devel mailing list
Xen-devel@lists.xen.org
https://lists.xen.org/xen-devel
^ permalink raw reply [flat|nested] only message in thread
only message in thread, other threads:[~2016-08-02 7:19 UTC | newest]
Thread overview: (only message) (download: mbox.gz follow: Atom feed
-- links below jump to the message on this page --
2016-08-02 7:19 [xen-unstable baseline-only test] 66882: regressions - trouble: blocked/broken/fail/pass Platform Team regression test user
This is a public inbox, see mirroring instructions
for how to clone and mirror all data and code used for this inbox;
as well as URLs for NNTP newsgroup(s).