* [qemu-mainline baseline-only test] 66883: regressions - trouble: blocked/broken/fail/pass
@ 2016-08-02 10:29 Platform Team regression test user
0 siblings, 0 replies; only message in thread
From: Platform Team regression test user @ 2016-08-02 10:29 UTC (permalink / raw)
To: xen-devel, osstest-admin
This run is configured for baseline tests only.
flight 66883 qemu-mainline real [real]
http://osstest.xs.citrite.net/~osstest/testlogs/logs/66883/
Regressions :-(
Tests which did not succeed and are blocking,
including tests which could not be run:
build-i386-pvops 3 host-install(3) broken REGR. vs. 66875
build-i386 3 host-install(3) broken REGR. vs. 66875
test-amd64-amd64-libvirt-qemuu-debianhvm-amd64-xsm 3 host-install(3) broken REGR. vs. 66875
test-amd64-amd64-libvirt 3 host-install(3) broken REGR. vs. 66875
test-amd64-amd64-libvirt-xsm 3 host-install(3) broken REGR. vs. 66875
test-amd64-amd64-xl-qcow2 3 host-install(3) broken REGR. vs. 66875
test-amd64-amd64-libvirt-pair 4 host-install/dst_host(4) broken REGR. vs. 66875
test-armhf-armhf-xl-vhd 9 debian-di-install fail REGR. vs. 66875
Regressions which are regarded as allowable (not blocking):
test-amd64-amd64-xl-pvh-intel 3 host-install(3) broken like 66875
test-amd64-amd64-qemuu-nested-amd 3 host-install(3) broken like 66875
test-amd64-amd64-xl-qemuu-winxpsp3 3 host-install(3) broken like 66875
test-amd64-amd64-qemuu-nested-intel 16 debian-hvm-install/l1/l2 fail like 66875
test-amd64-amd64-amd64-pvgrub 10 guest-start fail like 66875
Tests which did not succeed, but are not blocking:
build-i386-libvirt 1 build-check(1) blocked n/a
test-amd64-i386-xl 1 build-check(1) blocked n/a
test-amd64-i386-libvirt-xsm 1 build-check(1) blocked n/a
test-amd64-i386-qemuu-rhel6hvm-amd 1 build-check(1) blocked n/a
test-amd64-i386-xl-xsm 1 build-check(1) blocked n/a
test-amd64-i386-qemuu-rhel6hvm-intel 1 build-check(1) blocked n/a
test-amd64-i386-libvirt-qemuu-debianhvm-amd64-xsm 1 build-check(1) blocked n/a
test-amd64-i386-xl-qemuu-ovmf-amd64 1 build-check(1) blocked n/a
test-amd64-i386-freebsd10-amd64 1 build-check(1) blocked n/a
test-amd64-i386-xl-raw 1 build-check(1) blocked n/a
test-amd64-i386-xl-qemuu-debianhvm-amd64-xsm 1 build-check(1) blocked n/a
test-amd64-i386-xl-qemuu-debianhvm-amd64 1 build-check(1) blocked n/a
test-amd64-i386-libvirt 1 build-check(1) blocked n/a
test-amd64-i386-freebsd10-i386 1 build-check(1) blocked n/a
test-amd64-i386-xl-qemuu-winxpsp3 1 build-check(1) blocked n/a
test-amd64-i386-xl-qemuu-win7-amd64 1 build-check(1) blocked n/a
test-amd64-i386-xl-qemuu-winxpsp3-vcpus1 1 build-check(1) blocked n/a
test-amd64-i386-libvirt-pair 1 build-check(1) blocked n/a
test-amd64-i386-pair 1 build-check(1) blocked n/a
test-armhf-armhf-libvirt-xsm 12 migrate-support-check fail never pass
test-armhf-armhf-libvirt-xsm 14 guest-saverestore fail never pass
test-armhf-armhf-libvirt 14 guest-saverestore fail never pass
test-armhf-armhf-libvirt 12 migrate-support-check fail never pass
test-amd64-amd64-xl-pvh-amd 11 guest-start fail never pass
test-armhf-armhf-xl-multivcpu 13 saverestore-support-check fail never pass
test-armhf-armhf-xl-multivcpu 12 migrate-support-check fail never pass
test-armhf-armhf-libvirt-raw 13 guest-saverestore fail never pass
test-armhf-armhf-libvirt-raw 11 migrate-support-check fail never pass
test-armhf-armhf-xl-xsm 13 saverestore-support-check fail never pass
test-armhf-armhf-xl-xsm 12 migrate-support-check fail never pass
test-armhf-armhf-xl-midway 13 saverestore-support-check fail never pass
test-armhf-armhf-xl-midway 12 migrate-support-check fail never pass
test-armhf-armhf-xl-rtds 13 saverestore-support-check fail never pass
test-armhf-armhf-xl-rtds 12 migrate-support-check fail never pass
test-armhf-armhf-xl-credit2 13 saverestore-support-check fail never pass
test-armhf-armhf-xl-credit2 12 migrate-support-check fail never pass
test-armhf-armhf-xl 12 migrate-support-check fail never pass
test-armhf-armhf-xl 13 saverestore-support-check fail never pass
test-amd64-amd64-xl-qemuu-win7-amd64 16 guest-stop fail never pass
test-amd64-amd64-libvirt-vhd 11 migrate-support-check fail never pass
test-armhf-armhf-libvirt-qcow2 11 migrate-support-check fail never pass
test-armhf-armhf-libvirt-qcow2 13 guest-saverestore fail never pass
version targeted for testing:
qemuu cc0100f464c94bf80ad36cd432f4a1ed58126b60
baseline version:
qemuu 69d490079f82f5ffe31fff426aaa580d5fec5fb7
Last test of basis 66875 2016-08-01 02:16:10 Z 1 days
Testing same since 66883 2016-08-02 02:45:31 Z 0 days 1 attempts
------------------------------------------------------------
People who touched revisions under test:
Alistair Francis <alistair.francis@xilinx.com>
Peter Maydell <peter.maydell@linaro.org>
Sean Bruno <sbruno@freebsd.org>
jobs:
build-amd64-xsm pass
build-armhf-xsm pass
build-i386-xsm pass
build-amd64 pass
build-armhf pass
build-i386 broken
build-amd64-libvirt pass
build-armhf-libvirt pass
build-i386-libvirt blocked
build-amd64-pvops pass
build-armhf-pvops pass
build-i386-pvops broken
test-amd64-amd64-xl pass
test-armhf-armhf-xl pass
test-amd64-i386-xl blocked
test-amd64-amd64-libvirt-qemuu-debianhvm-amd64-xsm broken
test-amd64-i386-libvirt-qemuu-debianhvm-amd64-xsm blocked
test-amd64-amd64-xl-qemuu-debianhvm-amd64-xsm pass
test-amd64-i386-xl-qemuu-debianhvm-amd64-xsm blocked
test-amd64-amd64-libvirt-xsm broken
test-armhf-armhf-libvirt-xsm fail
test-amd64-i386-libvirt-xsm blocked
test-amd64-amd64-xl-xsm pass
test-armhf-armhf-xl-xsm pass
test-amd64-i386-xl-xsm blocked
test-amd64-amd64-qemuu-nested-amd broken
test-amd64-amd64-xl-pvh-amd fail
test-amd64-i386-qemuu-rhel6hvm-amd blocked
test-amd64-amd64-xl-qemuu-debianhvm-amd64 pass
test-amd64-i386-xl-qemuu-debianhvm-amd64 blocked
test-amd64-i386-freebsd10-amd64 blocked
test-amd64-amd64-xl-qemuu-ovmf-amd64 pass
test-amd64-i386-xl-qemuu-ovmf-amd64 blocked
test-amd64-amd64-xl-qemuu-win7-amd64 fail
test-amd64-i386-xl-qemuu-win7-amd64 blocked
test-amd64-amd64-xl-credit2 pass
test-armhf-armhf-xl-credit2 pass
test-amd64-i386-freebsd10-i386 blocked
test-amd64-amd64-qemuu-nested-intel fail
test-amd64-amd64-xl-pvh-intel broken
test-amd64-i386-qemuu-rhel6hvm-intel blocked
test-amd64-amd64-libvirt broken
test-armhf-armhf-libvirt fail
test-amd64-i386-libvirt blocked
test-armhf-armhf-xl-midway pass
test-amd64-amd64-xl-multivcpu pass
test-armhf-armhf-xl-multivcpu pass
test-amd64-amd64-pair pass
test-amd64-i386-pair blocked
test-amd64-amd64-libvirt-pair broken
test-amd64-i386-libvirt-pair blocked
test-amd64-amd64-amd64-pvgrub fail
test-amd64-amd64-i386-pvgrub pass
test-amd64-amd64-pygrub pass
test-armhf-armhf-libvirt-qcow2 fail
test-amd64-amd64-xl-qcow2 broken
test-armhf-armhf-libvirt-raw fail
test-amd64-i386-xl-raw blocked
test-amd64-amd64-xl-rtds pass
test-armhf-armhf-xl-rtds pass
test-amd64-i386-xl-qemuu-winxpsp3-vcpus1 blocked
test-amd64-amd64-libvirt-vhd pass
test-armhf-armhf-xl-vhd fail
test-amd64-amd64-xl-qemuu-winxpsp3 broken
test-amd64-i386-xl-qemuu-winxpsp3 blocked
------------------------------------------------------------
sg-report-flight on osstest.xs.citrite.net
logs: /home/osstest/logs
images: /home/osstest/images
Logs, config files, etc. are available at
http://osstest.xs.citrite.net/~osstest/testlogs/logs
Test harness code can be found at
http://xenbits.xensource.com/gitweb?p=osstest.git;a=summary
broken-step test-amd64-amd64-xl-pvh-intel host-install(3)
broken-step build-i386-pvops host-install(3)
broken-step build-i386 host-install(3)
broken-step test-amd64-amd64-libvirt-qemuu-debianhvm-amd64-xsm host-install(3)
broken-step test-amd64-amd64-libvirt host-install(3)
broken-step test-amd64-amd64-libvirt-xsm host-install(3)
broken-step test-amd64-amd64-xl-qcow2 host-install(3)
broken-step test-amd64-amd64-qemuu-nested-amd host-install(3)
broken-step test-amd64-amd64-xl-qemuu-winxpsp3 host-install(3)
broken-step test-amd64-amd64-libvirt-pair host-install/dst_host(4)
Push not applicable.
------------------------------------------------------------
commit cc0100f464c94bf80ad36cd432f4a1ed58126b60
Author: Alistair Francis <alistair.francis@xilinx.com>
Date: Thu Jul 28 09:55:39 2016 -0700
MAINTAINERS: Update the Xilinx maintainers
Update the Xilinx maintainers documentation to simplify what we maintain
and cover all of our upstream code.
Signed-off-by: Alistair Francis <alistair.francis@xilinx.com>
Signed-off-by: Peter Maydell <peter.maydell@linaro.org>
commit ded554cdb4ad5098083fe260899193b203780c85
Author: Sean Bruno <sbruno@freebsd.org>
Date: Fri Jul 29 10:02:35 2016 -0600
Fix bsd-user build errors after 8642c1b81e0418df066a7960a7426d85a923a253
LINK sparc-bsd-user/qemu-sparc
bsd-user/main.o: In function `cpu_loop':
/home/sbruno/bsd/qemu/bsd-user/main.c:515: undefined reference to `cpu_sparc_exec'
c++: error: linker command failed with exit code 1 (use -v to see invocation)
gmake[1]: *** [Makefile:197: qemu-sparc] Error 1
gmake: *** [Makefile:204: subdir-sparc-bsd-user] Error 2
LINK i386-bsd-user/qemu-i386
bsd-user/main.o: In function `cpu_loop':
/home/sbruno/bsd/qemu/bsd-user/main.c:174: undefined reference to `cpu_x86_exec'
c++: error: linker command failed with exit code 1 (use -v to see invocation)
gmake[1]: *** [Makefile:197: qemu-i386] Error 1
gmake: *** [Makefile:204: subdir-i386-bsd-user] Error 2
Signed-off-by: Sean Bruno <sbruno@freebsd.org>
Message-id: 20160729160235.64525-1-sbruno@freebsd.org
Signed-off-by: Peter Maydell <peter.maydell@linaro.org>
_______________________________________________
Xen-devel mailing list
Xen-devel@lists.xen.org
https://lists.xen.org/xen-devel
^ permalink raw reply [flat|nested] only message in thread
only message in thread, other threads:[~2016-08-02 10:29 UTC | newest]
Thread overview: (only message) (download: mbox.gz follow: Atom feed
-- links below jump to the message on this page --
2016-08-02 10:29 [qemu-mainline baseline-only test] 66883: regressions - trouble: blocked/broken/fail/pass Platform Team regression test user
This is a public inbox, see mirroring instructions
for how to clone and mirror all data and code used for this inbox;
as well as URLs for NNTP newsgroup(s).