* [xen-4.5-testing baseline-only test] 66944: regressions - FAIL
@ 2016-08-09 13:38 Platform Team regression test user
0 siblings, 0 replies; only message in thread
From: Platform Team regression test user @ 2016-08-09 13:38 UTC (permalink / raw)
To: xen-devel, osstest-admin
[-- Attachment #1: Type: text/plain, Size: 13876 bytes --]
This run is configured for baseline tests only.
flight 66944 xen-4.5-testing real [real]
http://osstest.xs.citrite.net/~osstest/testlogs/logs/66944/
Regressions :-(
Tests which did not succeed and are blocking,
including tests which could not be run:
test-amd64-amd64-xl-qemuu-win7-amd64 15 guest-localmigrate/x10 fail REGR. vs. 66863
Regressions which are regarded as allowable (not blocking):
test-amd64-amd64-libvirt 14 guest-saverestore fail blocked in 66863
test-amd64-amd64-rumpuserxen-amd64 15 rumpuserxen-demo-xenstorels/xenstorels.repeat fail like 66863
test-amd64-amd64-qemuu-nested-intel 13 xen-boot/l1 fail like 66863
Tests which did not succeed, but are not blocking:
test-amd64-amd64-xl-pvh-intel 11 guest-start fail never pass
test-armhf-armhf-libvirt 14 guest-saverestore fail never pass
test-armhf-armhf-libvirt 12 migrate-support-check fail never pass
test-amd64-amd64-xl-pvh-amd 11 guest-start fail never pass
test-amd64-amd64-libvirt 12 migrate-support-check fail never pass
test-armhf-armhf-libvirt-qcow2 10 guest-start fail never pass
test-armhf-armhf-xl-credit2 12 migrate-support-check fail never pass
test-armhf-armhf-xl-credit2 13 saverestore-support-check fail never pass
test-armhf-armhf-xl-multivcpu 13 saverestore-support-check fail never pass
test-armhf-armhf-xl-multivcpu 12 migrate-support-check fail never pass
test-armhf-armhf-xl-midway 12 migrate-support-check fail never pass
test-armhf-armhf-xl-midway 13 saverestore-support-check fail never pass
test-armhf-armhf-xl 13 saverestore-support-check fail never pass
test-armhf-armhf-xl 12 migrate-support-check fail never pass
test-armhf-armhf-libvirt-raw 10 guest-start fail never pass
test-armhf-armhf-xl-vhd 10 guest-start fail never pass
test-armhf-armhf-xl-rtds 13 saverestore-support-check fail never pass
test-armhf-armhf-xl-rtds 12 migrate-support-check fail never pass
test-amd64-i386-libvirt 12 migrate-support-check fail never pass
test-amd64-amd64-qemuu-nested-amd 16 debian-hvm-install/l1/l2 fail never pass
test-amd64-i386-xl-qemuu-win7-amd64 16 guest-stop fail never pass
test-amd64-i386-xl-qemut-win7-amd64 16 guest-stop fail never pass
test-amd64-amd64-libvirt-vhd 11 migrate-support-check fail never pass
version targeted for testing:
xen 08313b45bfc75fa4cbadb9d25a0561e5f5b2fee6
baseline version:
xen c4c0312efaf8bd252ff06d55d6bf5b542a0a9421
Last test of basis 66863 2016-07-30 01:16:27 Z 10 days
Testing same since 66944 2016-08-09 03:19:17 Z 0 days 1 attempts
------------------------------------------------------------
People who touched revisions under test:
Andrew Cooper <andrew.cooper3@citrix.com>
Euan Harris <euan.harris@citrix.com>
George Dunlap <george.dunlap@citrix.com>
Jan Beulich <JBeulich@suse.com>
Jiandi An <anjiandi@codeaurora.org>
Kevin Tian <kevin.tian@intel.com>
Stefano Stabellini <sstabellini@kernel.org>
jobs:
build-amd64 pass
build-armhf pass
build-i386 pass
build-amd64-libvirt pass
build-armhf-libvirt pass
build-i386-libvirt pass
build-amd64-prev pass
build-i386-prev pass
build-amd64-pvops pass
build-armhf-pvops pass
build-i386-pvops pass
build-amd64-rumpuserxen pass
build-i386-rumpuserxen pass
test-amd64-amd64-xl pass
test-armhf-armhf-xl pass
test-amd64-i386-xl pass
test-amd64-amd64-qemuu-nested-amd fail
test-amd64-amd64-xl-pvh-amd fail
test-amd64-i386-qemut-rhel6hvm-amd pass
test-amd64-i386-qemuu-rhel6hvm-amd pass
test-amd64-amd64-xl-qemut-debianhvm-amd64 pass
test-amd64-i386-xl-qemut-debianhvm-amd64 pass
test-amd64-amd64-xl-qemuu-debianhvm-amd64 pass
test-amd64-i386-xl-qemuu-debianhvm-amd64 pass
test-amd64-i386-freebsd10-amd64 pass
test-amd64-amd64-xl-qemuu-ovmf-amd64 pass
test-amd64-i386-xl-qemuu-ovmf-amd64 pass
test-amd64-amd64-rumpuserxen-amd64 fail
test-amd64-amd64-xl-qemut-win7-amd64 pass
test-amd64-i386-xl-qemut-win7-amd64 fail
test-amd64-amd64-xl-qemuu-win7-amd64 fail
test-amd64-i386-xl-qemuu-win7-amd64 fail
test-amd64-amd64-xl-credit2 pass
test-armhf-armhf-xl-credit2 pass
test-amd64-i386-freebsd10-i386 pass
test-amd64-i386-rumpuserxen-i386 pass
test-amd64-amd64-qemuu-nested-intel fail
test-amd64-amd64-xl-pvh-intel fail
test-amd64-i386-qemut-rhel6hvm-intel pass
test-amd64-i386-qemuu-rhel6hvm-intel pass
test-amd64-amd64-libvirt fail
test-armhf-armhf-libvirt fail
test-amd64-i386-libvirt pass
test-armhf-armhf-xl-midway pass
test-amd64-amd64-migrupgrade pass
test-amd64-i386-migrupgrade pass
test-amd64-amd64-xl-multivcpu pass
test-armhf-armhf-xl-multivcpu pass
test-amd64-amd64-pair pass
test-amd64-i386-pair pass
test-amd64-amd64-libvirt-pair pass
test-amd64-i386-libvirt-pair pass
test-amd64-amd64-amd64-pvgrub pass
test-amd64-amd64-i386-pvgrub pass
test-amd64-amd64-pygrub pass
test-armhf-armhf-libvirt-qcow2 fail
test-amd64-amd64-xl-qcow2 pass
test-armhf-armhf-libvirt-raw fail
test-amd64-i386-xl-raw pass
test-amd64-amd64-xl-rtds pass
test-armhf-armhf-xl-rtds pass
test-amd64-i386-xl-qemut-winxpsp3-vcpus1 pass
test-amd64-i386-xl-qemuu-winxpsp3-vcpus1 pass
test-amd64-amd64-libvirt-vhd pass
test-armhf-armhf-xl-vhd fail
test-amd64-amd64-xl-qemut-winxpsp3 pass
test-amd64-i386-xl-qemut-winxpsp3 pass
test-amd64-amd64-xl-qemuu-winxpsp3 pass
test-amd64-i386-xl-qemuu-winxpsp3 pass
------------------------------------------------------------
sg-report-flight on osstest.xs.citrite.net
logs: /home/osstest/logs
images: /home/osstest/images
Logs, config files, etc. are available at
http://osstest.xs.citrite.net/~osstest/testlogs/logs
Test harness code can be found at
http://xenbits.xensource.com/gitweb?p=osstest.git;a=summary
Push not applicable.
------------------------------------------------------------
commit 08313b45bfc75fa4cbadb9d25a0561e5f5b2fee6
Author: Jan Beulich <jbeulich@suse.com>
Date: Fri Aug 5 15:43:54 2016 +0200
Revert "xen: Have schedulers revise initial placement"
This reverts commit c421378a8d14c811e5467d535bc71adc0328a316,
as it needs further so far unidentified prereqs.
commit 0fc8aab8a9b39a2a6127c98b31e9c8a9b921c7ce
Author: Jan Beulich <jbeulich@suse.com>
Date: Fri Aug 5 15:42:52 2016 +0200
Revert "xen: Remove buggy initial placement algorithm"
This reverts commit 505ad3a8b7fd3b91ab39c829ca6636cd264198c7,
as its prereq needs further so far unidentified prereqs.
commit c18c1456c48f23d9b31e7a32a21aa1ae9c53df93
Author: Andrew Cooper <andrew.cooper3@citrix.com>
Date: Fri Aug 5 14:08:33 2016 +0200
x86/mmcfg: Fix initalisation of variables in pci_mmcfg_nvidia_mcp55()
Shifting into the sign bit of an integer is undefined behaviour.
Only the first integer is actually undefined, but switch all the shifts
for consistency.
Signed-off-by: Andrew Cooper <andrew.cooper3@citrix.com>
Acked-by: Jan Beulich <JBeulich@suse.com>
master commit: ab8fc3937eeb9332b83d7e14d81e37f0b0ef1841
master date: 2016-08-03 18:46:59 +0100
commit 505ad3a8b7fd3b91ab39c829ca6636cd264198c7
Author: George Dunlap <george.dunlap@citrix.com>
Date: Fri Aug 5 14:07:57 2016 +0200
xen: Remove buggy initial placement algorithm
The initial placement algorithm sometimes picks cpus outside of the
mask it's given, does a lot of unnecessary bitmasking, does its own
separate load calculation, and completely ignores vcpu hard and soft
affinities. Just get rid of it and rely on the schedulers to do
initial placement.
Signed-off-by: George Dunlap <george.dunlap@citrix.com>
Reviewed-by: Dario Faggioli <dario.faggioli@citrix.com>
Acked-by: Andrew Cooper <andrew.cooper3@citrix.com>
master commit: d5438accceecc8172db2d37d98b695eb8bc43afc
master date: 2016-07-26 10:44:06 +0100
commit c421378a8d14c811e5467d535bc71adc0328a316
Author: George Dunlap <george.dunlap@citrix.com>
Date: Fri Aug 5 14:07:27 2016 +0200
xen: Have schedulers revise initial placement
The generic domain creation logic in
xen/common/domctl.c:default_vcpu0_location() attempts to try to do
initial placement load-balancing by placing vcpu 0 on the least-busy
non-primary hyperthread available. Unfortunately, the logic can end
up picking a pcpu that's not in the online mask. When this is passed
to a scheduler such which assumes that the initial assignment is
valid, it causes a null pointer dereference looking up the runqueue.
Furthermore, this initial placement doesn't take into account hard or
soft affinity, or any scheduler-specific knowledge (such as historic
runqueue load, as in credit2).
To solve this, when inserting a vcpu, always call the per-scheduler
"pick" function to revise the initial placement. This will
automatically take all knowledge the scheduler has into account.
csched2_cpu_pick ASSERTs that the vcpu's pcpu scheduler lock has been
taken. Grab and release the lock to minimize time spend with irqs
disabled.
Signed-off-by: George Dunlap <george.dunlap@citrix.com>
Reviewed-by: Meng Xu <mengxu@cis.upenn.edu>
Reviwed-by: Dario Faggioli <dario.faggioli@citrix.com>
master commit: 9f358ddd69463fa8fb65cf67beb5f6f0d3350e32
master date: 2016-07-26 10:42:49 +0100
commit b1f4e86aa3bd224bde62f18cf51381e6fe731a2f
Author: Euan Harris <euan.harris@citrix.com>
Date: Fri Aug 5 13:50:47 2016 +0200
nested vmx: Validate host VMX MSRs before accessing them
Some VMX MSRs may not exist on certain processor models, or may
be disabled because of configuration settings. It is only safe to
access these MSRs if configuration flags in other MSRs are set. These
prerequisites are listed in the Intel 64 and IA-32 Architectures
Software Developerâs Manual, Vol 3, Appendix A.
nvmx_msr_read_intercept() does not check the prerequisites before
accessing MSR_IA32_VMX_PROCBASED_CTLS2, MSR_IA32_VMX_EPT_VPID_CAP,
MSR_IA32_VMX_VMFUNC on the host. Accessing these MSRs from a nested
VMX guest running on a host which does not support them will cause
Xen to crash with a GPF.
Signed-off-by: Euan Harris <euan.harris@citrix.com>
Acked-by: Kevin Tian <kevin.tian@intel.com>
Reviewed-by: Jan Beulich <jbeulich@suse.com>
Reviewed-by: Andrew Cooper <andrew.cooper3@citrix.com>
master commit: 5e02972646132ad98c365ebfcfcb43b40a0dde36
master date: 2016-06-13 12:44:32 +0100
commit cfcdeea1e6fc4ea3428693198878920c362bf923
Author: Jiandi An <anjiandi@codeaurora.org>
Date: Fri Aug 5 13:50:07 2016 +0200
serial: fix incorrect length of strncmp for dtuart
In serial_parse_handler(), length of strncmp for dtuart should have been
6, not 5.
Signed-off-by: Jiandi An <anjiandi@codeaurora.org>
Reviewed-by: Jan Beulich <jbeulich@suse.com>
Acked-by: Stefano Stabellini <sstabellini@kernel.org>
master commit: ba98196b54b27262ffe3d3463358eb4cff18b28d
master date: 2016-06-08 11:10:23 +0200
(qemu changes not included)
[-- Attachment #2: Type: text/plain, Size: 127 bytes --]
_______________________________________________
Xen-devel mailing list
Xen-devel@lists.xen.org
https://lists.xen.org/xen-devel
^ permalink raw reply [flat|nested] only message in thread
only message in thread, other threads:[~2016-08-09 13:38 UTC | newest]
Thread overview: (only message) (download: mbox.gz follow: Atom feed
-- links below jump to the message on this page --
2016-08-09 13:38 [xen-4.5-testing baseline-only test] 66944: regressions - FAIL Platform Team regression test user
This is a public inbox, see mirroring instructions
for how to clone and mirror all data and code used for this inbox;
as well as URLs for NNTP newsgroup(s).