* [xen-4.6-testing baseline-only test] 66947: regressions - FAIL
@ 2016-08-10 4:23 Platform Team regression test user
0 siblings, 0 replies; only message in thread
From: Platform Team regression test user @ 2016-08-10 4:23 UTC (permalink / raw)
To: xen-devel, osstest-admin
[-- Attachment #1: Type: text/plain, Size: 16994 bytes --]
This run is configured for baseline tests only.
flight 66947 xen-4.6-testing real [real]
http://osstest.xs.citrite.net/~osstest/testlogs/logs/66947/
Regressions :-(
Tests which did not succeed and are blocking,
including tests which could not be run:
test-amd64-i386-xl-qemut-stubdom-debianhvm-amd64-xsm 14 guest-saverestore.2 fail REGR. vs. 66887
Regressions which are regarded as allowable (not blocking):
test-amd64-amd64-i386-pvgrub 10 guest-start fail blocked in 66887
test-amd64-i386-xl-qemut-win7-amd64 16 guest-stop fail like 66887
test-amd64-amd64-qemuu-nested-intel 16 debian-hvm-install/l1/l2 fail like 66887
test-amd64-amd64-xl-qemut-stubdom-debianhvm-amd64-xsm 14 guest-saverestore.2 fail like 66887
test-amd64-i386-xl-qemuu-win7-amd64 16 guest-stop fail like 66887
test-amd64-amd64-xl-qemuu-win7-amd64 16 guest-stop fail like 66887
Tests which did not succeed, but are not blocking:
test-armhf-armhf-libvirt-xsm 12 migrate-support-check fail never pass
test-armhf-armhf-libvirt-xsm 14 guest-saverestore fail never pass
test-armhf-armhf-libvirt 14 guest-saverestore fail never pass
test-armhf-armhf-libvirt 12 migrate-support-check fail never pass
test-amd64-amd64-xl-pvh-amd 11 guest-start fail never pass
test-armhf-armhf-libvirt-qcow2 11 migrate-support-check fail never pass
test-armhf-armhf-libvirt-qcow2 13 guest-saverestore fail never pass
test-armhf-armhf-xl-multivcpu 13 saverestore-support-check fail never pass
test-armhf-armhf-xl-multivcpu 12 migrate-support-check fail never pass
test-armhf-armhf-xl-credit2 13 saverestore-support-check fail never pass
test-armhf-armhf-xl-credit2 12 migrate-support-check fail never pass
test-armhf-armhf-xl-midway 13 saverestore-support-check fail never pass
test-armhf-armhf-xl-midway 12 migrate-support-check fail never pass
test-armhf-armhf-xl-xsm 13 saverestore-support-check fail never pass
test-armhf-armhf-xl-xsm 12 migrate-support-check fail never pass
test-armhf-armhf-libvirt-raw 13 guest-saverestore fail never pass
test-armhf-armhf-libvirt-raw 11 migrate-support-check fail never pass
test-amd64-i386-libvirt-xsm 12 migrate-support-check fail never pass
test-armhf-armhf-xl 12 migrate-support-check fail never pass
test-armhf-armhf-xl 13 saverestore-support-check fail never pass
test-amd64-amd64-libvirt-xsm 12 migrate-support-check fail never pass
test-amd64-amd64-xl-pvh-intel 11 guest-start fail never pass
test-armhf-armhf-xl-rtds 13 saverestore-support-check fail never pass
test-armhf-armhf-xl-rtds 12 migrate-support-check fail never pass
test-amd64-amd64-libvirt 12 migrate-support-check fail never pass
test-amd64-i386-libvirt 12 migrate-support-check fail never pass
test-armhf-armhf-xl-vhd 11 migrate-support-check fail never pass
test-armhf-armhf-xl-vhd 12 saverestore-support-check fail never pass
test-amd64-amd64-qemuu-nested-amd 16 debian-hvm-install/l1/l2 fail never pass
test-amd64-i386-libvirt-qemuu-debianhvm-amd64-xsm 10 migrate-support-check fail never pass
test-amd64-amd64-libvirt-vhd 11 migrate-support-check fail never pass
test-amd64-amd64-libvirt-qemuu-debianhvm-amd64-xsm 10 migrate-support-check fail never pass
test-amd64-amd64-xl-qemut-win7-amd64 16 guest-stop fail never pass
version targeted for testing:
xen 55292d3dee83c974e3d89d3a24cd35a8956ceaf5
baseline version:
xen 625c3e47e077129b0bc903e8db03bdf1cbbeb413
Last test of basis 66887 2016-08-02 17:48:26 Z 7 days
Testing same since 66947 2016-08-09 09:18:21 Z 0 days 1 attempts
------------------------------------------------------------
People who touched revisions under test:
Andrew Cooper <andrew.cooper3@citrix.com>
Euan Harris <euan.harris@citrix.com>
George Dunlap <george.dunlap@citrix.com>
Jan Beulich <JBeulich@suse.com>
Jiandi An <anjiandi@codeaurora.org>
Kevin Tian <kevin.tian@intel.com>
Stefano Stabellini <sstabellini@kernel.org>
jobs:
build-amd64-xsm pass
build-armhf-xsm pass
build-i386-xsm pass
build-amd64 pass
build-armhf pass
build-i386 pass
build-amd64-libvirt pass
build-armhf-libvirt pass
build-i386-libvirt pass
build-amd64-prev pass
build-i386-prev pass
build-amd64-pvops pass
build-armhf-pvops pass
build-i386-pvops pass
build-amd64-rumpuserxen pass
build-i386-rumpuserxen pass
test-amd64-amd64-xl pass
test-armhf-armhf-xl pass
test-amd64-i386-xl pass
test-amd64-amd64-xl-qemut-debianhvm-amd64-xsm pass
test-amd64-i386-xl-qemut-debianhvm-amd64-xsm pass
test-amd64-amd64-libvirt-qemuu-debianhvm-amd64-xsm pass
test-amd64-i386-libvirt-qemuu-debianhvm-amd64-xsm pass
test-amd64-amd64-xl-qemuu-debianhvm-amd64-xsm pass
test-amd64-i386-xl-qemuu-debianhvm-amd64-xsm pass
test-amd64-amd64-xl-qemut-stubdom-debianhvm-amd64-xsm fail
test-amd64-i386-xl-qemut-stubdom-debianhvm-amd64-xsm fail
test-amd64-amd64-libvirt-xsm pass
test-armhf-armhf-libvirt-xsm fail
test-amd64-i386-libvirt-xsm pass
test-amd64-amd64-xl-xsm pass
test-armhf-armhf-xl-xsm pass
test-amd64-i386-xl-xsm pass
test-amd64-amd64-qemuu-nested-amd fail
test-amd64-amd64-xl-pvh-amd fail
test-amd64-i386-qemut-rhel6hvm-amd pass
test-amd64-i386-qemuu-rhel6hvm-amd pass
test-amd64-amd64-xl-qemut-debianhvm-amd64 pass
test-amd64-i386-xl-qemut-debianhvm-amd64 pass
test-amd64-amd64-xl-qemuu-debianhvm-amd64 pass
test-amd64-i386-xl-qemuu-debianhvm-amd64 pass
test-amd64-i386-freebsd10-amd64 pass
test-amd64-amd64-xl-qemuu-ovmf-amd64 pass
test-amd64-i386-xl-qemuu-ovmf-amd64 pass
test-amd64-amd64-rumpuserxen-amd64 pass
test-amd64-amd64-xl-qemut-win7-amd64 fail
test-amd64-i386-xl-qemut-win7-amd64 fail
test-amd64-amd64-xl-qemuu-win7-amd64 fail
test-amd64-i386-xl-qemuu-win7-amd64 fail
test-amd64-amd64-xl-credit2 pass
test-armhf-armhf-xl-credit2 pass
test-amd64-i386-freebsd10-i386 pass
test-amd64-i386-rumpuserxen-i386 pass
test-amd64-amd64-qemuu-nested-intel fail
test-amd64-amd64-xl-pvh-intel fail
test-amd64-i386-qemut-rhel6hvm-intel pass
test-amd64-i386-qemuu-rhel6hvm-intel pass
test-amd64-amd64-libvirt pass
test-armhf-armhf-libvirt fail
test-amd64-i386-libvirt pass
test-armhf-armhf-xl-midway pass
test-amd64-amd64-migrupgrade pass
test-amd64-i386-migrupgrade pass
test-amd64-amd64-xl-multivcpu pass
test-armhf-armhf-xl-multivcpu pass
test-amd64-amd64-pair pass
test-amd64-i386-pair pass
test-amd64-amd64-libvirt-pair pass
test-amd64-i386-libvirt-pair pass
test-amd64-amd64-amd64-pvgrub pass
test-amd64-amd64-i386-pvgrub fail
test-amd64-amd64-pygrub pass
test-armhf-armhf-libvirt-qcow2 fail
test-amd64-amd64-xl-qcow2 pass
test-armhf-armhf-libvirt-raw fail
test-amd64-i386-xl-raw pass
test-amd64-amd64-xl-rtds pass
test-armhf-armhf-xl-rtds pass
test-amd64-i386-xl-qemut-winxpsp3-vcpus1 pass
test-amd64-i386-xl-qemuu-winxpsp3-vcpus1 pass
test-amd64-amd64-libvirt-vhd pass
test-armhf-armhf-xl-vhd pass
test-amd64-amd64-xl-qemut-winxpsp3 pass
test-amd64-i386-xl-qemut-winxpsp3 pass
test-amd64-amd64-xl-qemuu-winxpsp3 pass
test-amd64-i386-xl-qemuu-winxpsp3 pass
------------------------------------------------------------
sg-report-flight on osstest.xs.citrite.net
logs: /home/osstest/logs
images: /home/osstest/images
Logs, config files, etc. are available at
http://osstest.xs.citrite.net/~osstest/testlogs/logs
Test harness code can be found at
http://xenbits.xensource.com/gitweb?p=osstest.git;a=summary
Push not applicable.
------------------------------------------------------------
commit 55292d3dee83c974e3d89d3a24cd35a8956ceaf5
Author: Jan Beulich <jbeulich@suse.com>
Date: Mon Aug 8 09:59:12 2016 +0200
update Xen version to 4.6.4-pre
commit 83dff3992a89df55881d2f1fc12bfe7ea3e09029
Author: Jan Beulich <jbeulich@suse.com>
Date: Mon Aug 8 09:55:11 2016 +0200
Revert "xen: Have schedulers revise initial placement"
This reverts commit 477080fc560a3025d451175b69995e62a2ce1a8d,
as it has further (so far unidentified) dependencies.
commit 4282362cf3c06976dd305752e42f45d3bd1ccba1
Author: Jan Beulich <jbeulich@suse.com>
Date: Mon Aug 8 09:53:44 2016 +0200
Revert "xen: Remove buggy initial placement algorithm"
This reverts commit 715242a2764570680c4f9f5b039e390a8a78a642,
as its prereq had further (so far unidentified) dependencies.
commit ff49c274e93cf5524b7d108aea8c792b13fe27c8
Author: Andrew Cooper <andrew.cooper3@citrix.com>
Date: Fri Aug 5 13:47:57 2016 +0200
x86/mmcfg: Fix initalisation of variables in pci_mmcfg_nvidia_mcp55()
Shifting into the sign bit of an integer is undefined behaviour.
Only the first integer is actually undefined, but switch all the shifts
for consistency.
Signed-off-by: Andrew Cooper <andrew.cooper3@citrix.com>
Acked-by: Jan Beulich <JBeulich@suse.com>
master commit: ab8fc3937eeb9332b83d7e14d81e37f0b0ef1841
master date: 2016-08-03 18:46:59 +0100
commit 715242a2764570680c4f9f5b039e390a8a78a642
Author: George Dunlap <george.dunlap@citrix.com>
Date: Fri Aug 5 13:47:31 2016 +0200
xen: Remove buggy initial placement algorithm
The initial placement algorithm sometimes picks cpus outside of the
mask it's given, does a lot of unnecessary bitmasking, does its own
separate load calculation, and completely ignores vcpu hard and soft
affinities. Just get rid of it and rely on the schedulers to do
initial placement.
Signed-off-by: George Dunlap <george.dunlap@citrix.com>
Reviewed-by: Dario Faggioli <dario.faggioli@citrix.com>
Acked-by: Andrew Cooper <andrew.cooper3@citrix.com>
master commit: d5438accceecc8172db2d37d98b695eb8bc43afc
master date: 2016-07-26 10:44:06 +0100
commit 477080fc560a3025d451175b69995e62a2ce1a8d
Author: George Dunlap <george.dunlap@citrix.com>
Date: Fri Aug 5 13:47:04 2016 +0200
xen: Have schedulers revise initial placement
The generic domain creation logic in
xen/common/domctl.c:default_vcpu0_location() attempts to try to do
initial placement load-balancing by placing vcpu 0 on the least-busy
non-primary hyperthread available. Unfortunately, the logic can end
up picking a pcpu that's not in the online mask. When this is passed
to a scheduler such which assumes that the initial assignment is
valid, it causes a null pointer dereference looking up the runqueue.
Furthermore, this initial placement doesn't take into account hard or
soft affinity, or any scheduler-specific knowledge (such as historic
runqueue load, as in credit2).
To solve this, when inserting a vcpu, always call the per-scheduler
"pick" function to revise the initial placement. This will
automatically take all knowledge the scheduler has into account.
csched2_cpu_pick ASSERTs that the vcpu's pcpu scheduler lock has been
taken. Grab and release the lock to minimize time spend with irqs
disabled.
Signed-off-by: George Dunlap <george.dunlap@citrix.com>
Reviewed-by: Meng Xu <mengxu@cis.upenn.edu>
Reviwed-by: Dario Faggioli <dario.faggioli@citrix.com>
master commit: 9f358ddd69463fa8fb65cf67beb5f6f0d3350e32
master date: 2016-07-26 10:42:49 +0100
commit ec712ba0838b7d7fb11229d1a5ab42978c14a782
Author: Euan Harris <euan.harris@citrix.com>
Date: Fri Aug 5 13:46:29 2016 +0200
nested vmx: Validate host VMX MSRs before accessing them
Some VMX MSRs may not exist on certain processor models, or may
be disabled because of configuration settings. It is only safe to
access these MSRs if configuration flags in other MSRs are set. These
prerequisites are listed in the Intel 64 and IA-32 Architectures
Software Developerâs Manual, Vol 3, Appendix A.
nvmx_msr_read_intercept() does not check the prerequisites before
accessing MSR_IA32_VMX_PROCBASED_CTLS2, MSR_IA32_VMX_EPT_VPID_CAP,
MSR_IA32_VMX_VMFUNC on the host. Accessing these MSRs from a nested
VMX guest running on a host which does not support them will cause
Xen to crash with a GPF.
Signed-off-by: Euan Harris <euan.harris@citrix.com>
Acked-by: Kevin Tian <kevin.tian@intel.com>
Reviewed-by: Jan Beulich <jbeulich@suse.com>
Reviewed-by: Andrew Cooper <andrew.cooper3@citrix.com>
master commit: 5e02972646132ad98c365ebfcfcb43b40a0dde36
master date: 2016-06-13 12:44:32 +0100
commit 6fd1c8eca24b0c8d477ed3e743c6e2c0ef22c9a1
Author: Euan Harris <euan.harris@citrix.com>
Date: Fri Aug 5 13:46:02 2016 +0200
nested vmx: intercept guest rdmsr for MSR_IA32_VMX_VMFUNC
Guest reads of MSR_IA32_VMX_VMFUNC should be handled by
the logic in vmx_msr_read_intercept(). Otherwise a guest
can read the raw host value of this MSR, even if nested
vmx is disabled.
Signed-off-by: Euan Harris <euan.harris@citrix.com>
Acked-by: Kevin Tian <kevin.tian@intel.com>
Reviewed-by: Jan Beulich <jbeulich@suse.com>
master commit: 6439d23319986d37a6ea843c98b329218c3ac231
master date: 2016-06-08 14:14:33 +0200
commit 0905c2ad5fbb57d35348f476984594a1b2707c63
Author: Jiandi An <anjiandi@codeaurora.org>
Date: Fri Aug 5 13:45:21 2016 +0200
serial: fix incorrect length of strncmp for dtuart
In serial_parse_handler(), length of strncmp for dtuart should have been
6, not 5.
Signed-off-by: Jiandi An <anjiandi@codeaurora.org>
Reviewed-by: Jan Beulich <jbeulich@suse.com>
Acked-by: Stefano Stabellini <sstabellini@kernel.org>
master commit: ba98196b54b27262ffe3d3463358eb4cff18b28d
master date: 2016-06-08 11:10:23 +0200
(qemu changes not included)
[-- Attachment #2: Type: text/plain, Size: 127 bytes --]
_______________________________________________
Xen-devel mailing list
Xen-devel@lists.xen.org
https://lists.xen.org/xen-devel
^ permalink raw reply [flat|nested] only message in thread
only message in thread, other threads:[~2016-08-10 4:23 UTC | newest]
Thread overview: (only message) (download: mbox.gz follow: Atom feed
-- links below jump to the message on this page --
2016-08-10 4:23 [xen-4.6-testing baseline-only test] 66947: regressions - FAIL Platform Team regression test user
This is a public inbox, see mirroring instructions
for how to clone and mirror all data and code used for this inbox;
as well as URLs for NNTP newsgroup(s).