* [ovmf baseline-only test] 66948: all pass
@ 2016-08-10 2:58 Platform Team regression test user
0 siblings, 0 replies; only message in thread
From: Platform Team regression test user @ 2016-08-10 2:58 UTC (permalink / raw)
To: xen-devel, osstest-admin
This run is configured for baseline tests only.
flight 66948 ovmf real [real]
http://osstest.xs.citrite.net/~osstest/testlogs/logs/66948/
Perfect :-)
All tests in this flight passed as required
version targeted for testing:
ovmf 9e730bd16418d76e400f87cf852b53f960d1d5b3
baseline version:
ovmf 7989300df75f274203d74266811089aaa11b517c
Last test of basis 66942 2016-08-08 22:50:32 Z 1 days
Testing same since 66948 2016-08-09 10:19:59 Z 0 days 1 attempts
------------------------------------------------------------
People who touched revisions under test:
Hess Chen <hesheng.chen@intel.com>
jobs:
build-amd64-xsm pass
build-i386-xsm pass
build-amd64 pass
build-i386 pass
build-amd64-libvirt pass
build-i386-libvirt pass
build-amd64-pvops pass
build-i386-pvops pass
test-amd64-amd64-xl-qemuu-ovmf-amd64 pass
test-amd64-i386-xl-qemuu-ovmf-amd64 pass
------------------------------------------------------------
sg-report-flight on osstest.xs.citrite.net
logs: /home/osstest/logs
images: /home/osstest/images
Logs, config files, etc. are available at
http://osstest.xs.citrite.net/~osstest/testlogs/logs
Test harness code can be found at
http://xenbits.xensource.com/gitweb?p=osstest.git;a=summary
Push not applicable.
------------------------------------------------------------
commit 9e730bd16418d76e400f87cf852b53f960d1d5b3
Author: Hess Chen <hesheng.chen@intel.com>
Date: Mon Aug 8 11:28:20 2016 +0800
BaseTools/UPT: Fix a install issue
Fix a corner case issue of installing a module without
any files which causes installing UNI file failure
Contributed-under: TianoCore Contribution Agreement 1.0
Signed-off-by: Hess Chen <hesheng.chen@intel.com>
Reviewed-by: Yonghong Zhu <yonghong.zhu@intel.com>
_______________________________________________
Xen-devel mailing list
Xen-devel@lists.xen.org
https://lists.xen.org/xen-devel
^ permalink raw reply [flat|nested] only message in thread
only message in thread, other threads:[~2016-08-10 2:58 UTC | newest]
Thread overview: (only message) (download: mbox.gz follow: Atom feed
-- links below jump to the message on this page --
2016-08-10 2:58 [ovmf baseline-only test] 66948: all pass Platform Team regression test user
This is a public inbox, see mirroring instructions
for how to clone and mirror all data and code used for this inbox;
as well as URLs for NNTP newsgroup(s).