* [xen-unstable baseline-only test] 66957: tolerable FAIL
@ 2016-08-10 20:11 Platform Team regression test user
0 siblings, 0 replies; only message in thread
From: Platform Team regression test user @ 2016-08-10 20:11 UTC (permalink / raw)
To: xen-devel, osstest-admin
This run is configured for baseline tests only.
flight 66957 xen-unstable real [real]
http://osstest.xs.citrite.net/~osstest/testlogs/logs/66957/
Failures :-/ but no regressions.
Regressions which are regarded as allowable (not blocking):
build-i386-rumpuserxen 6 xen-build fail like 66945
build-amd64-rumpuserxen 6 xen-build fail like 66945
test-amd64-i386-xl-qemuu-win7-amd64 16 guest-stop fail like 66945
test-amd64-amd64-qemuu-nested-intel 16 debian-hvm-install/l1/l2 fail like 66945
Tests which did not succeed, but are not blocking:
test-amd64-amd64-rumpuserxen-amd64 1 build-check(1) blocked n/a
test-amd64-i386-rumpuserxen-i386 1 build-check(1) blocked n/a
test-armhf-armhf-libvirt 14 guest-saverestore fail never pass
test-armhf-armhf-libvirt 12 migrate-support-check fail never pass
test-armhf-armhf-libvirt-xsm 12 migrate-support-check fail never pass
test-armhf-armhf-libvirt-xsm 14 guest-saverestore fail never pass
test-amd64-amd64-xl-pvh-intel 11 guest-start fail never pass
test-amd64-amd64-xl-pvh-amd 11 guest-start fail never pass
test-armhf-armhf-libvirt-qcow2 11 migrate-support-check fail never pass
test-armhf-armhf-libvirt-qcow2 13 guest-saverestore fail never pass
test-armhf-armhf-xl-credit2 13 saverestore-support-check fail never pass
test-armhf-armhf-xl-credit2 12 migrate-support-check fail never pass
test-armhf-armhf-xl-xsm 13 saverestore-support-check fail never pass
test-armhf-armhf-xl-xsm 12 migrate-support-check fail never pass
test-armhf-armhf-xl-multivcpu 13 saverestore-support-check fail never pass
test-armhf-armhf-xl-multivcpu 12 migrate-support-check fail never pass
test-armhf-armhf-xl 12 migrate-support-check fail never pass
test-armhf-armhf-xl 13 saverestore-support-check fail never pass
test-armhf-armhf-xl-midway 13 saverestore-support-check fail never pass
test-armhf-armhf-xl-midway 12 migrate-support-check fail never pass
test-armhf-armhf-libvirt-raw 13 guest-saverestore fail never pass
test-armhf-armhf-libvirt-raw 11 migrate-support-check fail never pass
test-amd64-i386-libvirt 12 migrate-support-check fail never pass
test-amd64-amd64-libvirt-xsm 12 migrate-support-check fail never pass
test-armhf-armhf-xl-rtds 13 saverestore-support-check fail never pass
test-armhf-armhf-xl-rtds 12 migrate-support-check fail never pass
test-amd64-amd64-libvirt 12 migrate-support-check fail never pass
test-armhf-armhf-xl-vhd 11 migrate-support-check fail never pass
test-armhf-armhf-xl-vhd 12 saverestore-support-check fail never pass
test-amd64-i386-libvirt-xsm 12 migrate-support-check fail never pass
test-amd64-amd64-qemuu-nested-amd 16 debian-hvm-install/l1/l2 fail never pass
test-amd64-amd64-xl-qemut-win7-amd64 16 guest-stop fail never pass
test-amd64-amd64-libvirt-qemuu-debianhvm-amd64-xsm 10 migrate-support-check fail never pass
test-amd64-amd64-libvirt-vhd 11 migrate-support-check fail never pass
test-amd64-i386-xl-qemut-win7-amd64 16 guest-stop fail never pass
test-amd64-i386-libvirt-qemuu-debianhvm-amd64-xsm 10 migrate-support-check fail never pass
test-amd64-amd64-xl-qemuu-win7-amd64 16 guest-stop fail never pass
version targeted for testing:
xen 8e370ef503e8df249c3e3dd2ea17b3f100d4f20a
baseline version:
xen 72798298c751a3df21473a0d86d05ec7bb46e258
Last test of basis 66945 2016-08-09 06:15:31 Z 1 days
Testing same since 66957 2016-08-09 20:48:30 Z 0 days 1 attempts
------------------------------------------------------------
People who touched revisions under test:
Andrew Cooper <andrew.cooper3@citrix.com>
George Dunlap <george.dunlap@citrix.com>
Ian Jackson <ian.jackson@citrix.com>
Ian Jackson <ian.jackson@eu.citrix.com>
Wei Liu <wei.liu2@citrix.com>
jobs:
build-amd64-xsm pass
build-armhf-xsm pass
build-i386-xsm pass
build-amd64 pass
build-armhf pass
build-i386 pass
build-amd64-libvirt pass
build-armhf-libvirt pass
build-i386-libvirt pass
build-amd64-oldkern pass
build-i386-oldkern pass
build-amd64-prev pass
build-i386-prev pass
build-amd64-pvops pass
build-armhf-pvops pass
build-i386-pvops pass
build-amd64-rumpuserxen fail
build-i386-rumpuserxen fail
test-amd64-amd64-xl pass
test-armhf-armhf-xl pass
test-amd64-i386-xl pass
test-amd64-amd64-xl-qemut-debianhvm-amd64-xsm pass
test-amd64-i386-xl-qemut-debianhvm-amd64-xsm pass
test-amd64-amd64-libvirt-qemuu-debianhvm-amd64-xsm pass
test-amd64-i386-libvirt-qemuu-debianhvm-amd64-xsm pass
test-amd64-amd64-xl-qemuu-debianhvm-amd64-xsm pass
test-amd64-i386-xl-qemuu-debianhvm-amd64-xsm pass
test-amd64-amd64-xl-qemut-stubdom-debianhvm-amd64-xsm pass
test-amd64-i386-xl-qemut-stubdom-debianhvm-amd64-xsm pass
test-amd64-amd64-libvirt-xsm pass
test-armhf-armhf-libvirt-xsm fail
test-amd64-i386-libvirt-xsm pass
test-amd64-amd64-xl-xsm pass
test-armhf-armhf-xl-xsm pass
test-amd64-i386-xl-xsm pass
test-amd64-amd64-qemuu-nested-amd fail
test-amd64-amd64-xl-pvh-amd fail
test-amd64-i386-qemut-rhel6hvm-amd pass
test-amd64-i386-qemuu-rhel6hvm-amd pass
test-amd64-amd64-xl-qemut-debianhvm-amd64 pass
test-amd64-i386-xl-qemut-debianhvm-amd64 pass
test-amd64-amd64-xl-qemuu-debianhvm-amd64 pass
test-amd64-i386-xl-qemuu-debianhvm-amd64 pass
test-amd64-i386-freebsd10-amd64 pass
test-amd64-amd64-xl-qemuu-ovmf-amd64 pass
test-amd64-i386-xl-qemuu-ovmf-amd64 pass
test-amd64-amd64-rumpuserxen-amd64 blocked
test-amd64-amd64-xl-qemut-win7-amd64 fail
test-amd64-i386-xl-qemut-win7-amd64 fail
test-amd64-amd64-xl-qemuu-win7-amd64 fail
test-amd64-i386-xl-qemuu-win7-amd64 fail
test-amd64-amd64-xl-credit2 pass
test-armhf-armhf-xl-credit2 pass
test-amd64-i386-freebsd10-i386 pass
test-amd64-i386-rumpuserxen-i386 blocked
test-amd64-amd64-qemuu-nested-intel fail
test-amd64-amd64-xl-pvh-intel fail
test-amd64-i386-qemut-rhel6hvm-intel pass
test-amd64-i386-qemuu-rhel6hvm-intel pass
test-amd64-amd64-libvirt pass
test-armhf-armhf-libvirt fail
test-amd64-i386-libvirt pass
test-armhf-armhf-xl-midway pass
test-amd64-amd64-migrupgrade pass
test-amd64-i386-migrupgrade pass
test-amd64-amd64-xl-multivcpu pass
test-armhf-armhf-xl-multivcpu pass
test-amd64-amd64-pair pass
test-amd64-i386-pair pass
test-amd64-amd64-libvirt-pair pass
test-amd64-i386-libvirt-pair pass
test-amd64-amd64-amd64-pvgrub pass
test-amd64-amd64-i386-pvgrub pass
test-amd64-amd64-pygrub pass
test-armhf-armhf-libvirt-qcow2 fail
test-amd64-amd64-xl-qcow2 pass
test-armhf-armhf-libvirt-raw fail
test-amd64-i386-xl-raw pass
test-amd64-amd64-xl-rtds pass
test-armhf-armhf-xl-rtds pass
test-amd64-i386-xl-qemut-winxpsp3-vcpus1 pass
test-amd64-i386-xl-qemuu-winxpsp3-vcpus1 pass
test-amd64-amd64-libvirt-vhd pass
test-armhf-armhf-xl-vhd pass
test-amd64-amd64-xl-qemut-winxpsp3 pass
test-amd64-i386-xl-qemut-winxpsp3 pass
test-amd64-amd64-xl-qemuu-winxpsp3 pass
test-amd64-i386-xl-qemuu-winxpsp3 pass
------------------------------------------------------------
sg-report-flight on osstest.xs.citrite.net
logs: /home/osstest/logs
images: /home/osstest/images
Logs, config files, etc. are available at
http://osstest.xs.citrite.net/~osstest/testlogs/logs
Test harness code can be found at
http://xenbits.xensource.com/gitweb?p=osstest.git;a=summary
Push not applicable.
------------------------------------------------------------
commit 8e370ef503e8df249c3e3dd2ea17b3f100d4f20a
Author: Wei Liu <wei.liu2@citrix.com>
Date: Mon Aug 8 16:02:34 2016 +0100
libxl: fix declaration of libxl_primary_console_exec_0x040700
Add missing "int".
Signed-off-by: Wei Liu <wei.liu2@citrix.com>
Acked-by: Ian Jackson <ian.jackson@eu.citrix.com>
commit 2e426d6eecfd358b6a78553e63fcb24548010537
Author: Andrew Cooper <andrew.cooper3@citrix.com>
Date: Wed Aug 3 16:56:56 2016 +0000
x86/traps: Drop use_error_code parameter from do_{,guest_}trap()
Whether or not an error code is needed can be determinted entirely from the
trapnr paramter, as error codes are architecturally specified.
Introduce TRAP_HAVE_EC as a bitmap of reserved vectors which have error codes,
and drop the use_error_code from all callsites.
As a result, the DO_ERROR{,_NOCODE}() macros become entirely superflouous and
can be dropped. Update the exception_table to point straight at do_trap().
Signed-off-by: Andrew Cooper <andrew.cooper3@citrix.com>
Reviewed-by: Jan Beulich <jbeulich@suse.com>
commit 9ee1d0395576283b24c87f8d5ec7bb123cadc27c
Author: Ian Jackson <ian.jackson@eu.citrix.com>
Date: Mon Aug 8 11:21:31 2016 +0100
libxl: CODING_STYLE: Forbid if (...) { stmt; } else stmt;
And clarify that the rule about omitting braces for single statements
is optional (it is even contradicted by the example).
Signed-off-by: Ian Jackson <Ian.Jackson@eu.citrix.com>
Acked-by: Wei Liu <wei.liu2@citrix.com>
commit 0cd19069c88744c6558015934633727a69988bce
Author: Wei Liu <wei.liu2@citrix.com>
Date: Mon Aug 1 10:55:59 2016 +0100
xl: use xenconsole startup protocol
If user asks xl to automatically connect to console when creating a
guest, use the new startup protocol before trying to unpause domain so
that we don't lose any console output.
Signed-off-by: Wei Liu <wei.liu2@citrix.com>
Acked-by: Ian Jackson <ian.jackson@eu.citrix.com>
commit f2333d5f9f9fd8e823bad7bf8804c9423b97eb08
Author: Wei Liu <wei.liu2@citrix.com>
Date: Mon Aug 1 10:36:57 2016 +0100
docs: document xenconsole startup protocol
Signed-off-by: Wei Liu <wei.liu2@citrix.com>
Acked-by: Ian Jackson <ian.jackson@eu.citrix.com>
commit 731df782267983d06c929fb513f420a1579021f9
Author: Wei Liu <wei.liu2@citrix.com>
Date: Mon Aug 1 10:28:00 2016 +0100
libxl: libxl_{primary_,}console_exec now take notify_fd argument
The new argument will be passed down to xenconsole process, which then
uses it to notify readiness.
Signed-off-by: Wei Liu <wei.liu2@citrix.com>
Acked-by: Ian Jackson <ian.jackson@eu.citrix.com>
commit 88502c075a393508a6315c4f905132b03be42347
Author: Wei Liu <wei.liu2@citrix.com>
Date: Mon Aug 1 12:20:09 2016 +0100
libxl: factor out libxl__console_tty_path
No other user yet.
Signed-off-by: Wei Liu <wei.liu2@citrix.com>
Acked-by: Ian Jackson <ian.jackson@eu.citrix.com>
commit 373f99d2eafd084073731486a20a3a5a2e120548
Author: Wei Liu <wei.liu2@citrix.com>
Date: Fri Jul 29 18:24:25 2016 +0100
tools/console: introduce --start-notify-fd option for console client
The console client will write 0x00 to that fd before entering console
loop to indicate its readiness.
Signed-off-by: Wei Liu <wei.liu2@citrix.com>
Acked-by: Ian Jackson <ian.jackson@eu.citrix.com>
commit 9fc57406d5b629ad0190b3b3d2d034f88896d5cb
Author: Wei Liu <wei.liu2@citrix.com>
Date: Fri Jul 29 18:22:26 2016 +0100
tools/console: fix help string in client
There is no short '-t' option.
Signed-off-by: Wei Liu <wei.liu2@citrix.com>
Acked-by: Ian Jackson <ian.jackson@eu.citrix.com>
commit 78ac45c9af9374ccce53e5e150872ad40cf33706
Author: George Dunlap <george.dunlap@citrix.com>
Date: Mon Aug 8 11:07:46 2016 +0100
CODING_STYLE: Allow single-sentence comments without full stops
One of the common ways in which contributors trip up over the
CODING_STYLE guides is by not putting a full stop at the end of a
comment when there is only a single sentence. Calling these out is a
waste of everybody's time: The full stop at the end of a comment with
a single sentence (or a single phrase) adds absolutely nothing to the
legibility of the code.
Modify CODING_STYLE to allow comments with a single sentence or
sentence fragment to either have a full stop or not, while making it
clear that comments with multiple sentences must have a full stop at
the end of each sentence.
Signed-off-by: George Dunlap <george.dunlap@citrix.com>
Acked-by: Ian Jackson <ian.jackson@citrix.com>
(qemu changes not included)
_______________________________________________
Xen-devel mailing list
Xen-devel@lists.xen.org
https://lists.xen.org/xen-devel
^ permalink raw reply [flat|nested] only message in thread
only message in thread, other threads:[~2016-08-10 20:11 UTC | newest]
Thread overview: (only message) (download: mbox.gz follow: Atom feed
-- links below jump to the message on this page --
2016-08-10 20:11 [xen-unstable baseline-only test] 66957: tolerable FAIL Platform Team regression test user
This is a public inbox, see mirroring instructions
for how to clone and mirror all data and code used for this inbox;
as well as URLs for NNTP newsgroup(s).