xen-devel.lists.xenproject.org archive mirror
 help / color / mirror / Atom feed
* [linux-3.14 baseline-only test] 66970: tolerable FAIL
@ 2016-08-12 20:00 Platform Team regression test user
  0 siblings, 0 replies; only message in thread
From: Platform Team regression test user @ 2016-08-12 20:00 UTC (permalink / raw)
  To: xen-devel, osstest-admin

This run is configured for baseline tests only.

flight 66970 linux-3.14 real [real]
http://osstest.xs.citrite.net/~osstest/testlogs/logs/66970/

Failures :-/ but no regressions.

Regressions which are regarded as allowable (not blocking):
 test-amd64-i386-xl-qemuu-win7-amd64 16 guest-stop        fail blocked in 66862
 build-amd64-rumpuserxen       6 xen-build                    fail   like 66862
 build-i386-rumpuserxen        6 xen-build                    fail   like 66862
 test-amd64-amd64-qemuu-nested-intel 16 debian-hvm-install/l1/l2 fail like 66862
 test-amd64-amd64-xl-qemut-win7-amd64 16 guest-stop             fail like 66862
 test-amd64-amd64-xl-qemuu-win7-amd64 16 guest-stop             fail like 66862

Tests which did not succeed, but are not blocking:
 test-amd64-amd64-rumpuserxen-amd64  1 build-check(1)               blocked n/a
 test-amd64-i386-rumpuserxen-i386  1 build-check(1)               blocked  n/a
 test-amd64-amd64-xl-pvh-amd  11 guest-start                  fail   never pass
 test-amd64-amd64-xl-pvh-intel 11 guest-start                  fail  never pass
 test-amd64-amd64-libvirt     12 migrate-support-check        fail   never pass
 test-amd64-amd64-libvirt-xsm 12 migrate-support-check        fail   never pass
 test-amd64-i386-libvirt-xsm  12 migrate-support-check        fail   never pass
 test-amd64-amd64-libvirt-vhd 11 migrate-support-check        fail   never pass
 test-amd64-amd64-qemuu-nested-amd 16 debian-hvm-install/l1/l2  fail never pass
 test-amd64-i386-libvirt      12 migrate-support-check        fail   never pass
 test-amd64-i386-libvirt-qemuu-debianhvm-amd64-xsm 10 migrate-support-check fail never pass
 test-amd64-i386-xl-qemut-win7-amd64 16 guest-stop              fail never pass
 test-amd64-amd64-libvirt-qemuu-debianhvm-amd64-xsm 10 migrate-support-check fail never pass

version targeted for testing:
 linux                b8b6a72089869dee41bd9f29e86bbcf6501e5524
baseline version:
 linux                da99423b3cd3e48c42c0d64b79aba58d828f9648

Last test of basis    66862  2016-07-29 20:17:38 Z   13 days
Testing same since    66970  2016-08-11 09:50:48 Z    1 days    1 attempts

------------------------------------------------------------
People who touched revisions under test:
  Alexander Klein <ALKL@de.ibm.com>
  Alexey Brodkin <abrodkin@synopsys.com>
  Alexey Brodkin <Alexey.Brodkin@synopsys.com>
  Amr Bekhit <amrbekhit@gmail.com>
  Andrew Morton <akpm@linux-foundation.org>
  Andrey Grodzovsky <andrey2805@gmail.com>
  Benjamin Herrenschmidt <benh@kernel.crashing.org>
  Brian King <brking@linux.vnet.ibm.com>
  Cameron Gutman <aicommander@gmail.com>
  David S. Miller <davem@davemloft.net>
  David Vrabel <david.vrabel@citrix.com>
  Dmitri Epshtein <dima@marvell.com>
  Dmitry Torokhov <dmitry.torokhov@gmail.com>
  Greg Kroah-Hartman <gregkh@linuxfoundation.org>
  Ilya Dryomov <idryomov@gmail.com>
  Jeff Mahoney <jeffm@suse.com>
  Jiri Slaby <jslaby@suse.cz>
  Kangjie Lu <kangjielu@gmail.com>
  Kangjie Lu <kjlu@gatech.edu>
  Linus Torvalds <torvalds@linux-foundation.org>
  Linus Walleij <linus.walleij@linaro.org>
  Marc Kleine-Budde <mkl@pengutronix.de>
  Marcin Wojtas <mw@semihalf.com>
  Martin K. Petersen <martin.petersen@oracle.com>
  Oliver Hartkopp <socketcan@hartkopp.net>
  Ping Cheng <pingc@wacom.com>
  Ping Cheng <pinglinux@gmail.com>
  Ryusuke Konishi <konishi.ryusuke@lab.ntt.co.jp>
  Takashi Iwai <tiwai@suse.de>
  Taras Kondratiuk <takondra@cisco.com>
  Theodore Ts'o <tytso@mit.edu>
  Tony Lindgren <tony@atomide.com>
  Torsten Hilbrich <torsten.hilbrich@secunet.com>
  Tyler Hicks <tyhicks@canonical.com>
  Ulf Hansson <ulf.hansson@linaro.org>
  Ursula Braun <ubraun@linux.vnet.ibm.com>
  Vegard Nossum <vegard.nossum@oracle.com>
  Vineet Gupta <vgupta@synopsys.com>
  Willy Tarreau <w@1wt.eu>
  Wolfgang Grandegger <wg@grandegger.com>

jobs:
 build-amd64-xsm                                              pass    
 build-i386-xsm                                               pass    
 build-amd64                                                  pass    
 build-i386                                                   pass    
 build-amd64-libvirt                                          pass    
 build-i386-libvirt                                           pass    
 build-amd64-pvops                                            pass    
 build-i386-pvops                                             pass    
 build-amd64-rumpuserxen                                      fail    
 build-i386-rumpuserxen                                       fail    
 test-amd64-amd64-xl                                          pass    
 test-amd64-i386-xl                                           pass    
 test-amd64-amd64-xl-qemut-debianhvm-amd64-xsm                pass    
 test-amd64-i386-xl-qemut-debianhvm-amd64-xsm                 pass    
 test-amd64-amd64-libvirt-qemuu-debianhvm-amd64-xsm           pass    
 test-amd64-i386-libvirt-qemuu-debianhvm-amd64-xsm            pass    
 test-amd64-amd64-xl-qemuu-debianhvm-amd64-xsm                pass    
 test-amd64-i386-xl-qemuu-debianhvm-amd64-xsm                 pass    
 test-amd64-amd64-xl-qemut-stubdom-debianhvm-amd64-xsm        pass    
 test-amd64-i386-xl-qemut-stubdom-debianhvm-amd64-xsm         pass    
 test-amd64-amd64-libvirt-xsm                                 pass    
 test-amd64-i386-libvirt-xsm                                  pass    
 test-amd64-amd64-xl-xsm                                      pass    
 test-amd64-i386-xl-xsm                                       pass    
 test-amd64-amd64-qemuu-nested-amd                            fail    
 test-amd64-amd64-xl-pvh-amd                                  fail    
 test-amd64-i386-qemut-rhel6hvm-amd                           pass    
 test-amd64-i386-qemuu-rhel6hvm-amd                           pass    
 test-amd64-amd64-xl-qemut-debianhvm-amd64                    pass    
 test-amd64-i386-xl-qemut-debianhvm-amd64                     pass    
 test-amd64-amd64-xl-qemuu-debianhvm-amd64                    pass    
 test-amd64-i386-xl-qemuu-debianhvm-amd64                     pass    
 test-amd64-i386-freebsd10-amd64                              pass    
 test-amd64-amd64-xl-qemuu-ovmf-amd64                         pass    
 test-amd64-i386-xl-qemuu-ovmf-amd64                          pass    
 test-amd64-amd64-rumpuserxen-amd64                           blocked 
 test-amd64-amd64-xl-qemut-win7-amd64                         fail    
 test-amd64-i386-xl-qemut-win7-amd64                          fail    
 test-amd64-amd64-xl-qemuu-win7-amd64                         fail    
 test-amd64-i386-xl-qemuu-win7-amd64                          fail    
 test-amd64-amd64-xl-credit2                                  pass    
 test-amd64-i386-freebsd10-i386                               pass    
 test-amd64-i386-rumpuserxen-i386                             blocked 
 test-amd64-amd64-qemuu-nested-intel                          fail    
 test-amd64-amd64-xl-pvh-intel                                fail    
 test-amd64-i386-qemut-rhel6hvm-intel                         pass    
 test-amd64-i386-qemuu-rhel6hvm-intel                         pass    
 test-amd64-amd64-libvirt                                     pass    
 test-amd64-i386-libvirt                                      pass    
 test-amd64-amd64-xl-multivcpu                                pass    
 test-amd64-amd64-pair                                        pass    
 test-amd64-i386-pair                                         pass    
 test-amd64-amd64-libvirt-pair                                pass    
 test-amd64-i386-libvirt-pair                                 pass    
 test-amd64-amd64-amd64-pvgrub                                pass    
 test-amd64-amd64-i386-pvgrub                                 pass    
 test-amd64-amd64-pygrub                                      pass    
 test-amd64-amd64-xl-qcow2                                    pass    
 test-amd64-i386-xl-raw                                       pass    
 test-amd64-amd64-xl-rtds                                     pass    
 test-amd64-i386-xl-qemut-winxpsp3-vcpus1                     pass    
 test-amd64-i386-xl-qemuu-winxpsp3-vcpus1                     pass    
 test-amd64-amd64-libvirt-vhd                                 pass    
 test-amd64-amd64-xl-qemut-winxpsp3                           pass    
 test-amd64-i386-xl-qemut-winxpsp3                            pass    
 test-amd64-amd64-xl-qemuu-winxpsp3                           pass    
 test-amd64-i386-xl-qemuu-winxpsp3                            pass    


------------------------------------------------------------
sg-report-flight on osstest.xs.citrite.net
logs: /home/osstest/logs
images: /home/osstest/images

Logs, config files, etc. are available at
    http://osstest.xs.citrite.net/~osstest/testlogs/logs

Test harness code can be found at
    http://xenbits.xensource.com/gitweb?p=osstest.git;a=summary


Push not applicable.

(No revision log; it would be 510 lines long.)

_______________________________________________
Xen-devel mailing list
Xen-devel@lists.xen.org
https://lists.xen.org/xen-devel

^ permalink raw reply	[flat|nested] only message in thread

only message in thread, other threads:[~2016-08-12 20:00 UTC | newest]

Thread overview: (only message) (download: mbox.gz follow: Atom feed
-- links below jump to the message on this page --
2016-08-12 20:00 [linux-3.14 baseline-only test] 66970: tolerable FAIL Platform Team regression test user

This is a public inbox, see mirroring instructions
for how to clone and mirror all data and code used for this inbox;
as well as URLs for NNTP newsgroup(s).