* [xen-4.1-testing test] 6739: regressions - FAIL
@ 2011-04-03 2:44 xen.org
0 siblings, 0 replies; only message in thread
From: xen.org @ 2011-04-03 2:44 UTC (permalink / raw)
To: xen-devel; +Cc: ian.jackson
flight 6739 xen-4.1-testing real [real]
http://www.chiark.greenend.org.uk/~xensrcts/logs/6739/
Regressions :-(
Tests which did not succeed and are blocking:
test-amd64-xcpkern-i386-pair 16 guest-start fail REGR. vs. 6654
test-amd64-xcpkern-i386-xl-multivcpu 5 xen-boot fail REGR. vs. 6654
Tests which did not succeed, but are not blocking,
including regressions (tests previously passed) regarded as allowable:
test-amd64-amd64-win 16 leak-check/check fail never pass
test-amd64-amd64-xl-win 13 guest-stop fail never pass
test-amd64-i386-rhel6hvm-amd 8 guest-saverestore fail never pass
test-amd64-i386-rhel6hvm-intel 8 guest-saverestore fail never pass
test-amd64-i386-win-vcpus1 16 leak-check/check fail never pass
test-amd64-i386-win 16 leak-check/check fail never pass
test-amd64-i386-xl-win-vcpus1 13 guest-stop fail never pass
test-amd64-xcpkern-i386-rhel6hvm-amd 8 guest-saverestore fail never pass
test-amd64-xcpkern-i386-rhel6hvm-intel 8 guest-saverestore fail never pass
test-amd64-xcpkern-i386-win 16 leak-check/check fail never pass
test-amd64-xcpkern-i386-xl-win 13 guest-stop fail never pass
test-i386-i386-win 16 leak-check/check fail never pass
test-i386-i386-xl-win 13 guest-stop fail never pass
test-i386-xcpkern-i386-win 16 leak-check/check fail never pass
version targeted for testing:
xen 8c372258147b
baseline version:
xen f00d3dc8b13e
------------------------------------------------------------
People who touched revisions under test:
Christoph Egger <Christoph.Egger@amd.com>
Keir Fraser <keir@xen.org>
------------------------------------------------------------
jobs:
build-i386-xcpkern pass
build-amd64 pass
build-i386 pass
build-amd64-oldkern pass
build-i386-oldkern pass
build-amd64-pvops pass
build-i386-pvops pass
test-amd64-amd64-xl pass
test-amd64-i386-xl pass
test-i386-i386-xl pass
test-amd64-xcpkern-i386-xl pass
test-i386-xcpkern-i386-xl pass
test-amd64-i386-rhel6hvm-amd fail
test-amd64-xcpkern-i386-rhel6hvm-amd fail
test-amd64-i386-xl-credit2 pass
test-amd64-xcpkern-i386-xl-credit2 pass
test-amd64-i386-rhel6hvm-intel fail
test-amd64-xcpkern-i386-rhel6hvm-intel fail
test-amd64-i386-xl-multivcpu pass
test-amd64-xcpkern-i386-xl-multivcpu fail
test-amd64-amd64-pair pass
test-amd64-i386-pair pass
test-i386-i386-pair pass
test-amd64-xcpkern-i386-pair fail
test-i386-xcpkern-i386-pair pass
test-amd64-amd64-pv pass
test-amd64-i386-pv pass
test-i386-i386-pv pass
test-amd64-xcpkern-i386-pv pass
test-i386-xcpkern-i386-pv pass
test-amd64-i386-win-vcpus1 fail
test-amd64-i386-xl-win-vcpus1 fail
test-amd64-amd64-win fail
test-amd64-i386-win fail
test-i386-i386-win fail
test-amd64-xcpkern-i386-win fail
test-i386-xcpkern-i386-win fail
test-amd64-amd64-xl-win fail
test-i386-i386-xl-win fail
test-amd64-xcpkern-i386-xl-win fail
------------------------------------------------------------
sg-report-flight on woking.cam.xci-test.com
logs: /home/xc_osstest/logs
images: /home/xc_osstest/images
Logs, config files, etc. are available at
http://www.chiark.greenend.org.uk/~xensrcts/logs
Test harness code can be found at
http://xenbits.xensource.com/gitweb?p=osstest.git;a=summary
Not pushing.
------------------------------------------------------------
changeset: 23016:8c372258147b
tag: tip
user: Christoph Egger <Christoph.Egger@amd.com>
date: Sat Apr 02 16:06:45 2011 +0100
xen: fix reloc.S generation for non-gnu toolchain
The output of AT&T UNIX and GNU od(1) are different.
Signed-off-by: Christoph Egger <Christoph.Egger@amd.com>
xen-unstable changeset: 23130:0e88c781a8a8
xen-unstable date: Sat Apr 02 15:53:35 2011 +0100
changeset: 23015:952eb1beec07
user: Keir Fraser <keir@xen.org>
date: Sat Apr 02 16:06:12 2011 +0100
x86: __pirq_guest_eoi() must check it is called for a fully
guest-bound irq before accessing desc->action.
Signed-off-by: Keir Fraser <keir@xen.org>
xen-unstable changeset: 23103:48dac730a93b
xen-unstable date: Sat Mar 26 09:42:01 2011 +0000
changeset: 23014:da7f8a5fe74d
user: Keir Fraser <keir@xen.org>
date: Sat Apr 02 15:59:55 2011 +0100
Update Xen version to 4.1.1-rc1-pre
changeset: 23013:f00d3dc8b13e
user: Keir Fraser <keir@xen.org>
date: Fri Mar 25 10:22:43 2011 +0000
Added signature for changeset 6a2089f00dc7
(qemu changes not included)
^ permalink raw reply [flat|nested] only message in thread
only message in thread, other threads:[~2011-04-03 2:44 UTC | newest]
Thread overview: (only message) (download: mbox.gz follow: Atom feed
-- links below jump to the message on this page --
2011-04-03 2:44 [xen-4.1-testing test] 6739: regressions - FAIL xen.org
This is a public inbox, see mirroring instructions
for how to clone and mirror all data and code used for this inbox;
as well as URLs for NNTP newsgroup(s).