From mboxrd@z Thu Jan 1 00:00:00 1970 From: xen.org Subject: [xen-unstable test] 6748: regressions - FAIL Date: Mon, 4 Apr 2011 16:30:58 +0100 Message-ID: Mime-Version: 1.0 Content-Type: text/plain Return-path: List-Unsubscribe: , List-Post: List-Help: List-Subscribe: , Sender: xen-devel-bounces@lists.xensource.com Errors-To: xen-devel-bounces@lists.xensource.com To: xen-devel@lists.xensource.com Cc: ian.jackson@eu.citrix.com List-Id: xen-devel@lists.xenproject.org flight 6748 xen-unstable real [real] http://www.chiark.greenend.org.uk/~xensrcts/logs/6748/ Regressions :-( Tests which did not succeed and are blocking: test-amd64-xcpkern-i386-xl-credit2 11 guest-localmigrate fail REGR. vs. 6747 Tests which did not succeed, but are not blocking, including regressions (tests previously passed) regarded as allowable: test-amd64-amd64-win 16 leak-check/check fail never pass test-amd64-amd64-xl-win 13 guest-stop fail never pass test-amd64-i386-rhel6hvm-amd 8 guest-saverestore fail never pass test-amd64-i386-rhel6hvm-intel 8 guest-saverestore fail never pass test-amd64-i386-win-vcpus1 16 leak-check/check fail never pass test-amd64-i386-win 16 leak-check/check fail never pass test-amd64-i386-xl-win-vcpus1 13 guest-stop fail never pass test-amd64-xcpkern-i386-rhel6hvm-amd 8 guest-saverestore fail never pass test-amd64-xcpkern-i386-rhel6hvm-intel 8 guest-saverestore fail never pass test-amd64-xcpkern-i386-win 16 leak-check/check fail never pass test-amd64-xcpkern-i386-xl-win 13 guest-stop fail never pass test-i386-i386-win 16 leak-check/check fail never pass test-i386-i386-xl-win 13 guest-stop fail never pass test-i386-xcpkern-i386-win 16 leak-check/check fail never pass version targeted for testing: xen 777aaa2172c8 baseline version: xen 9dd91e9691a2 ------------------------------------------------------------ People who touched revisions under test: Jan Beulich Tim Deegan ------------------------------------------------------------ jobs: build-i386-xcpkern pass build-amd64 pass build-i386 pass build-amd64-oldkern pass build-i386-oldkern pass build-amd64-pvops pass build-i386-pvops pass test-amd64-amd64-xl pass test-amd64-i386-xl pass test-i386-i386-xl pass test-amd64-xcpkern-i386-xl pass test-i386-xcpkern-i386-xl pass test-amd64-i386-rhel6hvm-amd fail test-amd64-xcpkern-i386-rhel6hvm-amd fail test-amd64-i386-xl-credit2 pass test-amd64-xcpkern-i386-xl-credit2 fail test-amd64-i386-rhel6hvm-intel fail test-amd64-xcpkern-i386-rhel6hvm-intel fail test-amd64-i386-xl-multivcpu pass test-amd64-xcpkern-i386-xl-multivcpu pass test-amd64-amd64-pair pass test-amd64-i386-pair pass test-i386-i386-pair pass test-amd64-xcpkern-i386-pair pass test-i386-xcpkern-i386-pair pass test-amd64-amd64-pv pass test-amd64-i386-pv pass test-i386-i386-pv pass test-amd64-xcpkern-i386-pv pass test-i386-xcpkern-i386-pv pass test-amd64-i386-win-vcpus1 fail test-amd64-i386-xl-win-vcpus1 fail test-amd64-amd64-win fail test-amd64-i386-win fail test-i386-i386-win fail test-amd64-xcpkern-i386-win fail test-i386-xcpkern-i386-win fail test-amd64-amd64-xl-win fail test-i386-i386-xl-win fail test-amd64-xcpkern-i386-xl-win fail ------------------------------------------------------------ sg-report-flight on woking.cam.xci-test.com logs: /home/xc_osstest/logs images: /home/xc_osstest/images Logs, config files, etc. are available at http://www.chiark.greenend.org.uk/~xensrcts/logs Test harness code can be found at http://xenbits.xensource.com/gitweb?p=osstest.git;a=summary Not pushing. ------------------------------------------------------------ changeset: 23138:777aaa2172c8 tag: tip user: Tim Deegan date: Mon Apr 04 10:38:27 2011 +0100 x86/mm: fix PSE alignment checks in pagetable walker. The PSE handling doesn't check bits 1...8 (or 1...9 for non-PAE guests) being zero, thus allowing bad (not 2Mb/4Mb aligned) large pages to be handled. Signed-off-by: Jan Beulich Acked-by: Tim Deegan changeset: 23137:9dd91e9691a2 user: Jan Beulich date: Sat Apr 02 15:58:54 2011 +0100 x86: cleanup bogus CONFIG_ACPI_PCI uses We're building for one case (CONFIG_ACPI_PCI defined) only, yet still had the other case's code in there. Additionally there was quite a bit of pseudo-duplication between disabled(!) DMI scan and ACPI boot code. acpi_pci_disabled had only a single reader, which is off by default (i.e. must be enable on the command line), so it seems pointless to keep it. Signed-off-by: Jan Beulich (qemu changes not included)