* [linux-3.14 baseline-only test] 67669: regressions - FAIL
@ 2016-09-08 6:07 Platform Team regression test user
0 siblings, 0 replies; only message in thread
From: Platform Team regression test user @ 2016-09-08 6:07 UTC (permalink / raw)
To: xen-devel, osstest-admin
[-- Attachment #1: Type: text/plain, Size: 9820 bytes --]
This run is configured for baseline tests only.
flight 67669 linux-3.14 real [real]
http://osstest.xs.citrite.net/~osstest/testlogs/logs/67669/
Regressions :-(
Tests which did not succeed and are blocking,
including tests which could not be run:
test-amd64-amd64-xl-qemut-win7-amd64 4 host-ping-check-native fail REGR. vs. 67570
test-amd64-i386-xl-qemut-debianhvm-amd64 9 debian-hvm-install fail REGR. vs. 67570
test-amd64-i386-qemut-rhel6hvm-intel 9 redhat-install fail REGR. vs. 67570
test-amd64-amd64-xl-qemut-winxpsp3 9 windows-install fail REGR. vs. 67570
Regressions which are regarded as allowable (not blocking):
test-amd64-amd64-qemuu-nested-intel 16 debian-hvm-install/l1/l2 fail like 67570
test-amd64-amd64-xl-qemuu-win7-amd64 16 guest-stop fail like 67570
test-amd64-i386-xl-qemuu-win7-amd64 16 guest-stop fail like 67570
Tests which did not succeed, but are not blocking:
test-amd64-amd64-rumprun-amd64 1 build-check(1) blocked n/a
test-amd64-i386-rumprun-i386 1 build-check(1) blocked n/a
build-i386-rumprun 5 rumprun-build fail never pass
build-amd64-rumprun 5 rumprun-build fail never pass
test-amd64-i386-libvirt 12 migrate-support-check fail never pass
test-amd64-i386-libvirt-xsm 12 migrate-support-check fail never pass
test-amd64-amd64-xl-pvh-intel 11 guest-start fail never pass
test-amd64-amd64-libvirt-xsm 12 migrate-support-check fail never pass
test-amd64-amd64-libvirt 12 migrate-support-check fail never pass
test-amd64-amd64-xl-pvh-amd 11 guest-start fail never pass
test-amd64-amd64-libvirt-qemuu-debianhvm-amd64-xsm 10 migrate-support-check fail never pass
test-amd64-amd64-libvirt-vhd 11 migrate-support-check fail never pass
test-amd64-amd64-qemuu-nested-amd 16 debian-hvm-install/l1/l2 fail never pass
test-amd64-i386-libvirt-qemuu-debianhvm-amd64-xsm 10 migrate-support-check fail never pass
test-amd64-i386-xl-qemut-win7-amd64 16 guest-stop fail never pass
version targeted for testing:
linux a38ae26d5b7a39deb83b53e7940acc217428622d
baseline version:
linux bb28cae901ddf2a4c708dbd03e9e304536c966dc
Last test of basis 67570 2016-08-20 15:52:29 Z 18 days
Testing same since 67669 2016-09-07 22:49:51 Z 0 days 1 attempts
------------------------------------------------------------
People who touched revisions under test:
Alan Stern <stern@rowland.harvard.edu>
Alexey Khoroshilov <khoroshilov@ispras.ru>
Alexey Klimov <klimov.linux@gmail.com>
Andrew Morton <akpm@linux-foundation.org>
Andy Lutomirski <luto@kernel.org>
Bjorn Helgaas <bhelgaas@google.com>
Borislav Petkov <bp@suse.de>
Bruno Wolff III <bruno@wolff.to>
Dan Carpenter <dan.carpenter@oracle.com>
Daniele Palmas <dnlplm@gmail.com>
Dave Carroll <david.carroll@microsemi.com>
Dmitry Torokhov <dmitry.torokhov@gmail.com>
Emmanouil Maroudas <emmanouil.maroudas@gmail.com>
Felipe Balbi <felipe.balbi@linux.intel.com>
Felix Fietkau <nbd@nbd.name>
Gavin Li <git@thegavinli.com>
Greg Kroah-Hartman <gregkh@linuxfoundation.org>
Helge Deller <deller@gmx.de>
Herbert Xu <herbert@gondor.apana.org.au>
Ian Abbott <abbotti@mev.co.uk>
Ingo Molnar <mingo@kernel.org>
James Hogan <james.hogan@imgtec.com>
Jason S. McMullan <jason.mcmullan@netronome.com>
Jim Lin <jilin@nvidia.com>
Johan Hovold <johan@kernel.org>
Johannes Berg <johannes.berg@intel.com>
Kashyap Desai <kashyap.desai@broadcom.com>
Laxman Dewangan <ldewangan@nvidia.com>
Linus Torvalds <torvalds@linux-foundation.org>
Linus Walleij <linus.walleij@linaro.org>
Lubomir Rintel <lkundrak@v3.sk>
Mark Laws <mdl@60hz.org>
Martin K. Petersen <martin.petersen@oracle.com>
Martin Schwidefsky <schwidefsky@de.ibm.com>
Masahiro Yamada <yamada.masahiro@socionext.com>
Mathias Nyman <mathias.nyman@linux.intel.com>
Oliver Neukum <oneukum@suse.com>
Peter Zijlstra (Intel) <peterz@infradead.org>
Rafael J. Wysocki <rafael.j.wysocki@intel.com>
Rik van Riel <riel@redhat.com>
Robert Delien <robert@delien.nl>
Robert Deliën <robert@delien.nl>
roswest <roswest@cisco.com>
Sebastian Andrzej Siewior <bigeasy@linutronix.de>
Sheng-Hui J. Chu <s.jeffrey.chu@gmail.com>
Simon Horman <simon.horman@netronome.com>
Stefan Haberland <sth@linux.vnet.ibm.com>
Thierry Reding <treding@nvidia.com>
Vegard Nossum <vegard.nossum@oracle.com>
Will Deacon <will.deacon@arm.com>
Yinghai Lu <yinghai@kernel.org>
jobs:
build-amd64-xsm pass
build-i386-xsm pass
build-amd64 pass
build-i386 pass
build-amd64-libvirt pass
build-i386-libvirt pass
build-amd64-pvops pass
build-i386-pvops pass
build-amd64-rumprun fail
build-i386-rumprun fail
test-amd64-amd64-xl pass
test-amd64-i386-xl pass
test-amd64-amd64-xl-qemut-debianhvm-amd64-xsm pass
test-amd64-i386-xl-qemut-debianhvm-amd64-xsm pass
test-amd64-amd64-libvirt-qemuu-debianhvm-amd64-xsm pass
test-amd64-i386-libvirt-qemuu-debianhvm-amd64-xsm pass
test-amd64-amd64-xl-qemuu-debianhvm-amd64-xsm pass
test-amd64-i386-xl-qemuu-debianhvm-amd64-xsm pass
test-amd64-amd64-xl-qemut-stubdom-debianhvm-amd64-xsm pass
test-amd64-i386-xl-qemut-stubdom-debianhvm-amd64-xsm pass
test-amd64-amd64-libvirt-xsm pass
test-amd64-i386-libvirt-xsm pass
test-amd64-amd64-xl-xsm pass
test-amd64-i386-xl-xsm pass
test-amd64-amd64-qemuu-nested-amd fail
test-amd64-amd64-xl-pvh-amd fail
test-amd64-i386-qemut-rhel6hvm-amd pass
test-amd64-i386-qemuu-rhel6hvm-amd pass
test-amd64-amd64-xl-qemut-debianhvm-amd64 pass
test-amd64-i386-xl-qemut-debianhvm-amd64 fail
test-amd64-amd64-xl-qemuu-debianhvm-amd64 pass
test-amd64-i386-xl-qemuu-debianhvm-amd64 pass
test-amd64-i386-freebsd10-amd64 pass
test-amd64-amd64-xl-qemuu-ovmf-amd64 pass
test-amd64-i386-xl-qemuu-ovmf-amd64 pass
test-amd64-amd64-rumprun-amd64 blocked
test-amd64-amd64-xl-qemut-win7-amd64 fail
test-amd64-i386-xl-qemut-win7-amd64 fail
test-amd64-amd64-xl-qemuu-win7-amd64 fail
test-amd64-i386-xl-qemuu-win7-amd64 fail
test-amd64-amd64-xl-credit2 pass
test-amd64-i386-freebsd10-i386 pass
test-amd64-i386-rumprun-i386 blocked
test-amd64-amd64-qemuu-nested-intel fail
test-amd64-amd64-xl-pvh-intel fail
test-amd64-i386-qemut-rhel6hvm-intel fail
test-amd64-i386-qemuu-rhel6hvm-intel pass
test-amd64-amd64-libvirt pass
test-amd64-i386-libvirt pass
test-amd64-amd64-xl-multivcpu pass
test-amd64-amd64-pair pass
test-amd64-i386-pair pass
test-amd64-amd64-libvirt-pair pass
test-amd64-i386-libvirt-pair pass
test-amd64-amd64-amd64-pvgrub pass
test-amd64-amd64-i386-pvgrub pass
test-amd64-amd64-pygrub pass
test-amd64-amd64-xl-qcow2 pass
test-amd64-i386-xl-raw pass
test-amd64-amd64-xl-rtds pass
test-amd64-i386-xl-qemut-winxpsp3-vcpus1 pass
test-amd64-i386-xl-qemuu-winxpsp3-vcpus1 pass
test-amd64-amd64-libvirt-vhd pass
test-amd64-amd64-xl-qemut-winxpsp3 fail
test-amd64-i386-xl-qemut-winxpsp3 pass
test-amd64-amd64-xl-qemuu-winxpsp3 pass
test-amd64-i386-xl-qemuu-winxpsp3 pass
------------------------------------------------------------
sg-report-flight on osstest.xs.citrite.net
logs: /home/osstest/logs
images: /home/osstest/images
Logs, config files, etc. are available at
http://osstest.xs.citrite.net/~osstest/testlogs/logs
Test harness code can be found at
http://xenbits.xensource.com/gitweb?p=osstest.git;a=summary
Push not applicable.
(No revision log; it would be 885 lines long.)
[-- Attachment #2: Type: text/plain, Size: 127 bytes --]
_______________________________________________
Xen-devel mailing list
Xen-devel@lists.xen.org
https://lists.xen.org/xen-devel
^ permalink raw reply [flat|nested] only message in thread
only message in thread, other threads:[~2016-09-08 6:07 UTC | newest]
Thread overview: (only message) (download: mbox.gz follow: Atom feed
-- links below jump to the message on this page --
2016-09-08 6:07 [linux-3.14 baseline-only test] 67669: regressions - FAIL Platform Team regression test user
This is a public inbox, see mirroring instructions
for how to clone and mirror all data and code used for this inbox;
as well as URLs for NNTP newsgroup(s).