* [xen-4.4-testing baseline-only test] 67679: regressions - FAIL
@ 2016-09-09 10:02 Platform Team regression test user
0 siblings, 0 replies; only message in thread
From: Platform Team regression test user @ 2016-09-09 10:02 UTC (permalink / raw)
To: xen-devel, osstest-admin
[-- Attachment #1: Type: text/plain, Size: 10882 bytes --]
This run is configured for baseline tests only.
flight 67679 xen-4.4-testing real [real]
http://osstest.xs.citrite.net/~osstest/testlogs/logs/67679/
Regressions :-(
Tests which did not succeed and are blocking,
including tests which could not be run:
test-amd64-i386-xend-qemut-winxpsp3 9 windows-install fail REGR. vs. 66864
Regressions which are regarded as allowable (not blocking):
test-amd64-amd64-xl 20 guest-start.2 fail blocked in 66864
test-amd64-i386-xl-qemuu-debianhvm-amd64 20 leak-check/check fail blocked in 66864
test-amd64-amd64-xl-credit2 19 guest-start/debian.repeat fail like 66864
test-amd64-i386-xl-qemuu-win7-amd64 15 guest-localmigrate/x10 fail like 66864
test-amd64-i386-xl-qemut-win7-amd64 16 guest-stop fail like 66864
test-amd64-amd64-xl-qemut-win7-amd64 16 guest-stop fail like 66864
test-amd64-amd64-xl-qemuu-win7-amd64 16 guest-stop fail like 66864
Tests which did not succeed, but are not blocking:
test-amd64-i386-rumprun-i386 1 build-check(1) blocked n/a
test-amd64-amd64-rumprun-amd64 1 build-check(1) blocked n/a
build-i386-rumprun 5 rumprun-build fail never pass
build-amd64-rumprun 5 rumprun-build fail never pass
test-armhf-armhf-libvirt-qcow2 9 debian-di-install fail never pass
test-armhf-armhf-xl-vhd 9 debian-di-install fail never pass
test-armhf-armhf-libvirt-raw 9 debian-di-install fail never pass
test-armhf-armhf-xl-midway 12 migrate-support-check fail never pass
test-armhf-armhf-xl-midway 13 saverestore-support-check fail never pass
test-armhf-armhf-xl 12 migrate-support-check fail never pass
test-armhf-armhf-xl 13 saverestore-support-check fail never pass
test-armhf-armhf-libvirt 11 guest-start fail never pass
test-armhf-armhf-xl-credit2 12 migrate-support-check fail never pass
test-armhf-armhf-xl-multivcpu 12 migrate-support-check fail never pass
test-armhf-armhf-xl-credit2 13 saverestore-support-check fail never pass
test-armhf-armhf-xl-multivcpu 13 saverestore-support-check fail never pass
test-amd64-amd64-libvirt 12 migrate-support-check fail never pass
test-amd64-amd64-qemuu-nested-intel 16 debian-hvm-install/l1/l2 fail never pass
test-amd64-i386-libvirt 12 migrate-support-check fail never pass
test-amd64-amd64-libvirt-vhd 11 migrate-support-check fail never pass
test-amd64-amd64-qemuu-nested-amd 16 debian-hvm-install/l1/l2 fail never pass
version targeted for testing:
xen dfddbf35d9df666fa731dcaf35afd8cf24ac8ecf
baseline version:
xen 0fe7d6961755812503694e9a4741b5f35a09d1f7
Last test of basis 66864 2016-07-30 06:43:37 Z 41 days
Testing same since 67679 2016-09-09 04:15:40 Z 0 days 1 attempts
------------------------------------------------------------
People who touched revisions under test:
Andrew Cooper <andrew.cooper3@citrix.com>
Jan Beulich <jbeulich@suse.com>
jobs:
build-amd64-xend pass
build-i386-xend pass
build-amd64 pass
build-armhf pass
build-i386 pass
build-amd64-libvirt pass
build-armhf-libvirt pass
build-i386-libvirt pass
build-amd64-pvops pass
build-armhf-pvops pass
build-i386-pvops pass
build-amd64-rumprun fail
build-i386-rumprun fail
test-amd64-amd64-xl fail
test-armhf-armhf-xl pass
test-amd64-i386-xl pass
test-amd64-amd64-qemuu-nested-amd fail
test-amd64-i386-qemut-rhel6hvm-amd pass
test-amd64-i386-qemuu-rhel6hvm-amd pass
test-amd64-amd64-xl-qemut-debianhvm-amd64 pass
test-amd64-i386-xl-qemut-debianhvm-amd64 pass
test-amd64-amd64-xl-qemuu-debianhvm-amd64 pass
test-amd64-i386-xl-qemuu-debianhvm-amd64 fail
test-amd64-i386-freebsd10-amd64 pass
test-amd64-amd64-xl-qemuu-ovmf-amd64 pass
test-amd64-i386-xl-qemuu-ovmf-amd64 pass
test-amd64-amd64-rumprun-amd64 blocked
test-amd64-amd64-xl-qemut-win7-amd64 fail
test-amd64-i386-xl-qemut-win7-amd64 fail
test-amd64-amd64-xl-qemuu-win7-amd64 fail
test-amd64-i386-xl-qemuu-win7-amd64 fail
test-amd64-amd64-xl-credit2 fail
test-armhf-armhf-xl-credit2 pass
test-amd64-i386-freebsd10-i386 pass
test-amd64-i386-rumprun-i386 blocked
test-amd64-amd64-qemuu-nested-intel fail
test-amd64-i386-qemut-rhel6hvm-intel pass
test-amd64-i386-qemuu-rhel6hvm-intel pass
test-amd64-amd64-libvirt pass
test-armhf-armhf-libvirt fail
test-amd64-i386-libvirt pass
test-armhf-armhf-xl-midway pass
test-amd64-amd64-xl-multivcpu pass
test-armhf-armhf-xl-multivcpu pass
test-amd64-amd64-pair pass
test-amd64-i386-pair pass
test-amd64-amd64-libvirt-pair pass
test-amd64-i386-libvirt-pair pass
test-amd64-amd64-pv pass
test-amd64-i386-pv pass
test-amd64-amd64-amd64-pvgrub pass
test-amd64-amd64-i386-pvgrub pass
test-amd64-amd64-pygrub pass
test-armhf-armhf-libvirt-qcow2 fail
test-amd64-amd64-xl-qcow2 pass
test-armhf-armhf-libvirt-raw fail
test-amd64-i386-xl-raw pass
test-amd64-i386-xl-qemut-winxpsp3-vcpus1 pass
test-amd64-i386-xl-qemuu-winxpsp3-vcpus1 pass
test-amd64-amd64-libvirt-vhd pass
test-armhf-armhf-xl-vhd fail
test-amd64-i386-xend-qemut-winxpsp3 fail
test-amd64-amd64-xl-qemut-winxpsp3 pass
test-amd64-amd64-xl-qemuu-winxpsp3 pass
------------------------------------------------------------
sg-report-flight on osstest.xs.citrite.net
logs: /home/osstest/logs
images: /home/osstest/images
Logs, config files, etc. are available at
http://osstest.xs.citrite.net/~osstest/testlogs/logs
Test harness code can be found at
http://xenbits.xensource.com/gitweb?p=osstest.git;a=summary
Push not applicable.
------------------------------------------------------------
commit dfddbf35d9df666fa731dcaf35afd8cf24ac8ecf
Author: Jan Beulich <jbeulich@suse.com>
Date: Thu Sep 8 14:32:51 2016 +0200
evtchn-fifo: prevent use after free
evtchn_fifo_init_control() calls evtchn_fifo_destroy() on an error
path, leading to cleanup_event_array() which frees d->evtchn_fifo
without also clearing the pointer. Otoh the bulk of
evtchn_fifo_init_control() is dependent on d->evtchn_fifo being NULL.
This is XSA-188 / CVE-2016-7154.
Reported-by: Mikhail V Gorobets <mikhail.v.gorobets@intel.com>
Suggested-by: Mikhail V Gorobets <mikhail.v.gorobets@intel.com>
Signed-off-by: Jan Beulich <jbeulich@suse.com>
Reviewed-by: Andrew Cooper <andrew.cooper3@citrix.com>
commit 2f3e08d37b0500980f93b9e760b2f6db47839872
Author: Andrew Cooper <andrew.cooper3@citrix.com>
Date: Thu Sep 8 14:32:16 2016 +0200
x86/shadow: Avoid overflowing sh_ctxt->seg_reg[]
hvm_get_seg_reg() does not perform a range check on its input segment, calls
hvm_get_segment_register() and writes straight into sh_ctxt->seg_reg[].
x86_seg_none is outside the bounds of sh_ctxt->seg_reg[], and will hit a BUG()
in {vmx,svm}_get_segment_register().
HVM guests running with shadow paging can end up performing a virtual to
linear translation with x86_seg_none. This is used for addresses which are
already linear. However, none of this is a legitimate pagetable update, so
fail the emulation in such a case.
This is XSA-187 / CVE-2016-7094.
Reported-by: Andrew Cooper <andrew.cooper3@citrix.com>
Signed-off-by: Andrew Cooper <andrew.cooper3@citrix.com>
Reviewed-by: Tim Deegan <tim@xen.org>
master commit: a9f3b3bad17d91e2067fc00d51b0302349570d08
master date: 2016-09-08 14:16:26 +0200
commit fbe0fb4b522a1879a47d80cc7f039c3cb354b636
Author: Jan Beulich <jbeulich@suse.com>
Date: Thu Sep 8 14:30:11 2016 +0200
x86/32on64: don't allow recursive page tables from L3
L3 entries are special in PAE mode, and hence can't reasonably be used
for setting up recursive (and hence linear) page table mappings. Since
abuse is possible when the guest in fact gets run on 4-level page
tables, this needs to be excluded explicitly.
This is XSA-185 / CVE-2016-7092.
Reported-by: Jérémie Boutoille <jboutoille@ext.quarkslab.com>
Reported-by: "æ ¾å°èª(好é£)" <shangcong.lsc@alibaba-inc.com>
Signed-off-by: Jan Beulich <jbeulich@suse.com>
Reviewed-by: Andrew Cooper <andrew.cooper3@citrix.com>
master commit: c844d637d92a75854ea5c8d4e5ca34302a9f623c
master date: 2016-09-08 14:14:53 +0200
========================================
[-- Attachment #2: Type: text/plain, Size: 127 bytes --]
_______________________________________________
Xen-devel mailing list
Xen-devel@lists.xen.org
https://lists.xen.org/xen-devel
^ permalink raw reply [flat|nested] only message in thread
only message in thread, other threads:[~2016-09-09 10:02 UTC | newest]
Thread overview: (only message) (download: mbox.gz follow: Atom feed
-- links below jump to the message on this page --
2016-09-09 10:02 [xen-4.4-testing baseline-only test] 67679: regressions - FAIL Platform Team regression test user
This is a public inbox, see mirroring instructions
for how to clone and mirror all data and code used for this inbox;
as well as URLs for NNTP newsgroup(s).