From: Platform Team regression test user <citrix-osstest@xenproject.org>
To: xen-devel@lists.xensource.com, osstest-admin@xenproject.org
Subject: [ovmf baseline-only test] 67697: all pass
Date: Mon, 12 Sep 2016 11:47:20 +0100 [thread overview]
Message-ID: <osstest-67697-mainreport@xen.org> (raw)
This run is configured for baseline tests only.
flight 67697 ovmf real [real]
http://osstest.xs.citrite.net/~osstest/testlogs/logs/67697/
Perfect :-)
All tests in this flight passed as required
version targeted for testing:
ovmf e9fec7326ad2f27fe368c830da055d1044b18e95
baseline version:
ovmf acc3a3776dc3fb3dc900819b1ee94a6d4f9cf759
Last test of basis 67689 2016-09-10 07:17:37 Z 2 days
Testing same since 67697 2016-09-12 07:46:25 Z 0 days 1 attempts
------------------------------------------------------------
People who touched revisions under test:
Dandan Bi <dandan.bi@intel.com>
jobs:
build-amd64-xsm pass
build-i386-xsm pass
build-amd64 pass
build-i386 pass
build-amd64-libvirt pass
build-i386-libvirt pass
build-amd64-pvops pass
build-i386-pvops pass
test-amd64-amd64-xl-qemuu-ovmf-amd64 pass
test-amd64-i386-xl-qemuu-ovmf-amd64 pass
------------------------------------------------------------
sg-report-flight on osstest.xs.citrite.net
logs: /home/osstest/logs
images: /home/osstest/images
Logs, config files, etc. are available at
http://osstest.xs.citrite.net/~osstest/testlogs/logs
Test harness code can be found at
http://xenbits.xensource.com/gitweb?p=osstest.git;a=summary
Push not applicable.
------------------------------------------------------------
commit e9fec7326ad2f27fe368c830da055d1044b18e95
Author: Dandan Bi <dandan.bi@intel.com>
Date: Tue Sep 6 13:15:21 2016 +0800
Nt32Pkg: Fix VS2010/VS2012 build failure
Initialize the variable "OptionNumber".
Cc: Eric Dong <eric.dong@intel.com>
Contributed-under: TianoCore Contribution Agreement 1.0
Signed-off-by: Dandan Bi <dandan.bi@intel.com>
Reviewed-by: Eric Dong <eric.dong@intel.com>
_______________________________________________
Xen-devel mailing list
Xen-devel@lists.xen.org
https://lists.xen.org/xen-devel
reply other threads:[~2016-09-12 10:47 UTC|newest]
Thread overview: [no followups] expand[flat|nested] mbox.gz Atom feed
Reply instructions:
You may reply publicly to this message via plain-text email
using any one of the following methods:
* Save the following mbox file, import it into your mail client,
and reply-to-all from there: mbox
Avoid top-posting and favor interleaved quoting:
https://en.wikipedia.org/wiki/Posting_style#Interleaved_style
* Reply using the --to, --cc, and --in-reply-to
switches of git-send-email(1):
git send-email \
--in-reply-to=osstest-67697-mainreport@xen.org \
--to=citrix-osstest@xenproject.org \
--cc=osstest-admin@xenproject.org \
--cc=xen-devel@lists.xensource.com \
/path/to/YOUR_REPLY
https://kernel.org/pub/software/scm/git/docs/git-send-email.html
* If your mail client supports setting the In-Reply-To header
via mailto: links, try the mailto: link
Be sure your reply has a Subject: header at the top and a blank line
before the message body.
This is a public inbox, see mirroring instructions
for how to clone and mirror all data and code used for this inbox;
as well as URLs for NNTP newsgroup(s).