xen-devel.lists.xenproject.org archive mirror
 help / color / mirror / Atom feed
* [linux-4.1 baseline-only test] 67728: trouble: blocked/broken/fail/pass
@ 2016-09-19  3:57 Platform Team regression test user
  0 siblings, 0 replies; only message in thread
From: Platform Team regression test user @ 2016-09-19  3:57 UTC (permalink / raw)
  To: xen-devel, osstest-admin

This run is configured for baseline tests only.

flight 67728 linux-4.1 real [real]
http://osstest.xs.citrite.net/~osstest/testlogs/logs/67728/

Failures and problems with tests :-(

Tests which did not succeed and are blocking,
including tests which could not be run:
 build-armhf                   3 host-install(3)         broken REGR. vs. 67638
 build-amd64-xsm               3 host-install(3)         broken REGR. vs. 67638
 build-i386-libvirt            3 host-install(3)         broken REGR. vs. 67638
 build-armhf-pvops             3 host-install(3)         broken REGR. vs. 67638
 build-amd64                   3 host-install(3)         broken REGR. vs. 67638
 build-amd64-pvops             3 host-install(3)         broken REGR. vs. 67638
 build-armhf-xsm               3 host-install(3)         broken REGR. vs. 67638

Tests which did not succeed, but are not blocking:
 test-amd64-i386-libvirt-qemuu-debianhvm-amd64-xsm 1 build-check(1) blocked n/a
 test-amd64-i386-libvirt-xsm   1 build-check(1)               blocked  n/a
 build-amd64-libvirt           1 build-check(1)               blocked  n/a
 build-armhf-libvirt           1 build-check(1)               blocked  n/a
 test-amd64-amd64-amd64-pvgrub  1 build-check(1)               blocked  n/a
 build-amd64-rumprun           1 build-check(1)               blocked  n/a
 test-amd64-amd64-i386-pvgrub  1 build-check(1)               blocked  n/a
 test-amd64-amd64-libvirt      1 build-check(1)               blocked  n/a
 test-amd64-i386-freebsd10-amd64  1 build-check(1)               blocked  n/a
 test-armhf-armhf-libvirt-xsm  1 build-check(1)               blocked  n/a
 test-armhf-armhf-xl-xsm       1 build-check(1)               blocked  n/a
 test-amd64-i386-xl-qemuu-debianhvm-amd64-xsm  1 build-check(1)     blocked n/a
 test-armhf-armhf-xl-credit2   1 build-check(1)               blocked  n/a
 test-amd64-i386-xl-xsm        1 build-check(1)               blocked  n/a
 test-amd64-amd64-xl-qemuu-debianhvm-amd64-xsm  1 build-check(1)    blocked n/a
 test-armhf-armhf-xl           1 build-check(1)               blocked  n/a
 test-armhf-armhf-xl-vhd       1 build-check(1)               blocked  n/a
 test-armhf-armhf-xl-rtds      1 build-check(1)               blocked  n/a
 test-amd64-amd64-xl-qemuu-debianhvm-amd64  1 build-check(1)        blocked n/a
 test-armhf-armhf-xl-midway    1 build-check(1)               blocked  n/a
 test-amd64-i386-xl-qemut-debianhvm-amd64-xsm  1 build-check(1)     blocked n/a
 test-amd64-amd64-xl-qemut-stubdom-debianhvm-amd64-xsm 1 build-check(1) blocked n/a
 test-armhf-armhf-libvirt-raw  1 build-check(1)               blocked  n/a
 test-amd64-amd64-xl-qemuu-win7-amd64  1 build-check(1)             blocked n/a
 test-amd64-amd64-xl-qemut-win7-amd64  1 build-check(1)             blocked n/a
 test-amd64-amd64-xl-qemuu-ovmf-amd64  1 build-check(1)             blocked n/a
 test-armhf-armhf-xl-multivcpu  1 build-check(1)               blocked  n/a
 test-amd64-amd64-xl-qemut-winxpsp3  1 build-check(1)               blocked n/a
 test-amd64-amd64-libvirt-pair  1 build-check(1)               blocked  n/a
 test-amd64-i386-xl-qemut-stubdom-debianhvm-amd64-xsm 1 build-check(1) blocked n/a
 test-amd64-amd64-xl-qemut-debianhvm-amd64  1 build-check(1)        blocked n/a
 test-amd64-amd64-xl-rtds      1 build-check(1)               blocked  n/a
 test-amd64-i386-freebsd10-i386  1 build-check(1)               blocked  n/a
 test-amd64-amd64-qemuu-nested-intel  1 build-check(1)              blocked n/a
 test-armhf-armhf-libvirt      1 build-check(1)               blocked  n/a
 test-amd64-i386-xl-qemuu-winxpsp3-vcpus1  1 build-check(1)         blocked n/a
 test-amd64-amd64-xl-multivcpu  1 build-check(1)               blocked  n/a
 test-amd64-i386-xl-qemuu-winxpsp3  1 build-check(1)               blocked  n/a
 test-amd64-amd64-xl-pvh-amd   1 build-check(1)               blocked  n/a
 test-amd64-amd64-libvirt-qemuu-debianhvm-amd64-xsm 1 build-check(1) blocked n/a
 test-amd64-amd64-xl-qemuu-winxpsp3  1 build-check(1)               blocked n/a
 test-amd64-amd64-xl-qcow2     1 build-check(1)               blocked  n/a
 test-amd64-amd64-rumprun-amd64  1 build-check(1)               blocked  n/a
 test-amd64-i386-xl-qemuu-ovmf-amd64  1 build-check(1)              blocked n/a
 test-amd64-amd64-xl-pvh-intel  1 build-check(1)               blocked  n/a
 test-amd64-i386-xl-raw        1 build-check(1)               blocked  n/a
 test-armhf-armhf-libvirt-qcow2  1 build-check(1)               blocked  n/a
 test-amd64-i386-libvirt       1 build-check(1)               blocked  n/a
 test-amd64-amd64-xl-xsm       1 build-check(1)               blocked  n/a
 test-amd64-amd64-xl           1 build-check(1)               blocked  n/a
 test-amd64-amd64-qemuu-nested-amd  1 build-check(1)               blocked  n/a
 test-amd64-i386-xl-qemut-win7-amd64  1 build-check(1)              blocked n/a
 test-amd64-amd64-xl-qemut-debianhvm-amd64-xsm  1 build-check(1)    blocked n/a
 test-amd64-i386-xl-qemut-winxpsp3  1 build-check(1)               blocked  n/a
 test-amd64-i386-xl-qemut-debianhvm-amd64  1 build-check(1)         blocked n/a
 test-amd64-i386-qemut-rhel6hvm-intel  1 build-check(1)             blocked n/a
 test-amd64-amd64-pair         1 build-check(1)               blocked  n/a
 test-amd64-amd64-pygrub       1 build-check(1)               blocked  n/a
 test-amd64-i386-xl-qemuu-debianhvm-amd64  1 build-check(1)         blocked n/a
 test-amd64-i386-xl            1 build-check(1)               blocked  n/a
 test-amd64-i386-libvirt-pair  1 build-check(1)               blocked  n/a
 test-amd64-amd64-libvirt-vhd  1 build-check(1)               blocked  n/a
 test-amd64-amd64-xl-credit2   1 build-check(1)               blocked  n/a
 test-amd64-i386-qemuu-rhel6hvm-amd  1 build-check(1)               blocked n/a
 test-amd64-amd64-libvirt-xsm  1 build-check(1)               blocked  n/a
 test-amd64-i386-xl-qemut-winxpsp3-vcpus1  1 build-check(1)         blocked n/a
 test-amd64-i386-qemuu-rhel6hvm-intel  1 build-check(1)             blocked n/a
 test-amd64-i386-xl-qemuu-win7-amd64  1 build-check(1)              blocked n/a
 test-amd64-i386-pair          1 build-check(1)               blocked  n/a
 test-amd64-i386-rumprun-i386  1 build-check(1)               blocked  n/a
 test-amd64-i386-qemut-rhel6hvm-amd  1 build-check(1)               blocked n/a
 build-i386-rumprun            5 rumprun-build                fail   never pass

version targeted for testing:
 linux                04cb720142764ebf3786eba1feb8fc4b6ef87fcf
baseline version:
 linux                3b60b86aec06fbae1142ccc4e55b39b529ae2a25

Last test of basis    67638  2016-09-05 15:17:10 Z   13 days
Testing same since    67728  2016-09-18 23:15:34 Z    0 days    1 attempts

------------------------------------------------------------
People who touched revisions under test:
  Al Viro <viro@zeniv.linux.org.uk>
  Alan Stern <stern@rowland.harvard.edu>
  Aleksandr Makarov <aleksandr.o.makarov@gmail.com>
  Alexey Khoroshilov <khoroshilov@ispras.ru>
  Borislav Petkov <bp@suse.de>
  Brian Foster <bfoster@redhat.com>
  Dave Chinner <david@fromorbit.com>
  Dave Chinner <dchinner@redhat.com>
  Emanuel Czirai <icanrealizeum@gmail.com>
  Eric Biggers <ebiggers@google.com>
  Greg Kroah-Hartman <gregkh@linuxfoundation.org>
  Ian Abbott <abbotti@mev.co.uk>
  Jimi Damon <jdamon@accesio.com>
  Johan Hovold <johan@kernel.org>
  Jonathan Cameron <jic23@kernel.org>
  Konstantin Khlebnikov <khlebnikov@yandex-team.ru>
  Li Jun <jun.li@nxp.com>
  Linus Torvalds <torvalds@linux-foundation.org>
  Linus Walleij <linus.walleij@linaro.org>
  Mike Snitzer <snitzer@redhat.com>
  Miklos Szeredi <mszeredi@redhat.com>
  Mikulas Patocka <mpatocka@redhat.com>
  NeilBrown <neilb@suse.com>
  Peter Chen <peter.chen@nxp.com>
  Sasha Levin <alexander.levin@verizon.com>
  Steven Rostedt <rostedt@goodmis.org>
  Tejun Heo <tj@kernel.org>
  Theodore Ts'o <tytso@mit.edu>
  Thomas Gleixner <tglx@linutronix.de>
  Trond Myklebust <trond.myklebust@primarydata.com>
  Vinod Koul <vinod.koul@intel.com>
  Vittorio Zecca <zeccav@gmail.com>
  Vladimir Zapolskiy <vz@mleia.com>
  Yoshihiro Shimoda <yoshihiro.shimoda.uh@renesas.com>
  Zefan Li <lizefan@huawei.com>

jobs:
 build-amd64-xsm                                              broken  
 build-armhf-xsm                                              broken  
 build-i386-xsm                                               pass    
 build-amd64                                                  broken  
 build-armhf                                                  broken  
 build-i386                                                   pass    
 build-amd64-libvirt                                          blocked 
 build-armhf-libvirt                                          blocked 
 build-i386-libvirt                                           broken  
 build-amd64-pvops                                            broken  
 build-armhf-pvops                                            broken  
 build-i386-pvops                                             pass    
 build-amd64-rumprun                                          blocked 
 build-i386-rumprun                                           fail    
 test-amd64-amd64-xl                                          blocked 
 test-armhf-armhf-xl                                          blocked 
 test-amd64-i386-xl                                           blocked 
 test-amd64-amd64-xl-qemut-debianhvm-amd64-xsm                blocked 
 test-amd64-i386-xl-qemut-debianhvm-amd64-xsm                 blocked 
 test-amd64-amd64-libvirt-qemuu-debianhvm-amd64-xsm           blocked 
 test-amd64-i386-libvirt-qemuu-debianhvm-amd64-xsm            blocked 
 test-amd64-amd64-xl-qemuu-debianhvm-amd64-xsm                blocked 
 test-amd64-i386-xl-qemuu-debianhvm-amd64-xsm                 blocked 
 test-amd64-amd64-xl-qemut-stubdom-debianhvm-amd64-xsm        blocked 
 test-amd64-i386-xl-qemut-stubdom-debianhvm-amd64-xsm         blocked 
 test-amd64-amd64-libvirt-xsm                                 blocked 
 test-armhf-armhf-libvirt-xsm                                 blocked 
 test-amd64-i386-libvirt-xsm                                  blocked 
 test-amd64-amd64-xl-xsm                                      blocked 
 test-armhf-armhf-xl-xsm                                      blocked 
 test-amd64-i386-xl-xsm                                       blocked 
 test-amd64-amd64-qemuu-nested-amd                            blocked 
 test-amd64-amd64-xl-pvh-amd                                  blocked 
 test-amd64-i386-qemut-rhel6hvm-amd                           blocked 
 test-amd64-i386-qemuu-rhel6hvm-amd                           blocked 
 test-amd64-amd64-xl-qemut-debianhvm-amd64                    blocked 
 test-amd64-i386-xl-qemut-debianhvm-amd64                     blocked 
 test-amd64-amd64-xl-qemuu-debianhvm-amd64                    blocked 
 test-amd64-i386-xl-qemuu-debianhvm-amd64                     blocked 
 test-amd64-i386-freebsd10-amd64                              blocked 
 test-amd64-amd64-xl-qemuu-ovmf-amd64                         blocked 
 test-amd64-i386-xl-qemuu-ovmf-amd64                          blocked 
 test-amd64-amd64-rumprun-amd64                               blocked 
 test-amd64-amd64-xl-qemut-win7-amd64                         blocked 
 test-amd64-i386-xl-qemut-win7-amd64                          blocked 
 test-amd64-amd64-xl-qemuu-win7-amd64                         blocked 
 test-amd64-i386-xl-qemuu-win7-amd64                          blocked 
 test-amd64-amd64-xl-credit2                                  blocked 
 test-armhf-armhf-xl-credit2                                  blocked 
 test-amd64-i386-freebsd10-i386                               blocked 
 test-amd64-i386-rumprun-i386                                 blocked 
 test-amd64-amd64-qemuu-nested-intel                          blocked 
 test-amd64-amd64-xl-pvh-intel                                blocked 
 test-amd64-i386-qemut-rhel6hvm-intel                         blocked 
 test-amd64-i386-qemuu-rhel6hvm-intel                         blocked 
 test-amd64-amd64-libvirt                                     blocked 
 test-armhf-armhf-libvirt                                     blocked 
 test-amd64-i386-libvirt                                      blocked 
 test-armhf-armhf-xl-midway                                   blocked 
 test-amd64-amd64-xl-multivcpu                                blocked 
 test-armhf-armhf-xl-multivcpu                                blocked 
 test-amd64-amd64-pair                                        blocked 
 test-amd64-i386-pair                                         blocked 
 test-amd64-amd64-libvirt-pair                                blocked 
 test-amd64-i386-libvirt-pair                                 blocked 
 test-amd64-amd64-amd64-pvgrub                                blocked 
 test-amd64-amd64-i386-pvgrub                                 blocked 
 test-amd64-amd64-pygrub                                      blocked 
 test-armhf-armhf-libvirt-qcow2                               blocked 
 test-amd64-amd64-xl-qcow2                                    blocked 
 test-armhf-armhf-libvirt-raw                                 blocked 
 test-amd64-i386-xl-raw                                       blocked 
 test-amd64-amd64-xl-rtds                                     blocked 
 test-armhf-armhf-xl-rtds                                     blocked 
 test-amd64-i386-xl-qemut-winxpsp3-vcpus1                     blocked 
 test-amd64-i386-xl-qemuu-winxpsp3-vcpus1                     blocked 
 test-amd64-amd64-libvirt-vhd                                 blocked 
 test-armhf-armhf-xl-vhd                                      blocked 
 test-amd64-amd64-xl-qemut-winxpsp3                           blocked 
 test-amd64-i386-xl-qemut-winxpsp3                            blocked 
 test-amd64-amd64-xl-qemuu-winxpsp3                           blocked 
 test-amd64-i386-xl-qemuu-winxpsp3                            blocked 


------------------------------------------------------------
sg-report-flight on osstest.xs.citrite.net
logs: /home/osstest/logs
images: /home/osstest/images

Logs, config files, etc. are available at
    http://osstest.xs.citrite.net/~osstest/testlogs/logs

Test harness code can be found at
    http://xenbits.xensource.com/gitweb?p=osstest.git;a=summary

broken-step build-armhf host-install(3)
broken-step build-amd64-xsm host-install(3)
broken-step build-i386-libvirt host-install(3)
broken-step build-armhf-pvops host-install(3)
broken-step build-amd64 host-install(3)
broken-step build-amd64-pvops host-install(3)
broken-step build-armhf-xsm host-install(3)

Push not applicable.

(No revision log; it would be 841 lines long.)

_______________________________________________
Xen-devel mailing list
Xen-devel@lists.xen.org
https://lists.xen.org/xen-devel

^ permalink raw reply	[flat|nested] only message in thread

only message in thread, other threads:[~2016-09-19  3:57 UTC | newest]

Thread overview: (only message) (download: mbox.gz follow: Atom feed
-- links below jump to the message on this page --
2016-09-19  3:57 [linux-4.1 baseline-only test] 67728: trouble: blocked/broken/fail/pass Platform Team regression test user

This is a public inbox, see mirroring instructions
for how to clone and mirror all data and code used for this inbox;
as well as URLs for NNTP newsgroup(s).