xen-devel.lists.xenproject.org archive mirror
 help / color / mirror / Atom feed
* [ovmf baseline-only test] 67747: all pass
@ 2016-09-22 20:25 Platform Team regression test user
  0 siblings, 0 replies; only message in thread
From: Platform Team regression test user @ 2016-09-22 20:25 UTC (permalink / raw)
  To: xen-devel, osstest-admin

This run is configured for baseline tests only.

flight 67747 ovmf real [real]
http://osstest.xs.citrite.net/~osstest/testlogs/logs/67747/

Perfect :-)
All tests in this flight passed as required
version targeted for testing:
 ovmf                 7f1bf51bdbcaf9dd46f77cf4bd5e69a294dd995e
baseline version:
 ovmf                 5919a9600e07b4700b54a5b47ae3991aad0e883c

Last test of basis    67744  2016-09-22 06:47:21 Z    0 days
Testing same since    67747  2016-09-22 16:49:38 Z    0 days    1 attempts

------------------------------------------------------------
People who touched revisions under test:
  Dandan Bi <dandan.bi@intel.com>
  Laszlo Ersek <lersek@redhat.com>

jobs:
 build-amd64-xsm                                              pass    
 build-i386-xsm                                               pass    
 build-amd64                                                  pass    
 build-i386                                                   pass    
 build-amd64-libvirt                                          pass    
 build-i386-libvirt                                           pass    
 build-amd64-pvops                                            pass    
 build-i386-pvops                                             pass    
 test-amd64-amd64-xl-qemuu-ovmf-amd64                         pass    
 test-amd64-i386-xl-qemuu-ovmf-amd64                          pass    


------------------------------------------------------------
sg-report-flight on osstest.xs.citrite.net
logs: /home/osstest/logs
images: /home/osstest/images

Logs, config files, etc. are available at
    http://osstest.xs.citrite.net/~osstest/testlogs/logs

Test harness code can be found at
    http://xenbits.xensource.com/gitweb?p=osstest.git;a=summary


Push not applicable.

------------------------------------------------------------
commit 7f1bf51bdbcaf9dd46f77cf4bd5e69a294dd995e
Author: Dandan Bi <dandan.bi@intel.com>
Date:   Thu Sep 22 09:21:38 2016 +0800

    OvmfPkg/VirtioGpuDxe: Fix VS toolchain build failure
    
    V2: add the assert codes.
    
    Cc: Jordan Justen <jordan.l.justen@intel.com>
    Cc: Laszlo Ersek <lersek@redhat.com>
    Cc: Liming Gao <liming.gao@intel.com>
    Contributed-under: TianoCore Contribution Agreement 1.0
    Signed-off-by: Dandan Bi <dandan.bi@intel.com>
    Reviewed-by: Laszlo Ersek <lersek@redhat.com>
    [lersek@redhat.com: fix up subject line]
    Signed-off-by: Laszlo Ersek <lersek@redhat.com>

_______________________________________________
Xen-devel mailing list
Xen-devel@lists.xen.org
https://lists.xen.org/xen-devel

^ permalink raw reply	[flat|nested] only message in thread

only message in thread, other threads:[~2016-09-22 20:25 UTC | newest]

Thread overview: (only message) (download: mbox.gz follow: Atom feed
-- links below jump to the message on this page --
2016-09-22 20:25 [ovmf baseline-only test] 67747: all pass Platform Team regression test user

This is a public inbox, see mirroring instructions
for how to clone and mirror all data and code used for this inbox;
as well as URLs for NNTP newsgroup(s).