xen-devel.lists.xenproject.org archive mirror
 help / color / mirror / Atom feed
* [ovmf baseline-only test] 67755: all pass
@ 2016-09-23 19:02 Platform Team regression test user
  0 siblings, 0 replies; only message in thread
From: Platform Team regression test user @ 2016-09-23 19:02 UTC (permalink / raw)
  To: xen-devel, osstest-admin

This run is configured for baseline tests only.

flight 67755 ovmf real [real]
http://osstest.xs.citrite.net/~osstest/testlogs/logs/67755/

Perfect :-)
All tests in this flight passed as required
version targeted for testing:
 ovmf                 8b4ca351dded404f992504c45e358572c4d236f9
baseline version:
 ovmf                 fe882c01122e7e01e0e78ca8da64630faf9a7b5a

Last test of basis    67754  2016-09-23 13:48:50 Z    0 days
Testing same since    67755  2016-09-23 16:18:41 Z    0 days    1 attempts

------------------------------------------------------------
People who touched revisions under test:
  Ard Biesheuvel <ard.biesheuvel@linaro.org>
  Laszlo Ersek <lersek@redhat.com>

jobs:
 build-amd64-xsm                                              pass    
 build-i386-xsm                                               pass    
 build-amd64                                                  pass    
 build-i386                                                   pass    
 build-amd64-libvirt                                          pass    
 build-i386-libvirt                                           pass    
 build-amd64-pvops                                            pass    
 build-i386-pvops                                             pass    
 test-amd64-amd64-xl-qemuu-ovmf-amd64                         pass    
 test-amd64-i386-xl-qemuu-ovmf-amd64                          pass    


------------------------------------------------------------
sg-report-flight on osstest.xs.citrite.net
logs: /home/osstest/logs
images: /home/osstest/images

Logs, config files, etc. are available at
    http://osstest.xs.citrite.net/~osstest/testlogs/logs

Test harness code can be found at
    http://xenbits.xensource.com/gitweb?p=osstest.git;a=summary


Push not applicable.

------------------------------------------------------------
commit 8b4ca351dded404f992504c45e358572c4d236f9
Author: Ard Biesheuvel <ard.biesheuvel@linaro.org>
Date:   Thu Sep 22 09:52:00 2016 +0100

    MdePkg/BaseMemoryLibOptDxe ARM AARCH64: fix thinko in SetMem##
    
    The new InternalMemSetMem##() implementations for ARM and AARCH64 in
    BaseMemoryLibOptDxe fail to take into account that the 'length' argument
    is not in bytes, but in number of items to be copied. So multiply by the
    item size before proceeding.
    
    Reported-by: Laszlo Ersek <lersek@redhat.com>
    Contributed-under: TianoCore Contribution Agreement 1.0
    Signed-off-by: Ard Biesheuvel <ard.biesheuvel@linaro.org>
    Reviewed-by: Liming Gao <liming.gao@intel.com>
    Tested-by: Laszlo Ersek <lersek@redhat.com>

_______________________________________________
Xen-devel mailing list
Xen-devel@lists.xen.org
https://lists.xen.org/xen-devel

^ permalink raw reply	[flat|nested] only message in thread

only message in thread, other threads:[~2016-09-23 19:02 UTC | newest]

Thread overview: (only message) (download: mbox.gz follow: Atom feed
-- links below jump to the message on this page --
2016-09-23 19:02 [ovmf baseline-only test] 67755: all pass Platform Team regression test user

This is a public inbox, see mirroring instructions
for how to clone and mirror all data and code used for this inbox;
as well as URLs for NNTP newsgroup(s).