* [xen-unstable baseline-only test] 67767: regressions - FAIL
@ 2016-09-27 14:23 Platform Team regression test user
0 siblings, 0 replies; only message in thread
From: Platform Team regression test user @ 2016-09-27 14:23 UTC (permalink / raw)
To: xen-devel, osstest-admin
This run is configured for baseline tests only.
flight 67767 xen-unstable real [real]
http://osstest.xs.citrite.net/~osstest/testlogs/logs/67767/
Regressions :-(
Tests which did not succeed and are blocking,
including tests which could not be run:
test-amd64-amd64-migrupgrade 9 xen-boot/src_host fail REGR. vs. 67758
Regressions which are regarded as allowable (not blocking):
test-amd64-amd64-xl-qemut-stubdom-debianhvm-amd64-xsm 9 debian-hvm-install fail like 67758
test-amd64-amd64-qemuu-nested-intel 16 debian-hvm-install/l1/l2 fail like 67758
test-amd64-i386-xl-qemuu-win7-amd64 16 guest-stop fail like 67758
test-amd64-amd64-xl-qemut-winxpsp3 9 windows-install fail like 67758
test-amd64-amd64-xl-qemut-debianhvm-amd64 9 debian-hvm-install fail like 67758
test-amd64-i386-xl-qemut-debianhvm-amd64 9 debian-hvm-install fail like 67758
test-amd64-amd64-xl-qemut-debianhvm-amd64-xsm 9 debian-hvm-install fail like 67758
test-amd64-i386-qemut-rhel6hvm-intel 9 redhat-install fail like 67758
test-amd64-i386-xl-qemut-debianhvm-amd64-xsm 9 debian-hvm-install fail like 67758
test-amd64-i386-xl-qemut-winxpsp3-vcpus1 9 windows-install fail like 67758
test-amd64-i386-xl-qemut-winxpsp3 9 windows-install fail like 67758
test-amd64-i386-xl-qemut-stubdom-debianhvm-amd64-xsm 9 debian-hvm-install fail like 67758
Tests which did not succeed, but are not blocking:
test-amd64-amd64-rumprun-amd64 1 build-check(1) blocked n/a
test-amd64-i386-rumprun-i386 1 build-check(1) blocked n/a
build-amd64-rumprun 5 rumprun-build fail never pass
build-i386-rumprun 5 rumprun-build fail never pass
test-armhf-armhf-xl-credit2 12 migrate-support-check fail never pass
test-armhf-armhf-xl-credit2 13 saverestore-support-check fail never pass
test-armhf-armhf-xl-midway 12 migrate-support-check fail never pass
test-armhf-armhf-xl-midway 13 saverestore-support-check fail never pass
test-armhf-armhf-xl-multivcpu 12 migrate-support-check fail never pass
test-armhf-armhf-xl-multivcpu 13 saverestore-support-check fail never pass
test-amd64-amd64-qemuu-nested-amd 16 debian-hvm-install/l1/l2 fail never pass
test-armhf-armhf-xl-rtds 12 migrate-support-check fail never pass
test-armhf-armhf-xl-rtds 13 saverestore-support-check fail never pass
test-amd64-i386-libvirt-xsm 12 migrate-support-check fail never pass
test-amd64-amd64-xl-pvh-amd 11 guest-start fail never pass
test-amd64-amd64-xl-qemut-win7-amd64 16 guest-stop fail never pass
test-armhf-armhf-xl-vhd 11 migrate-support-check fail never pass
test-armhf-armhf-xl-vhd 12 saverestore-support-check fail never pass
test-amd64-amd64-xl-pvh-intel 11 guest-start fail never pass
test-armhf-armhf-libvirt-qcow2 11 migrate-support-check fail never pass
test-armhf-armhf-libvirt-qcow2 13 guest-saverestore fail never pass
test-armhf-armhf-libvirt 12 migrate-support-check fail never pass
test-armhf-armhf-libvirt 14 guest-saverestore fail never pass
test-armhf-armhf-xl 12 migrate-support-check fail never pass
test-armhf-armhf-xl 13 saverestore-support-check fail never pass
test-armhf-armhf-xl-xsm 12 migrate-support-check fail never pass
test-armhf-armhf-xl-xsm 13 saverestore-support-check fail never pass
test-armhf-armhf-libvirt-xsm 12 migrate-support-check fail never pass
test-armhf-armhf-libvirt-xsm 14 guest-saverestore fail never pass
test-amd64-amd64-libvirt 12 migrate-support-check fail never pass
test-armhf-armhf-libvirt-raw 11 migrate-support-check fail never pass
test-armhf-armhf-libvirt-raw 13 guest-saverestore fail never pass
test-amd64-amd64-xl-qemuu-win7-amd64 16 guest-stop fail never pass
test-amd64-i386-libvirt 12 migrate-support-check fail never pass
test-amd64-amd64-libvirt-xsm 12 migrate-support-check fail never pass
test-amd64-amd64-libvirt-vhd 11 migrate-support-check fail never pass
test-amd64-i386-libvirt-qemuu-debianhvm-amd64-xsm 10 migrate-support-check fail never pass
test-amd64-amd64-libvirt-qemuu-debianhvm-amd64-xsm 10 migrate-support-check fail never pass
test-amd64-i386-xl-qemut-win7-amd64 16 guest-stop fail never pass
version targeted for testing:
xen 89c423a170de2fef08445ea9151bcfa15c45b217
baseline version:
xen a75f34462612a05547fc43d192705a9c31cad7fb
Last test of basis 67758 2016-09-24 01:15:59 Z 3 days
Testing same since 67767 2016-09-27 02:14:01 Z 0 days 1 attempts
------------------------------------------------------------
People who touched revisions under test:
Andrew Cooper <andrew.cooper3@citrix.com>
Borislav Petkov <bp@suse.de>
Emanuel Czirai <icanrealizeum@gmail.com>
Jan Beulich <jbeulich@suse.com>
Kevin Tian <kevin.tian@intel.com>
jobs:
build-amd64-xsm pass
build-armhf-xsm pass
build-i386-xsm pass
build-amd64-xtf pass
build-amd64 pass
build-armhf pass
build-i386 pass
build-amd64-libvirt pass
build-armhf-libvirt pass
build-i386-libvirt pass
build-amd64-oldkern pass
build-i386-oldkern pass
build-amd64-prev pass
build-i386-prev pass
build-amd64-pvops pass
build-armhf-pvops pass
build-i386-pvops pass
build-amd64-rumprun fail
build-i386-rumprun fail
test-xtf-amd64-amd64-1 pass
test-xtf-amd64-amd64-2 pass
test-xtf-amd64-amd64-3 pass
test-xtf-amd64-amd64-4 pass
test-xtf-amd64-amd64-5 pass
test-amd64-amd64-xl pass
test-armhf-armhf-xl pass
test-amd64-i386-xl pass
test-amd64-amd64-xl-qemut-debianhvm-amd64-xsm fail
test-amd64-i386-xl-qemut-debianhvm-amd64-xsm fail
test-amd64-amd64-libvirt-qemuu-debianhvm-amd64-xsm pass
test-amd64-i386-libvirt-qemuu-debianhvm-amd64-xsm pass
test-amd64-amd64-xl-qemuu-debianhvm-amd64-xsm pass
test-amd64-i386-xl-qemuu-debianhvm-amd64-xsm pass
test-amd64-amd64-xl-qemut-stubdom-debianhvm-amd64-xsm fail
test-amd64-i386-xl-qemut-stubdom-debianhvm-amd64-xsm fail
test-amd64-amd64-libvirt-xsm pass
test-armhf-armhf-libvirt-xsm fail
test-amd64-i386-libvirt-xsm pass
test-amd64-amd64-xl-xsm pass
test-armhf-armhf-xl-xsm pass
test-amd64-i386-xl-xsm pass
test-amd64-amd64-qemuu-nested-amd fail
test-amd64-amd64-xl-pvh-amd fail
test-amd64-i386-qemut-rhel6hvm-amd pass
test-amd64-i386-qemuu-rhel6hvm-amd pass
test-amd64-amd64-xl-qemut-debianhvm-amd64 fail
test-amd64-i386-xl-qemut-debianhvm-amd64 fail
test-amd64-amd64-xl-qemuu-debianhvm-amd64 pass
test-amd64-i386-xl-qemuu-debianhvm-amd64 pass
test-amd64-i386-freebsd10-amd64 pass
test-amd64-amd64-xl-qemuu-ovmf-amd64 pass
test-amd64-i386-xl-qemuu-ovmf-amd64 pass
test-amd64-amd64-rumprun-amd64 blocked
test-amd64-amd64-xl-qemut-win7-amd64 fail
test-amd64-i386-xl-qemut-win7-amd64 fail
test-amd64-amd64-xl-qemuu-win7-amd64 fail
test-amd64-i386-xl-qemuu-win7-amd64 fail
test-amd64-amd64-xl-credit2 pass
test-armhf-armhf-xl-credit2 pass
test-amd64-i386-freebsd10-i386 pass
test-amd64-i386-rumprun-i386 blocked
test-amd64-amd64-qemuu-nested-intel fail
test-amd64-amd64-xl-pvh-intel fail
test-amd64-i386-qemut-rhel6hvm-intel fail
test-amd64-i386-qemuu-rhel6hvm-intel pass
test-amd64-amd64-libvirt pass
test-armhf-armhf-libvirt fail
test-amd64-i386-libvirt pass
test-armhf-armhf-xl-midway pass
test-amd64-amd64-migrupgrade fail
test-amd64-i386-migrupgrade pass
test-amd64-amd64-xl-multivcpu pass
test-armhf-armhf-xl-multivcpu pass
test-amd64-amd64-pair pass
test-amd64-i386-pair pass
test-amd64-amd64-libvirt-pair pass
test-amd64-i386-libvirt-pair pass
test-amd64-amd64-amd64-pvgrub pass
test-amd64-amd64-i386-pvgrub pass
test-amd64-amd64-pygrub pass
test-armhf-armhf-libvirt-qcow2 fail
test-amd64-amd64-xl-qcow2 pass
test-armhf-armhf-libvirt-raw fail
test-amd64-i386-xl-raw pass
test-amd64-amd64-xl-rtds pass
test-armhf-armhf-xl-rtds pass
test-amd64-i386-xl-qemut-winxpsp3-vcpus1 fail
test-amd64-i386-xl-qemuu-winxpsp3-vcpus1 pass
test-amd64-amd64-libvirt-vhd pass
test-armhf-armhf-xl-vhd pass
test-amd64-amd64-xl-qemut-winxpsp3 fail
test-amd64-i386-xl-qemut-winxpsp3 fail
test-amd64-amd64-xl-qemuu-winxpsp3 pass
test-amd64-i386-xl-qemuu-winxpsp3 pass
------------------------------------------------------------
sg-report-flight on osstest.xs.citrite.net
logs: /home/osstest/logs
images: /home/osstest/images
Logs, config files, etc. are available at
http://osstest.xs.citrite.net/~osstest/testlogs/logs
Test harness code can be found at
http://xenbits.xensource.com/gitweb?p=osstest.git;a=summary
Push not applicable.
------------------------------------------------------------
commit 89c423a170de2fef08445ea9151bcfa15c45b217
Author: Andrew Cooper <andrew.cooper3@citrix.com>
Date: Mon Sep 26 14:28:21 2016 +0000
x86/svm: Drop the set_segment_register() macro
Replace its sole users with a single piece of inline assembly which is more
flexable about its register constraints, rather than forcing the use of %ax.
While editing this area, reflow the comment to remove trailing whitespace and
use fewer lines.
No functional change.
Signed-off-by: Andrew Cooper <andrew.cooper3@citrix.com>
Reviewed-by: Jan Beulich <jbeulich@suse.com>
Reviewed-by: Boris Ostrovsky <boris.ostrovsky@oracle.com>
commit 6bfee2038565a208f4ecef0911087ca10eecf25b
Author: Emanuel Czirai <icanrealizeum@gmail.com>
Date: Mon Sep 26 17:28:09 2016 +0200
x86/AMD: apply erratum 665 workaround
AMD F12h machines have an erratum which can cause DIV/IDIV to behave
unpredictably. The workaround is to set MSRC001_1029[31] but sometimes
there is no BIOS update containing that workaround so let's do it
ourselves unconditionally. It is simple enough.
[ Borislav: Wrote commit message. ]
Signed-off-by: Emanuel Czirai <icanrealizeum@gmail.com>
Signed-off-by: Borislav Petkov <bp@suse.de>
[Linux commit: d1992996753132e2dafe955cccb2fb0714d3cfc4]
Make applicable to Xen.
Signed-off-by: Jan Beulich <jbeulich@suse.com>
Reviewed-by: Andrew Cooper <andrew.cooper3@citrix.com>
commit bdb860d01cac7bcbaebbdce29ae9e9c7e9582d03
Author: Jan Beulich <jbeulich@suse.com>
Date: Mon Sep 26 17:27:34 2016 +0200
x86/HVM: correct segment register loading during task switch
Instead of #NP, #SS needs to be raised for a non-present %ss
descriptor.
Don't lose the low two selector bits on null selector loads.
Signed-off-by: Jan Beulich <jbeulich@suse.com>
Reviewed-by: Andrew Cooper <andrew.cooper3@citrix.com>
commit dcfd9a5eadedc71d8546286b881bba7db152207a
Author: Jan Beulich <jbeulich@suse.com>
Date: Mon Sep 26 17:27:06 2016 +0200
x86emul: don't allow null selector for LTR
Signed-off-by: Jan Beulich <jbeulich@suse.com>
Reviewed-by: Konrad Rzeszutek Wilk <konrad.wilk@oracle.com>
Reviewed-by: Andrew Cooper <andrew.cooper3@citrix.com>
commit 5602e74c60c1ec2feef4cdd75376e4b1a1d7e681
Author: Jan Beulich <jbeulich@suse.com>
Date: Mon Sep 26 17:21:36 2016 +0200
x86emul: correct loading of %ss
- Instead of #NP, #SS needs to be raised for non-present descriptors.
- Loading a null selector is fine in 64-bit mode at CPL != 3, as long
as RPL == CPL.
- Don't lose the low two selector bits on null selector loads (also
applies to %ds, %es, %fs, %gs, and LDTR).
Since we need CPL earlier now, also switch to using get_cpl() (instead
of open coding it).
Signed-off-by: Jan Beulich <jbeulich@suse.com>
Reviewed-by: Andrew Cooper <andrew.cooper3@citrix.com>
commit 7c8004ef0cb699320161e2bb3bb10bafadd3f8d4
Author: Jan Beulich <jbeulich@suse.com>
Date: Mon Sep 26 17:20:36 2016 +0200
VMX: don't bypass vmx_update_secondary_exec_control()
While putting together another patch modifying the secondary exec
controls I noticed that vmx_vcpu_update_vmfunc_ve() does a raw VMWRITE
instead of going through the designated function. I assume that is not
how it should be.
Signed-off-by: Jan Beulich <jbeulich@suse.com>
Acked-by: Kevin Tian <kevin.tian@intel.com>
(qemu changes not included)
_______________________________________________
Xen-devel mailing list
Xen-devel@lists.xen.org
https://lists.xen.org/xen-devel
^ permalink raw reply [flat|nested] only message in thread
only message in thread, other threads:[~2016-09-27 14:23 UTC | newest]
Thread overview: (only message) (download: mbox.gz follow: Atom feed
-- links below jump to the message on this page --
2016-09-27 14:23 [xen-unstable baseline-only test] 67767: regressions - FAIL Platform Team regression test user
This is a public inbox, see mirroring instructions
for how to clone and mirror all data and code used for this inbox;
as well as URLs for NNTP newsgroup(s).