From: Platform Team regression test user <citrix-osstest@xenproject.org>
To: xen-devel@lists.xensource.com, osstest-admin@xenproject.org
Subject: [xen-4.6-testing baseline-only test] 67796: regressions - trouble: blocked/broken/fail/pass
Date: Wed, 5 Oct 2016 19:09:48 +0100 [thread overview]
Message-ID: <osstest-67796-mainreport@xen.org> (raw)
This run is configured for baseline tests only.
flight 67796 xen-4.6-testing real [real]
http://osstest.xs.citrite.net/~osstest/testlogs/logs/67796/
Regressions :-(
Tests which did not succeed and are blocking,
including tests which could not be run:
test-amd64-i386-xl-qemut-stubdom-debianhvm-amd64-xsm 2 hosts-allocate broken REGR. vs. 67782
test-amd64-i386-libvirt-qemuu-debianhvm-amd64-xsm 2 hosts-allocate broken REGR. vs. 67782
test-amd64-i386-xl-qemut-debianhvm-amd64-xsm 2 hosts-allocate broken REGR. vs. 67782
test-amd64-i386-libvirt-xsm 2 hosts-allocate broken REGR. vs. 67782
test-amd64-i386-xl-qemuu-debianhvm-amd64-xsm 2 hosts-allocate broken REGR. vs. 67782
test-amd64-amd64-xl-xsm 2 hosts-allocate broken REGR. vs. 67782
test-amd64-i386-xl-xsm 2 hosts-allocate broken REGR. vs. 67782
test-amd64-amd64-xl-qemuu-debianhvm-amd64-xsm 2 hosts-allocate broken REGR. vs. 67782
test-amd64-i386-xl-raw 2 hosts-allocate broken REGR. vs. 67782
test-xtf-amd64-amd64-3 2 hosts-allocate broken REGR. vs. 67782
test-xtf-amd64-amd64-2 2 hosts-allocate broken REGR. vs. 67782
test-amd64-i386-xl-qemut-win7-amd64 2 hosts-allocate broken REGR. vs. 67782
test-xtf-amd64-amd64-5 2 hosts-allocate broken REGR. vs. 67782
test-amd64-i386-xl-qemuu-debianhvm-amd64 2 hosts-allocate broken REGR. vs. 67782
test-amd64-i386-xl-qemuu-win7-amd64 2 hosts-allocate broken REGR. vs. 67782
test-amd64-i386-xl-qemuu-ovmf-amd64 2 hosts-allocate broken REGR. vs. 67782
test-amd64-i386-xl-qemut-winxpsp3-vcpus1 2 hosts-allocate broken REGR. vs. 67782
test-amd64-i386-xl-qemuu-winxpsp3-vcpus1 2 hosts-allocate broken REGR. vs. 67782
test-xtf-amd64-amd64-4 2 hosts-allocate broken REGR. vs. 67782
test-amd64-i386-qemut-rhel6hvm-amd 2 hosts-allocate broken REGR. vs. 67782
test-amd64-amd64-xl-qemut-stubdom-debianhvm-amd64-xsm 2 hosts-allocate broken REGR. vs. 67782
test-amd64-i386-xl 3 host-install(3) broken REGR. vs. 67782
test-armhf-armhf-xl 15 guest-start/debian.repeat fail REGR. vs. 67782
test-xtf-amd64-amd64-1 19 xtf/test-hvm32-invlpg~shadow fail REGR. vs. 67782
test-xtf-amd64-amd64-1 26 xtf/test-hvm32pae-invlpg~shadow fail REGR. vs. 67782
test-xtf-amd64-amd64-1 34 xtf/test-hvm64-invlpg~shadow fail REGR. vs. 67782
test-amd64-amd64-i386-pvgrub 10 guest-start fail REGR. vs. 67782
Regressions which are regarded as allowable (not blocking):
test-amd64-amd64-xl-qemuu-win7-amd64 16 guest-stop fail like 67782
test-amd64-amd64-qemuu-nested-intel 16 debian-hvm-install/l1/l2 fail like 67782
test-amd64-amd64-xl-qemut-winxpsp3 9 windows-install fail like 67782
Tests which did not succeed, but are not blocking:
test-amd64-amd64-rumprun-amd64 1 build-check(1) blocked n/a
test-amd64-i386-rumprun-i386 1 build-check(1) blocked n/a
test-armhf-armhf-xl-credit2 12 migrate-support-check fail never pass
test-armhf-armhf-xl-credit2 13 saverestore-support-check fail never pass
build-amd64-rumprun 5 rumprun-build fail never pass
build-i386-rumprun 5 rumprun-build fail never pass
test-amd64-amd64-libvirt-vhd 11 migrate-support-check fail never pass
test-amd64-amd64-libvirt-qemuu-debianhvm-amd64-xsm 10 migrate-support-check fail never pass
test-armhf-armhf-xl-midway 12 migrate-support-check fail never pass
test-armhf-armhf-xl-midway 13 saverestore-support-check fail never pass
test-armhf-armhf-xl-multivcpu 12 migrate-support-check fail never pass
test-armhf-armhf-xl-multivcpu 13 saverestore-support-check fail never pass
test-armhf-armhf-xl-rtds 12 migrate-support-check fail never pass
test-armhf-armhf-xl-rtds 13 saverestore-support-check fail never pass
test-amd64-i386-libvirt 12 migrate-support-check fail never pass
test-armhf-armhf-libvirt-raw 11 migrate-support-check fail never pass
test-armhf-armhf-libvirt-raw 13 guest-saverestore fail never pass
test-armhf-armhf-libvirt-qcow2 11 migrate-support-check fail never pass
test-armhf-armhf-libvirt-qcow2 13 guest-saverestore fail never pass
test-armhf-armhf-libvirt 12 migrate-support-check fail never pass
test-armhf-armhf-libvirt 14 guest-saverestore fail never pass
test-armhf-armhf-xl-vhd 11 migrate-support-check fail never pass
test-armhf-armhf-xl-vhd 12 saverestore-support-check fail never pass
test-armhf-armhf-xl-xsm 12 migrate-support-check fail never pass
test-armhf-armhf-xl-xsm 13 saverestore-support-check fail never pass
test-armhf-armhf-xl 12 migrate-support-check fail never pass
test-armhf-armhf-xl 13 saverestore-support-check fail never pass
test-armhf-armhf-libvirt-xsm 12 migrate-support-check fail never pass
test-armhf-armhf-libvirt-xsm 14 guest-saverestore fail never pass
test-amd64-amd64-qemuu-nested-amd 16 debian-hvm-install/l1/l2 fail never pass
test-amd64-amd64-xl-pvh-amd 11 guest-start fail never pass
test-amd64-amd64-xl-pvh-intel 11 guest-start fail never pass
test-amd64-amd64-libvirt-xsm 12 migrate-support-check fail never pass
test-amd64-amd64-libvirt 12 migrate-support-check fail never pass
test-amd64-amd64-xl-qemut-win7-amd64 16 guest-stop fail never pass
version targeted for testing:
xen 4b41252d00f1caf25a9811580a9b344db3c03708
baseline version:
xen ef005cc1f86de8db0880c7b1e233ef9d2b44b4ef
Last test of basis 67782 2016-09-29 01:17:52 Z 6 days
Testing same since 67796 2016-10-05 09:46:18 Z 0 days 1 attempts
------------------------------------------------------------
People who touched revisions under test:
Jan Beulich <jbeulich@suse.com>
jobs:
build-amd64-xsm pass
build-armhf-xsm pass
build-i386-xsm pass
build-amd64-xtf pass
build-amd64 pass
build-armhf pass
build-i386 pass
build-amd64-libvirt pass
build-armhf-libvirt pass
build-i386-libvirt pass
build-amd64-prev pass
build-i386-prev pass
build-amd64-pvops pass
build-armhf-pvops pass
build-i386-pvops pass
build-amd64-rumprun fail
build-i386-rumprun fail
test-xtf-amd64-amd64-1 pass
test-xtf-amd64-amd64-2 broken
test-xtf-amd64-amd64-3 broken
test-xtf-amd64-amd64-4 broken
test-xtf-amd64-amd64-5 broken
test-amd64-amd64-xl pass
test-armhf-armhf-xl fail
test-amd64-i386-xl broken
test-amd64-amd64-xl-qemut-debianhvm-amd64-xsm pass
test-amd64-i386-xl-qemut-debianhvm-amd64-xsm broken
test-amd64-amd64-libvirt-qemuu-debianhvm-amd64-xsm pass
test-amd64-i386-libvirt-qemuu-debianhvm-amd64-xsm broken
test-amd64-amd64-xl-qemuu-debianhvm-amd64-xsm broken
test-amd64-i386-xl-qemuu-debianhvm-amd64-xsm broken
test-amd64-amd64-xl-qemut-stubdom-debianhvm-amd64-xsm broken
test-amd64-i386-xl-qemut-stubdom-debianhvm-amd64-xsm broken
test-amd64-amd64-libvirt-xsm pass
test-armhf-armhf-libvirt-xsm fail
test-amd64-i386-libvirt-xsm broken
test-amd64-amd64-xl-xsm broken
test-armhf-armhf-xl-xsm pass
test-amd64-i386-xl-xsm broken
test-amd64-amd64-qemuu-nested-amd fail
test-amd64-amd64-xl-pvh-amd fail
test-amd64-i386-qemut-rhel6hvm-amd broken
test-amd64-i386-qemuu-rhel6hvm-amd pass
test-amd64-amd64-xl-qemut-debianhvm-amd64 pass
test-amd64-i386-xl-qemut-debianhvm-amd64 pass
test-amd64-amd64-xl-qemuu-debianhvm-amd64 pass
test-amd64-i386-xl-qemuu-debianhvm-amd64 broken
test-amd64-i386-freebsd10-amd64 pass
test-amd64-amd64-xl-qemuu-ovmf-amd64 pass
test-amd64-i386-xl-qemuu-ovmf-amd64 broken
test-amd64-amd64-rumprun-amd64 blocked
test-amd64-amd64-xl-qemut-win7-amd64 fail
test-amd64-i386-xl-qemut-win7-amd64 broken
test-amd64-amd64-xl-qemuu-win7-amd64 fail
test-amd64-i386-xl-qemuu-win7-amd64 broken
test-amd64-amd64-xl-credit2 pass
test-armhf-armhf-xl-credit2 pass
test-amd64-i386-freebsd10-i386 pass
test-amd64-i386-rumprun-i386 blocked
test-amd64-amd64-qemuu-nested-intel fail
test-amd64-amd64-xl-pvh-intel fail
test-amd64-i386-qemut-rhel6hvm-intel pass
test-amd64-i386-qemuu-rhel6hvm-intel pass
test-amd64-amd64-libvirt pass
test-armhf-armhf-libvirt fail
test-amd64-i386-libvirt pass
test-armhf-armhf-xl-midway pass
test-amd64-amd64-migrupgrade pass
test-amd64-i386-migrupgrade pass
test-amd64-amd64-xl-multivcpu pass
test-armhf-armhf-xl-multivcpu pass
test-amd64-amd64-pair pass
test-amd64-i386-pair pass
test-amd64-amd64-libvirt-pair pass
test-amd64-i386-libvirt-pair pass
test-amd64-amd64-amd64-pvgrub pass
test-amd64-amd64-i386-pvgrub fail
test-amd64-amd64-pygrub pass
test-armhf-armhf-libvirt-qcow2 fail
test-amd64-amd64-xl-qcow2 pass
test-armhf-armhf-libvirt-raw fail
test-amd64-i386-xl-raw broken
test-amd64-amd64-xl-rtds pass
test-armhf-armhf-xl-rtds pass
test-amd64-i386-xl-qemut-winxpsp3-vcpus1 broken
test-amd64-i386-xl-qemuu-winxpsp3-vcpus1 broken
test-amd64-amd64-libvirt-vhd pass
test-armhf-armhf-xl-vhd pass
test-amd64-amd64-xl-qemut-winxpsp3 fail
test-amd64-i386-xl-qemut-winxpsp3 pass
test-amd64-amd64-xl-qemuu-winxpsp3 pass
test-amd64-i386-xl-qemuu-winxpsp3 pass
------------------------------------------------------------
sg-report-flight on osstest.xs.citrite.net
logs: /home/osstest/logs
images: /home/osstest/images
Logs, config files, etc. are available at
http://osstest.xs.citrite.net/~osstest/testlogs/logs
Test harness code can be found at
http://xenbits.xensource.com/gitweb?p=osstest.git;a=summary
broken-step test-amd64-i386-xl-qemut-stubdom-debianhvm-amd64-xsm hosts-allocate
broken-step test-amd64-i386-libvirt-qemuu-debianhvm-amd64-xsm hosts-allocate
broken-step test-amd64-i386-xl-qemut-debianhvm-amd64-xsm hosts-allocate
broken-step test-amd64-i386-libvirt-xsm hosts-allocate
broken-step test-amd64-i386-xl-qemuu-debianhvm-amd64-xsm hosts-allocate
broken-step test-amd64-amd64-xl-xsm hosts-allocate
broken-step test-amd64-i386-xl-xsm hosts-allocate
broken-step test-amd64-amd64-xl-qemuu-debianhvm-amd64-xsm hosts-allocate
broken-step test-amd64-i386-xl-raw hosts-allocate
broken-step test-xtf-amd64-amd64-3 hosts-allocate
broken-step test-xtf-amd64-amd64-2 hosts-allocate
broken-step test-amd64-i386-xl-qemut-win7-amd64 hosts-allocate
broken-step test-xtf-amd64-amd64-5 hosts-allocate
broken-step test-amd64-i386-xl-qemuu-debianhvm-amd64 hosts-allocate
broken-step test-amd64-i386-xl-qemuu-win7-amd64 hosts-allocate
broken-step test-amd64-i386-xl-qemuu-ovmf-amd64 hosts-allocate
broken-step test-amd64-i386-xl-qemut-winxpsp3-vcpus1 hosts-allocate
broken-step test-amd64-i386-xl-qemuu-winxpsp3-vcpus1 hosts-allocate
broken-step test-xtf-amd64-amd64-4 hosts-allocate
broken-step test-amd64-i386-qemut-rhel6hvm-amd hosts-allocate
broken-step test-amd64-amd64-xl-qemut-stubdom-debianhvm-amd64-xsm hosts-allocate
broken-step test-amd64-i386-xl host-install(3)
Push not applicable.
------------------------------------------------------------
commit 4b41252d00f1caf25a9811580a9b344db3c03708
Author: Jan Beulich <jbeulich@suse.com>
Date: Tue Oct 4 14:05:41 2016 +0100
x86emul: honor guest CR0.TS and CR0.EM
We must not emulate any instructions accessing respective registers
when either of these flags is set in the guest view of the register, or
else we may do so on data not belonging to the guest's current task.
Being architecturally required behavior, the logic gets placed in the
instruction emulator instead of hvmemul_get_fpu(). It should be noted,
though, that hvmemul_get_fpu() being the only current handler for the
get_fpu() callback, we don't have an active problem with CR4: Both
CR4.OSFXSR and CR4.OSXSAVE get handled as necessary by that function.
This is XSA-190.
Signed-off-by: Jan Beulich <jbeulich@suse.com>
Reviewed-by: Andrew Cooper <andrew.cooper3@citrix.com>
(qemu changes not included)
_______________________________________________
Xen-devel mailing list
Xen-devel@lists.xen.org
https://lists.xen.org/xen-devel
reply other threads:[~2016-10-05 18:09 UTC|newest]
Thread overview: [no followups] expand[flat|nested] mbox.gz Atom feed
Reply instructions:
You may reply publicly to this message via plain-text email
using any one of the following methods:
* Save the following mbox file, import it into your mail client,
and reply-to-all from there: mbox
Avoid top-posting and favor interleaved quoting:
https://en.wikipedia.org/wiki/Posting_style#Interleaved_style
* Reply using the --to, --cc, and --in-reply-to
switches of git-send-email(1):
git send-email \
--in-reply-to=osstest-67796-mainreport@xen.org \
--to=citrix-osstest@xenproject.org \
--cc=osstest-admin@xenproject.org \
--cc=xen-devel@lists.xensource.com \
/path/to/YOUR_REPLY
https://kernel.org/pub/software/scm/git/docs/git-send-email.html
* If your mail client supports setting the In-Reply-To header
via mailto: links, try the mailto: link
Be sure your reply has a Subject: header at the top and a blank line
before the message body.
This is a public inbox, see mirroring instructions
for how to clone and mirror all data and code used for this inbox;
as well as URLs for NNTP newsgroup(s).