xen-devel.lists.xenproject.org archive mirror
 help / color / mirror / Atom feed
From: Platform Team regression test user <citrix-osstest@xenproject.org>
To: xen-devel@lists.xensource.com, osstest-admin@xenproject.org
Subject: [ovmf baseline-only test] 67855: regressions - FAIL
Date: Mon, 10 Oct 2016 11:54:51 +0100	[thread overview]
Message-ID: <osstest-67855-mainreport@xen.org> (raw)

This run is configured for baseline tests only.

flight 67855 ovmf real [real]
http://osstest.xs.citrite.net/~osstest/testlogs/logs/67855/

Regressions :-(

Tests which did not succeed and are blocking,
including tests which could not be run:
 test-amd64-amd64-xl-qemuu-ovmf-amd64  6 xen-boot          fail REGR. vs. 67853

version targeted for testing:
 ovmf                 cf8140930ab23497f729b1750b5962fe18dbc685
baseline version:
 ovmf                 6859cc8b72d3c205853dd1030b143439f5b2215a

Last test of basis    67853  2016-10-09 11:46:12 Z    0 days
Testing same since    67855  2016-10-10 07:48:15 Z    0 days    1 attempts

------------------------------------------------------------
People who touched revisions under test:
  Cinnamon Shia <cinnamon.shia@hpe.com>

jobs:
 build-amd64-xsm                                              pass    
 build-i386-xsm                                               pass    
 build-amd64                                                  pass    
 build-i386                                                   pass    
 build-amd64-libvirt                                          pass    
 build-i386-libvirt                                           pass    
 build-amd64-pvops                                            pass    
 build-i386-pvops                                             pass    
 test-amd64-amd64-xl-qemuu-ovmf-amd64                         fail    
 test-amd64-i386-xl-qemuu-ovmf-amd64                          pass    


------------------------------------------------------------
sg-report-flight on osstest.xs.citrite.net
logs: /home/osstest/logs
images: /home/osstest/images

Logs, config files, etc. are available at
    http://osstest.xs.citrite.net/~osstest/testlogs/logs

Test harness code can be found at
    http://xenbits.xensource.com/gitweb?p=osstest.git;a=summary


Push not applicable.

------------------------------------------------------------
commit cf8140930ab23497f729b1750b5962fe18dbc685
Author: Cinnamon Shia <cinnamon.shia@hpe.com>
Date:   Mon Oct 3 17:28:30 2016 +0800

    Nt32Pkg/PlatformBootManagerLib: Signal the End of DXE Event
    
    From PI spec vol2:
    Prior to invoking any UEFI drivers, applications, or connecting consoles,
    the platform should signal the event EFI_END_OF_DXE_EVENT_GUID
    
    Contributed-under: TianoCore Contribution Agreement 1.0
    Signed-off-by: Cinnamon Shia <cinnamon.shia@hpe.com>
    Reviewed-by: Ruiyu Ni <ruiyu.ni@intel.com>

_______________________________________________
Xen-devel mailing list
Xen-devel@lists.xen.org
https://lists.xen.org/xen-devel

                 reply	other threads:[~2016-10-10 10:54 UTC|newest]

Thread overview: [no followups] expand[flat|nested]  mbox.gz  Atom feed

Reply instructions:

You may reply publicly to this message via plain-text email
using any one of the following methods:

* Save the following mbox file, import it into your mail client,
  and reply-to-all from there: mbox

  Avoid top-posting and favor interleaved quoting:
  https://en.wikipedia.org/wiki/Posting_style#Interleaved_style

* Reply using the --to, --cc, and --in-reply-to
  switches of git-send-email(1):

  git send-email \
    --in-reply-to=osstest-67855-mainreport@xen.org \
    --to=citrix-osstest@xenproject.org \
    --cc=osstest-admin@xenproject.org \
    --cc=xen-devel@lists.xensource.com \
    /path/to/YOUR_REPLY

  https://kernel.org/pub/software/scm/git/docs/git-send-email.html

* If your mail client supports setting the In-Reply-To header
  via mailto: links, try the mailto: link
Be sure your reply has a Subject: header at the top and a blank line before the message body.
This is a public inbox, see mirroring instructions
for how to clone and mirror all data and code used for this inbox;
as well as URLs for NNTP newsgroup(s).