* [ovmf baseline-only test] 67869: all pass
@ 2016-10-12 21:47 Platform Team regression test user
0 siblings, 0 replies; only message in thread
From: Platform Team regression test user @ 2016-10-12 21:47 UTC (permalink / raw)
To: xen-devel, osstest-admin
This run is configured for baseline tests only.
flight 67869 ovmf real [real]
http://osstest.xs.citrite.net/~osstest/testlogs/logs/67869/
Perfect :-)
All tests in this flight passed as required
version targeted for testing:
ovmf 50d4be4f4e3d5beb2c1aa58853b92e3cc1f4cb9a
baseline version:
ovmf 46cd2cb6a7ba5b1fdaff1eb18a13dc399d6a7fe2
Last test of basis 67867 2016-10-12 08:19:10 Z 0 days
Testing same since 67869 2016-10-12 15:49:42 Z 0 days 1 attempts
------------------------------------------------------------
People who touched revisions under test:
Bruce Cran <bruce.cran@sandisk.com>
Daniil Egranov <daniil.egranov@arm.com>
Eric Dong <eric.dong@intel.com>
Laszlo Ersek <lersek at redhat.com>
Laszlo Ersek <lersek@redhat.com>
Ruiyu Ni <ruiyu.ni@intel.com>
Ryan Harkin <ryan.harkin@linaro.org>
Yonghong Zhu <yonghong.zhu@intel.com>
jobs:
build-amd64-xsm pass
build-i386-xsm pass
build-amd64 pass
build-i386 pass
build-amd64-libvirt pass
build-i386-libvirt pass
build-amd64-pvops pass
build-i386-pvops pass
test-amd64-amd64-xl-qemuu-ovmf-amd64 pass
test-amd64-i386-xl-qemuu-ovmf-amd64 pass
------------------------------------------------------------
sg-report-flight on osstest.xs.citrite.net
logs: /home/osstest/logs
images: /home/osstest/images
Logs, config files, etc. are available at
http://osstest.xs.citrite.net/~osstest/testlogs/logs
Test harness code can be found at
http://xenbits.xensource.com/gitweb?p=osstest.git;a=summary
Push not applicable.
------------------------------------------------------------
commit 50d4be4f4e3d5beb2c1aa58853b92e3cc1f4cb9a
Author: Daniil Egranov <daniil.egranov@arm.com>
Date: Thu Sep 22 17:33:01 2016 -0500
ArmPlatformPkg/ArmJunoPkg/Drivers/PciHostBridgeDxe: Fix for PCI Dual Address Cycle
The fix handles the PCI Dual Address Cycle Attribute case. It allows
drivers using PCI DAC run on Juno.
Contributed-under: TianoCore Contribution Agreement 1.0
Signed-off-by: Daniil Egranov <daniil.egranov@arm.com>
Reviewed-by: Ard Biesheuvel <ard.biesheuvel@linaro.org>
Tested-by: Ryan Harkin <ryan.harkin@linaro.org>
commit 272142289dbb5e8203f94cba1cc06c96b77a6938
Author: Bruce Cran <Bruce.Cran@sandisk.com>
Date: Mon Oct 10 09:43:24 2016 -0600
OvmfPkg: add NOOPT build target for source level debugging
Contributed-under: TianoCore Contribution Agreement 1.0
Cc: Yonghong Zhu <yonghong.zhu@intel.com>
Cc: Laszlo Ersek <lersek@redhat.com>
Signed-off-by: Bruce Cran <bruce.cran@sandisk.com>
Reviewed-by: Laszlo Ersek <lersek@redhat.com>
[lersek@redhat.com: beautify subject line]
Signed-off-by: Laszlo Ersek <lersek@redhat.com>
commit 0acd8df45f24a1d6c2b7635691ce4d3f994cfba8
Author: Eric Dong <eric.dong@intel.com>
Date: Tue Oct 11 16:00:21 2016 +0800
SecurityPkg OpalPasswordSmm: Fix S3 resume failure.
Changes includes:
1.Check SMM device list before update it to avoid duplicate creation.
2.Clean up the configuration buffer before use it in S3 resume phase.
Contributed-under: TianoCore Contribution Agreement 1.0
Signed-off-by: Eric Dong <eric.dong@intel.com>
Reviewed-by: Feng Tian <feng.tian@intel.com>
commit 19e3aa7a8a8dcd661e0c2c45d139c5a6bda57dbb
Author: Yonghong Zhu <yonghong.zhu@intel.com>
Date: Sun Oct 9 09:30:06 2016 +0800
BaseTools: Extend FMP to support FV statement and FD statement
This patch extend the <FmpFileData> to support <FvStatements> and
<FdStatenents>, just like the normal [Capsule] section format.
In order to fix the bug https://bugzilla.tianocore.org/show_bug.cgi?id=132
Cc: Liming Gao <liming.gao@intel.com>
Contributed-under: TianoCore Contribution Agreement 1.0
Signed-off-by: Yonghong Zhu <yonghong.zhu@intel.com>
Reviewed-by: Liming Gao <liming.gao@intel.com>
commit ac9f5a295c51a4c1b3a1e03ca0855b4c7a4e5d43
Author: Ruiyu Ni <ruiyu.ni@intel.com>
Date: Tue Oct 11 13:43:28 2016 +0800
ArmVirtPkg: Remove unused BltLib reference
Contributed-under: TianoCore Contribution Agreement 1.0
Signed-off-by: Ruiyu Ni <ruiyu.ni@intel.com>
Reviewed-by: Laszlo Ersek <lersek at redhat.com>
Cc: Ard Biesheuvel <ard.biesheuvel@linaro.org>
commit bd52d4ff80df16ab13b8567d59bbc98d785ee095
Author: Ruiyu Ni <ruiyu.ni@intel.com>
Date: Tue Oct 11 13:42:24 2016 +0800
OvmfPkg: Remove unused BltLib reference
Contributed-under: TianoCore Contribution Agreement 1.0
Signed-off-by: Ruiyu Ni <ruiyu.ni@intel.com>
Cc: Jordan Justen <jordan.l.justen@intel.com>
Reviewed-by: Laszlo Ersek <lersek at redhat.com>
commit 5b2291f9567af8e4b4de7608e3d49850f64f457c
Author: Ruiyu Ni <ruiyu.ni@intel.com>
Date: Tue Oct 11 13:26:27 2016 +0800
OvmfPkg: QemuVideoDxe uses MdeModulePkg/FrameBufferLib
Contributed-under: TianoCore Contribution Agreement 1.0
Signed-off-by: Ruiyu Ni <ruiyu.ni@intel.com>
Reviewed-by: Laszlo Ersek <lersek at redhat.com>
Cc: Jordan Justen <jordan.l.justen@intel.com>
commit 47e4bf71e3d9b2554f9611aaf5c1941a7a759155
Author: Ruiyu Ni <ruiyu.ni@intel.com>
Date: Tue Oct 11 13:24:23 2016 +0800
ArmVirtPkg: Include MdeModulePkg/FrameBufferLib in ArmVirtPkg
One of the following patches will change QemuVideoDxe driver
to use the new FrameBufferLib.
Contributed-under: TianoCore Contribution Agreement 1.0
Signed-off-by: Ruiyu Ni <ruiyu.ni@intel.com>
Reviewed-by: Laszlo Ersek <lersek at redhat.com>
Cc: Ard Biesheuvel <ard.biesheuvel@linaro.org>
commit ead94b1ff4b601c330c00148af8725d67ec882be
Author: Ruiyu Ni <ruiyu.ni@intel.com>
Date: Mon Jun 27 17:28:54 2016 +0800
OvmfPkg: Include MdeModulePkg/FrameBufferLib in OvmfPkg
One of the following patches will change QemuVideoDxe driver
to use the new FrameBufferLib.
Contributed-under: TianoCore Contribution Agreement 1.0
Signed-off-by: Ruiyu Ni <ruiyu.ni@intel.com>
Reviewed-by: Laszlo Ersek <lersek at redhat.com>
Cc: Jordan Justen <jordan.l.justen@intel.com>
commit 2af538fbf66773c06799418cfefb0baa8937a1a9
Author: Ruiyu Ni <ruiyu.ni@intel.com>
Date: Thu Jun 30 13:01:56 2016 +0800
MdeModulePkg: Add GraphicsOutputDxe driver.
The driver uses the GraphicsInfo HOB and GraphicsDeviceInfo HOB
passed from PEI to find the graphics controller to manage and
produce the GraphicsOutput protocol.
GraphicsInfo HOB and GraphicsDeviceInfo HOB are created by
a PEIM which initializes the graphics controller hardware in
PEI phase.
Contributed-under: TianoCore Contribution Agreement 1.0
Signed-off-by: Ruiyu Ni <ruiyu.ni@intel.com>
Reviewed-by: Feng Tian <feng.tian@intel.com>
commit b1ca386074bd74ddfea24adea2f8704506bea3c9
Author: Ruiyu Ni <ruiyu.ni@intel.com>
Date: Thu Jul 7 13:31:27 2016 +0800
MdeModulePkg: Add FrameBufferBltLib library instance
This library provides interfaces to perform UEFI Graphics
Output Protocol Video BLT operations.
Contributed-under: TianoCore Contribution Agreement 1.0
Signed-off-by: Ruiyu Ni <ruiyu.ni@intel.com>
Reviewed-by: Feng Tian <feng.tian@intel.com>
Cc: Justen Jordan <jordan.l.justen@intel.com>
Tested-by: Laszlo Ersek <lersek at redhat.com>
commit 62d8cb3b9ceba5e5b29609ebc71715f523738f85
Author: Ruiyu Ni <ruiyu.ni@intel.com>
Date: Thu Jun 30 10:59:42 2016 +0800
MdeModulePkg: Add FrameBufferBltLib library class
This library provides interfaces to perform UEFI Graphics
Output Protocol Video BLT operations.
Contributed-under: TianoCore Contribution Agreement 1.0
Signed-off-by: Ruiyu Ni <ruiyu.ni@intel.com>
Reviewed-by: Feng Tian <feng.tian@intel.com>
Cc: Justen Jordan <jordan.l.justen@intel.com>
Reviewed-by: Laszlo Ersek <lersek@redhat.com>
commit c0f09820762bac020c4a57057a5cd82775519512
Author: Ruiyu Ni <ruiyu.ni@intel.com>
Date: Wed Jun 29 09:53:27 2016 +0800
MdePkg/GraphicsInfoHob: Add GraphicsDeviceInfo HOB GUID and structure
Contributed-under: TianoCore Contribution Agreement 1.0
Signed-off-by: Ruiyu Ni <ruiyu.ni@intel.com>
Reviewed-by: Liming Gao <liming.gao@intel.com>
_______________________________________________
Xen-devel mailing list
Xen-devel@lists.xen.org
https://lists.xen.org/xen-devel
^ permalink raw reply [flat|nested] only message in thread
only message in thread, other threads:[~2016-10-12 21:47 UTC | newest]
Thread overview: (only message) (download: mbox.gz follow: Atom feed
-- links below jump to the message on this page --
2016-10-12 21:47 [ovmf baseline-only test] 67869: all pass Platform Team regression test user
This is a public inbox, see mirroring instructions
for how to clone and mirror all data and code used for this inbox;
as well as URLs for NNTP newsgroup(s).