* [ovmf baseline-only test] 67918: regressions - FAIL
@ 2016-10-21 9:14 Platform Team regression test user
0 siblings, 0 replies; only message in thread
From: Platform Team regression test user @ 2016-10-21 9:14 UTC (permalink / raw)
To: xen-devel, osstest-admin
This run is configured for baseline tests only.
flight 67918 ovmf real [real]
http://osstest.xs.citrite.net/~osstest/testlogs/logs/67918/
Regressions :-(
Tests which did not succeed and are blocking,
including tests which could not be run:
build-i386-pvops 5 kernel-build fail REGR. vs. 67916
Tests which did not succeed, but are not blocking:
test-amd64-i386-xl-qemuu-ovmf-amd64 1 build-check(1) blocked n/a
version targeted for testing:
ovmf c3926cdbbd9c4c884b8f87089e877187ccc63eb2
baseline version:
ovmf b752e8a3fb685ae04155bf6a34a9aac83810613f
Last test of basis 67916 2016-10-20 18:52:15 Z 0 days
Testing same since 67918 2016-10-21 03:46:25 Z 0 days 1 attempts
------------------------------------------------------------
People who touched revisions under test:
Yonghong Zhu <yonghong.zhu@intel.com>
jobs:
build-amd64-xsm pass
build-i386-xsm pass
build-amd64 pass
build-i386 pass
build-amd64-libvirt pass
build-i386-libvirt pass
build-amd64-pvops pass
build-i386-pvops fail
test-amd64-amd64-xl-qemuu-ovmf-amd64 pass
test-amd64-i386-xl-qemuu-ovmf-amd64 blocked
------------------------------------------------------------
sg-report-flight on osstest.xs.citrite.net
logs: /home/osstest/logs
images: /home/osstest/images
Logs, config files, etc. are available at
http://osstest.xs.citrite.net/~osstest/testlogs/logs
Test harness code can be found at
http://xenbits.xensource.com/gitweb?p=osstest.git;a=summary
Push not applicable.
------------------------------------------------------------
commit c3926cdbbd9c4c884b8f87089e877187ccc63eb2
Author: Yonghong Zhu <yonghong.zhu@intel.com>
Date: Mon Oct 17 11:13:47 2016 +0800
BaseTools/PatchCheck.py: Update to report error for EFI_D_*
In EDK2, DEBUG_* is recommended to be used instead of EFI_D_*. For new
code, they should use DEBUG_* macro.
Fixes:https://bugzilla.tianocore.org/show_bug.cgi?id=143
Cc: Liming Gao <liming.gao@intel.com>
Cc: Jordan Justen <jordan.l.justen@intel.com>
Contributed-under: TianoCore Contribution Agreement 1.0
Signed-off-by: Yonghong Zhu <yonghong.zhu@intel.com>
Reviewed-by: Jordan Justen <jordan.l.justen@intel.com>
commit e709bbb1ce386c7ac4240fae929cacfcc2bfa5a9
Author: Yonghong Zhu <yonghong.zhu@intel.com>
Date: Mon Oct 17 11:12:04 2016 +0800
BaseTools/PatchCheck.py: Update to handle the two [] as prefix
The bug is that only remove the first [] when it does the char count,
however sometimes we use [edk2][patch] as prefix, this patch fix this bug.
Fixes: https://bugzilla.tianocore.org/show_bug.cgi?id=113
Cc: Liming Gao <liming.gao@intel.com>
Cc: Jordan Justen <jordan.l.justen@intel.com>
Contributed-under: TianoCore Contribution Agreement 1.0
Signed-off-by: Yonghong Zhu <yonghong.zhu@intel.com>
Reviewed-by: Jordan Justen <jordan.l.justen@intel.com>
commit e61406708c83f96d3dc2e8899716cce43c058491
Author: Yonghong Zhu <yonghong.zhu@intel.com>
Date: Mon Oct 17 11:06:33 2016 +0800
BaseTools/PatchCheck.py: Update for max length of subject and message line
This patch update PatchCheck.py:
1. The subject line of the commit message should be < 72 characters.
2. The other lines of the commit message should be < 76 characters.
Fixes: https://bugzilla.tianocore.org/show_bug.cgi?id=113
Cc: Liming Gao <liming.gao@intel.com>
Cc: Jordan Justen <jordan.l.justen@intel.com>
Contributed-under: TianoCore Contribution Agreement 1.0
Signed-off-by: Yonghong Zhu <yonghong.zhu@intel.com>
Reviewed-by: Jordan Justen <jordan.l.justen@intel.com>
_______________________________________________
Xen-devel mailing list
Xen-devel@lists.xen.org
https://lists.xen.org/xen-devel
^ permalink raw reply [flat|nested] only message in thread
only message in thread, other threads:[~2016-10-21 9:14 UTC | newest]
Thread overview: (only message) (download: mbox.gz follow: Atom feed
-- links below jump to the message on this page --
2016-10-21 9:14 [ovmf baseline-only test] 67918: regressions - FAIL Platform Team regression test user
This is a public inbox, see mirroring instructions
for how to clone and mirror all data and code used for this inbox;
as well as URLs for NNTP newsgroup(s).