* [qemu-mainline baseline-only test] 67951: regressions - FAIL
@ 2016-10-28 22:14 Platform Team regression test user
0 siblings, 0 replies; only message in thread
From: Platform Team regression test user @ 2016-10-28 22:14 UTC (permalink / raw)
To: xen-devel, osstest-admin
[-- Attachment #1: Type: text/plain, Size: 17526 bytes --]
This run is configured for baseline tests only.
flight 67951 qemu-mainline real [real]
http://osstest.xs.citrite.net/~osstest/testlogs/logs/67951/
Regressions :-(
Tests which did not succeed and are blocking,
including tests which could not be run:
test-amd64-i386-xl-qemuu-ovmf-amd64 14 guest-saverestore.2 fail REGR. vs. 67935
Regressions which are regarded as allowable (not blocking):
test-amd64-amd64-qemuu-nested-intel 16 debian-hvm-install/l1/l2 fail like 67935
test-amd64-i386-xl-qemuu-winxpsp3-vcpus1 9 windows-install fail like 67935
Tests which did not succeed, but are not blocking:
test-amd64-amd64-xl-pvh-intel 11 guest-start fail never pass
test-armhf-armhf-xl-xsm 12 migrate-support-check fail never pass
test-armhf-armhf-xl-xsm 13 saverestore-support-check fail never pass
test-armhf-armhf-xl-midway 12 migrate-support-check fail never pass
test-armhf-armhf-xl-credit2 12 migrate-support-check fail never pass
test-armhf-armhf-xl-midway 13 saverestore-support-check fail never pass
test-armhf-armhf-xl-credit2 13 saverestore-support-check fail never pass
test-armhf-armhf-libvirt 12 migrate-support-check fail never pass
test-armhf-armhf-libvirt-xsm 12 migrate-support-check fail never pass
test-armhf-armhf-libvirt 14 guest-saverestore fail never pass
test-armhf-armhf-libvirt-xsm 14 guest-saverestore fail never pass
test-armhf-armhf-xl 12 migrate-support-check fail never pass
test-armhf-armhf-xl-multivcpu 12 migrate-support-check fail never pass
test-armhf-armhf-xl 13 saverestore-support-check fail never pass
test-armhf-armhf-xl-multivcpu 13 saverestore-support-check fail never pass
test-amd64-amd64-xl-pvh-amd 11 guest-start fail never pass
test-amd64-i386-libvirt-xsm 12 migrate-support-check fail never pass
test-armhf-armhf-xl-rtds 12 migrate-support-check fail never pass
test-armhf-armhf-xl-rtds 13 saverestore-support-check fail never pass
test-amd64-amd64-libvirt 12 migrate-support-check fail never pass
test-amd64-amd64-libvirt-xsm 12 migrate-support-check fail never pass
test-armhf-armhf-libvirt-qcow2 11 migrate-support-check fail never pass
test-armhf-armhf-libvirt-qcow2 13 guest-saverestore fail never pass
test-armhf-armhf-libvirt-raw 11 migrate-support-check fail never pass
test-armhf-armhf-libvirt-raw 13 guest-saverestore fail never pass
test-amd64-i386-libvirt 12 migrate-support-check fail never pass
test-amd64-i386-libvirt-qemuu-debianhvm-amd64-xsm 10 migrate-support-check fail never pass
test-armhf-armhf-xl-vhd 11 migrate-support-check fail never pass
test-armhf-armhf-xl-vhd 12 saverestore-support-check fail never pass
test-amd64-amd64-libvirt-qemuu-debianhvm-amd64-xsm 10 migrate-support-check fail never pass
test-amd64-amd64-qemuu-nested-amd 16 debian-hvm-install/l1/l2 fail never pass
test-amd64-amd64-xl-qemuu-win7-amd64 16 guest-stop fail never pass
test-amd64-i386-xl-qemuu-win7-amd64 16 guest-stop fail never pass
test-amd64-amd64-libvirt-vhd 11 migrate-support-check fail never pass
version targeted for testing:
qemuu ede0cbeb7892bdf4a19128853a3a3c61a17fb068
baseline version:
qemuu 4429532b48a25740817aa0901a4355a5de991e5b
Last test of basis 67935 2016-10-26 04:18:12 Z 2 days
Testing same since 67951 2016-10-27 21:51:32 Z 1 days 1 attempts
------------------------------------------------------------
People who touched revisions under test:
Daniel P. Berrange <berrange@redhat.com>
Eric Blake <eblake@redhat.com>
Markus Armbruster <armbru@redhat.com>
Peter Maydell <peter.maydell@linaro.org>
jobs:
build-amd64-xsm pass
build-armhf-xsm pass
build-i386-xsm pass
build-amd64 pass
build-armhf pass
build-i386 pass
build-amd64-libvirt pass
build-armhf-libvirt pass
build-i386-libvirt pass
build-amd64-pvops pass
build-armhf-pvops pass
build-i386-pvops pass
test-amd64-amd64-xl pass
test-armhf-armhf-xl pass
test-amd64-i386-xl pass
test-amd64-amd64-libvirt-qemuu-debianhvm-amd64-xsm pass
test-amd64-i386-libvirt-qemuu-debianhvm-amd64-xsm pass
test-amd64-amd64-xl-qemuu-debianhvm-amd64-xsm pass
test-amd64-i386-xl-qemuu-debianhvm-amd64-xsm pass
test-amd64-amd64-libvirt-xsm pass
test-armhf-armhf-libvirt-xsm fail
test-amd64-i386-libvirt-xsm pass
test-amd64-amd64-xl-xsm pass
test-armhf-armhf-xl-xsm pass
test-amd64-i386-xl-xsm pass
test-amd64-amd64-qemuu-nested-amd fail
test-amd64-amd64-xl-pvh-amd fail
test-amd64-i386-qemuu-rhel6hvm-amd pass
test-amd64-amd64-xl-qemuu-debianhvm-amd64 pass
test-amd64-i386-xl-qemuu-debianhvm-amd64 pass
test-amd64-i386-freebsd10-amd64 pass
test-amd64-amd64-xl-qemuu-ovmf-amd64 pass
test-amd64-i386-xl-qemuu-ovmf-amd64 fail
test-amd64-amd64-xl-qemuu-win7-amd64 fail
test-amd64-i386-xl-qemuu-win7-amd64 fail
test-amd64-amd64-xl-credit2 pass
test-armhf-armhf-xl-credit2 pass
test-amd64-i386-freebsd10-i386 pass
test-amd64-amd64-qemuu-nested-intel fail
test-amd64-amd64-xl-pvh-intel fail
test-amd64-i386-qemuu-rhel6hvm-intel pass
test-amd64-amd64-libvirt pass
test-armhf-armhf-libvirt fail
test-amd64-i386-libvirt pass
test-armhf-armhf-xl-midway pass
test-amd64-amd64-xl-multivcpu pass
test-armhf-armhf-xl-multivcpu pass
test-amd64-amd64-pair pass
test-amd64-i386-pair pass
test-amd64-amd64-libvirt-pair pass
test-amd64-i386-libvirt-pair pass
test-amd64-amd64-amd64-pvgrub pass
test-amd64-amd64-i386-pvgrub pass
test-amd64-amd64-pygrub pass
test-armhf-armhf-libvirt-qcow2 fail
test-amd64-amd64-xl-qcow2 pass
test-armhf-armhf-libvirt-raw fail
test-amd64-i386-xl-raw pass
test-amd64-amd64-xl-rtds pass
test-armhf-armhf-xl-rtds pass
test-amd64-i386-xl-qemuu-winxpsp3-vcpus1 fail
test-amd64-amd64-libvirt-vhd pass
test-armhf-armhf-xl-vhd pass
test-amd64-amd64-xl-qemuu-winxpsp3 pass
test-amd64-i386-xl-qemuu-winxpsp3 pass
------------------------------------------------------------
sg-report-flight on osstest.xs.citrite.net
logs: /home/osstest/logs
images: /home/osstest/images
Logs, config files, etc. are available at
http://osstest.xs.citrite.net/~osstest/testlogs/logs
Test harness code can be found at
http://xenbits.xensource.com/gitweb?p=osstest.git;a=summary
Push not applicable.
------------------------------------------------------------
commit ede0cbeb7892bdf4a19128853a3a3c61a17fb068
Merge: 4429532 603476c
Author: Peter Maydell <peter.maydell@linaro.org>
Date: Tue Oct 25 17:03:11 2016 +0100
Merge remote-tracking branch 'remotes/armbru/tags/pull-qapi-2016-10-25' into staging
QAPI patches for 2016-10-25
# gpg: Signature made Tue 25 Oct 2016 16:56:27 BST
# gpg: using RSA key 0x3870B400EB918653
# gpg: Good signature from "Markus Armbruster <armbru@redhat.com>"
# gpg: aka "Markus Armbruster <armbru@pond.sub.org>"
# Primary key fingerprint: 354B C8B3 D7EB 2A6B 6867 4E5F 3870 B400 EB91 8653
* remotes/armbru/tags/pull-qapi-2016-10-25:
qdict: implement a qdict_crumple method for un-flattening a dict
qapi: don't pass two copies of TestInputVisitorData to tests
qapi: rename QmpOutputVisitor to QObjectOutputVisitor
qapi: rename QmpInputVisitor to QObjectInputVisitor
qapi: rename *qmp-*-visitor* to *qobject-*-visitor*
qapi: add trace events for visitor
trivial: Restore blank line in qapi-schema
Signed-off-by: Peter Maydell <peter.maydell@linaro.org>
commit 603476c25c4d588a557ec2139352028f3157cba4
Author: Daniel P. Berrange <berrange@redhat.com>
Date: Fri Sep 30 15:45:25 2016 +0100
qdict: implement a qdict_crumple method for un-flattening a dict
The qdict_flatten() method will take a dict whose elements are
further nested dicts/lists and flatten them by concatenating
keys.
The qdict_crumple() method aims to do the reverse, taking a flat
qdict, and turning it into a set of nested dicts/lists. It will
apply nesting based on the key name, with a '.' indicating a
new level in the hierarchy. If the keys in the nested structure
are all numeric, it will create a list, otherwise it will create
a dict.
If the keys are a mixture of numeric and non-numeric, or the
numeric keys are not in strictly ascending order, an error will
be reported.
As an example, a flat dict containing
{
'foo.0.bar': 'one',
'foo.0.wizz': '1',
'foo.1.bar': 'two',
'foo.1.wizz': '2'
}
will get turned into a dict with one element 'foo' whose
value is a list. The list elements will each in turn be
dicts.
{
'foo': [
{ 'bar': 'one', 'wizz': '1' },
{ 'bar': 'two', 'wizz': '2' }
],
}
If the key is intended to contain a literal '.', then it must
be escaped as '..'. ie a flat dict
{
'foo..bar': 'wizz',
'bar.foo..bar': 'eek',
'bar.hello': 'world'
}
Will end up as
{
'foo.bar': 'wizz',
'bar': {
'foo.bar': 'eek',
'hello': 'world'
}
}
The intent of this function is that it allows a set of QemuOpts
to be turned into a nested data structure that mirrors the nesting
used when the same object is defined over QMP.
Reviewed-by: Eric Blake <eblake@redhat.com>
Reviewed-by: Kevin Wolf <kwolf@redhat.com>
Reviewed-by: Marc-André Lureau <marcandre.lureau@redhat.com>
Signed-off-by: Daniel P. Berrange <berrange@redhat.com>
Message-Id: <1475246744-29302-3-git-send-email-berrange@redhat.com>
Reviewed-by: Markus Armbruster <armbru@redhat.com>
[Parameter recursive dropped along with its tests; whitespace style
touched up]
Signed-off-by: Markus Armbruster <armbru@redhat.com>
commit b1d2e5f1b0612178cdc2752fb0f60407dd87960e
Author: Daniel P. Berrange <berrange@redhat.com>
Date: Fri Sep 30 15:45:29 2016 +0100
qapi: don't pass two copies of TestInputVisitorData to tests
The input_visitor_test_add() method was accepting an instance
of 'TestInputVisitorData' and passing it as the 'user_data'
parameter to test functions. The main 'TestInputVisitorData'
instance that was actually used, was meanwhile being allocated
automatically by the test framework fixture setup.
The 'user_data' parameter is going to be needed for tests
added in later patches, so getting rid of the current mistaken
usage now allows this.
Signed-off-by: Daniel P. Berrange <berrange@redhat.com>
Message-Id: <1475246744-29302-7-git-send-email-berrange@redhat.com>
Reviewed-by: Eric Blake <eblake@redhat.com>
Reviewed-by: Kevin Wolf <kwolf@redhat.com>
Reviewed-by: Markus Armbruster <armbru@redhat.com>
Signed-off-by: Markus Armbruster <armbru@redhat.com>
commit 7d5e199ade76c53ec316ab6779800581bb47c50a
Author: Daniel P. Berrange <berrange@redhat.com>
Date: Fri Sep 30 15:45:28 2016 +0100
qapi: rename QmpOutputVisitor to QObjectOutputVisitor
The QmpOutputVisitor has no direct dependency on QMP. It is
valid to use it anywhere that one wants a QObject. Rename it
to better reflect its functionality as a generic QAPI
to QObject converter.
The commit before previous renamed the files, this one renames C
identifiers.
Reviewed-by: Kevin Wolf <kwolf@redhat.com>
Reviewed-by: Eric Blake <eblake@redhat.com>
Signed-off-by: Daniel P. Berrange <berrange@redhat.com>
Message-Id: <1475246744-29302-6-git-send-email-berrange@redhat.com>
Reviewed-by: Markus Armbruster <armbru@redhat.com>
[Split into file rename and identifier rename]
Signed-off-by: Markus Armbruster <armbru@redhat.com>
commit 09e68369a88d7de0f988972bf28eec1b80cc47f9
Author: Daniel P. Berrange <berrange@redhat.com>
Date: Fri Sep 30 15:45:27 2016 +0100
qapi: rename QmpInputVisitor to QObjectInputVisitor
The QmpInputVisitor has no direct dependency on QMP. It is
valid to use it anywhere that one has a QObject. Rename it
to better reflect its functionality as a generic QObject
to QAPI converter.
The previous commit renamed the files, this one renames C identifiers.
Reviewed-by: Kevin Wolf <kwolf@redhat.com>
Reviewed-by: Eric Blake <eblake@redhat.com>
Signed-off-by: Daniel P. Berrange <berrange@redhat.com>
Message-Id: <1475246744-29302-5-git-send-email-berrange@redhat.com>
Reviewed-by: Markus Armbruster <armbru@redhat.com>
[Straightforwardly rebased, split into file and identifier rename]
Signed-off-by: Markus Armbruster <armbru@redhat.com>
commit b3db211f3c80bb996a704d665fe275619f728bd4
Author: Daniel P. Berrange <berrange@redhat.com>
Date: Fri Sep 30 15:45:27 2016 +0100
qapi: rename *qmp-*-visitor* to *qobject-*-visitor*
The QMP visitors have no direct dependency on QMP. It is
valid to use them anywhere that one has a QObject. Rename them
to better reflect their functionality as a generic QObject
to QAPI converter.
This is the first of three parts: rename the files. The next two
parts will rename C identifiers. The split is necessary to make git
rename detection work.
Reviewed-by: Kevin Wolf <kwolf@redhat.com>
Reviewed-by: Eric Blake <eblake@redhat.com>
Signed-off-by: Daniel P. Berrange <berrange@redhat.com>
Reviewed-by: Markus Armbruster <armbru@redhat.com>
[Split into file and identifier rename, two comments touched up]
Signed-off-by: Markus Armbruster <armbru@redhat.com>
commit ebfd93b6803acef1a799ef6c755500087e37496e
Author: Daniel P. Berrange <berrange@redhat.com>
Date: Fri Sep 30 15:45:26 2016 +0100
qapi: add trace events for visitor
Allow tracing of the operation of visitors
Signed-off-by: Daniel P. Berrange <berrange@redhat.com>
Message-Id: <1475246744-29302-4-git-send-email-berrange@redhat.com>
Reviewed-by: Eric Blake <eblake@redhat.com>
Reviewed-by: Kevin Wolf <kwolf@redhat.com>
Reviewed-by: Markus Armbruster <armbru@redhat.com>
[visit_type_uint8() & friends rearranged slightly for clarity]
Signed-off-by: Markus Armbruster <armbru@redhat.com>
commit 6235b9cd859153a8eabd4efa309a0c541ebb3cc3
Author: Eric Blake <eblake@redhat.com>
Date: Mon Oct 17 16:29:54 2016 -0500
trivial: Restore blank line in qapi-schema
Commit de63ab6 accidentally undid part of commit a43edcf,
because the two patches were written in parallel, and the
blank line was not noticed as a casualty of merge conflicts.
Signed-off-by: Eric Blake <eblake@redhat.com>
Message-Id: <1476739794-19536-1-git-send-email-eblake@redhat.com>
Reviewed-by: Laurent Vivier <lvivier@redhat.com>
Signed-off-by: Markus Armbruster <armbru@redhat.com>
[-- Attachment #2: Type: text/plain, Size: 127 bytes --]
_______________________________________________
Xen-devel mailing list
Xen-devel@lists.xen.org
https://lists.xen.org/xen-devel
^ permalink raw reply [flat|nested] only message in thread
only message in thread, other threads:[~2016-10-28 22:14 UTC | newest]
Thread overview: (only message) (download: mbox.gz follow: Atom feed
-- links below jump to the message on this page --
2016-10-28 22:14 [qemu-mainline baseline-only test] 67951: regressions - FAIL Platform Team regression test user
This is a public inbox, see mirroring instructions
for how to clone and mirror all data and code used for this inbox;
as well as URLs for NNTP newsgroup(s).