xen-devel.lists.xenproject.org archive mirror
 help / color / mirror / Atom feed
* [ovmf baseline-only test] 67957: regressions - FAIL
@ 2016-10-29  0:12 Platform Team regression test user
  0 siblings, 0 replies; only message in thread
From: Platform Team regression test user @ 2016-10-29  0:12 UTC (permalink / raw)
  To: xen-devel, osstest-admin

This run is configured for baseline tests only.

flight 67957 ovmf real [real]
http://osstest.xs.citrite.net/~osstest/testlogs/logs/67957/

Regressions :-(

Tests which did not succeed and are blocking,
including tests which could not be run:
 test-amd64-amd64-xl-qemuu-ovmf-amd64 15 guest-localmigrate/x10 fail REGR. vs. 67952

version targeted for testing:
 ovmf                 d1b757e2cd034e32676c5cc2d542f785e74f8c5d
baseline version:
 ovmf                 0a18956d54cfe70b736b029c62ce53f29b903745

Last test of basis    67952  2016-10-27 21:51:32 Z    1 days
Testing same since    67957  2016-10-28 13:17:43 Z    0 days    1 attempts

------------------------------------------------------------
People who touched revisions under test:
  David Wei <david.wei@intel.com>
  Gary Lin <glin@suse.com>
  gdong1 <guo.dong@intel.com>
  Guo Dong <guo.dong@intel.com>
  Jiewen Yao <jiewen.yao@intel.com>
  Jordan Justen <jordan.l.justen@intel.com>
  Laszlo Ersek <lersek@redhat.com>
  Maurice Ma <maurice.ma@intel.com>
  Michael Kinney <michael.d.kinney@intel.com>
  Satya Yarlagadda <satya.p.yarlagadda@intel.com>
  Star Zeng <star.zeng@intel.com>
  Yao, Jiewen <jiewen.yao@intel.com>
  Yarlagadda, Satya P <satya.p.yarlagadda@intel.com>

jobs:
 build-amd64-xsm                                              pass    
 build-i386-xsm                                               pass    
 build-amd64                                                  pass    
 build-i386                                                   pass    
 build-amd64-libvirt                                          pass    
 build-i386-libvirt                                           pass    
 build-amd64-pvops                                            pass    
 build-i386-pvops                                             pass    
 test-amd64-amd64-xl-qemuu-ovmf-amd64                         fail    
 test-amd64-i386-xl-qemuu-ovmf-amd64                          pass    


------------------------------------------------------------
sg-report-flight on osstest.xs.citrite.net
logs: /home/osstest/logs
images: /home/osstest/images

Logs, config files, etc. are available at
    http://osstest.xs.citrite.net/~osstest/testlogs/logs

Test harness code can be found at
    http://xenbits.xensource.com/gitweb?p=osstest.git;a=summary


Push not applicable.

(No revision log; it would be 893 lines long.)

_______________________________________________
Xen-devel mailing list
Xen-devel@lists.xen.org
https://lists.xen.org/xen-devel

^ permalink raw reply	[flat|nested] only message in thread

only message in thread, other threads:[~2016-10-29  0:12 UTC | newest]

Thread overview: (only message) (download: mbox.gz follow: Atom feed
-- links below jump to the message on this page --
2016-10-29  0:12 [ovmf baseline-only test] 67957: regressions - FAIL Platform Team regression test user

This is a public inbox, see mirroring instructions
for how to clone and mirror all data and code used for this inbox;
as well as URLs for NNTP newsgroup(s).