From: Platform Team regression test user <citrix-osstest@xenproject.org>
To: xen-devel@lists.xensource.com, osstest-admin@xenproject.org
Subject: [ovmf baseline-only test] 67969: regressions - FAIL
Date: Mon, 31 Oct 2016 19:34:57 +0000 [thread overview]
Message-ID: <osstest-67969-mainreport@xen.org> (raw)
This run is configured for baseline tests only.
flight 67969 ovmf real [real]
http://osstest.xs.citrite.net/~osstest/testlogs/logs/67969/
Regressions :-(
Tests which did not succeed and are blocking,
including tests which could not be run:
test-amd64-amd64-xl-qemuu-ovmf-amd64 6 xen-boot fail REGR. vs. 67966
version targeted for testing:
ovmf b3400560603bcfaadc08e82a846933446b5afed3
baseline version:
ovmf 92ec8772df33f3c758763adcaf42fd42c8da812c
Last test of basis 67966 2016-10-31 05:46:11 Z 0 days
Testing same since 67969 2016-10-31 14:49:06 Z 0 days 1 attempts
------------------------------------------------------------
People who touched revisions under test:
Fu Siyuan <siyuan.fu@intel.com>
jobs:
build-amd64-xsm pass
build-i386-xsm pass
build-amd64 pass
build-i386 pass
build-amd64-libvirt pass
build-i386-libvirt pass
build-amd64-pvops pass
build-i386-pvops pass
test-amd64-amd64-xl-qemuu-ovmf-amd64 fail
test-amd64-i386-xl-qemuu-ovmf-amd64 pass
------------------------------------------------------------
sg-report-flight on osstest.xs.citrite.net
logs: /home/osstest/logs
images: /home/osstest/images
Logs, config files, etc. are available at
http://osstest.xs.citrite.net/~osstest/testlogs/logs
Test harness code can be found at
http://xenbits.xensource.com/gitweb?p=osstest.git;a=summary
Push not applicable.
------------------------------------------------------------
commit b3400560603bcfaadc08e82a846933446b5afed3
Author: Fu Siyuan <siyuan.fu@intel.com>
Date: Mon Oct 31 10:21:39 2016 +0800
NetworkPkg: Check for NULL pointer before dereference it.
Contributed-under: TianoCore Contribution Agreement 1.0
Signed-off-by: Fu Siyuan <siyuan.fu@intel.com>
Reviewed-by: Ye Ting <ting.ye@intel.com>
Reviewed-by: Wu Jiaxin <jiaxin.wu@intel.com>
commit e86f363564e79dc719bbeed8ce87271b2972f55d
Author: Fu Siyuan <siyuan.fu@intel.com>
Date: Mon Oct 31 10:21:24 2016 +0800
MdeModulePkg: Check for NULL pointer before dereference it.
Contributed-under: TianoCore Contribution Agreement 1.0
Signed-off-by: Fu Siyuan <siyuan.fu@intel.com>
Reviewed-by: Ye Ting <ting.ye@intel.com>
Reviewed-by: Wu Jiaxin <jiaxin.wu@intel.com>
_______________________________________________
Xen-devel mailing list
Xen-devel@lists.xen.org
https://lists.xen.org/xen-devel
reply other threads:[~2016-10-31 19:34 UTC|newest]
Thread overview: [no followups] expand[flat|nested] mbox.gz Atom feed
Reply instructions:
You may reply publicly to this message via plain-text email
using any one of the following methods:
* Save the following mbox file, import it into your mail client,
and reply-to-all from there: mbox
Avoid top-posting and favor interleaved quoting:
https://en.wikipedia.org/wiki/Posting_style#Interleaved_style
* Reply using the --to, --cc, and --in-reply-to
switches of git-send-email(1):
git send-email \
--in-reply-to=osstest-67969-mainreport@xen.org \
--to=citrix-osstest@xenproject.org \
--cc=osstest-admin@xenproject.org \
--cc=xen-devel@lists.xensource.com \
/path/to/YOUR_REPLY
https://kernel.org/pub/software/scm/git/docs/git-send-email.html
* If your mail client supports setting the In-Reply-To header
via mailto: links, try the mailto: link
Be sure your reply has a Subject: header at the top and a blank line
before the message body.
This is a public inbox, see mirroring instructions
for how to clone and mirror all data and code used for this inbox;
as well as URLs for NNTP newsgroup(s).