* [ovmf baseline-only test] 67987: regressions - FAIL
@ 2016-11-03 15:25 Platform Team regression test user
0 siblings, 0 replies; only message in thread
From: Platform Team regression test user @ 2016-11-03 15:25 UTC (permalink / raw)
To: xen-devel, osstest-admin
This run is configured for baseline tests only.
flight 67987 ovmf real [real]
http://osstest.xs.citrite.net/~osstest/testlogs/logs/67987/
Regressions :-(
Tests which did not succeed and are blocking,
including tests which could not be run:
test-amd64-amd64-xl-qemuu-ovmf-amd64 9 debian-hvm-install fail REGR. vs. 67986
version targeted for testing:
ovmf e9d0933d45e51027836f570427141fd2e3a7dfbd
baseline version:
ovmf 414b198be9c2065efda01cf43f7c86e41a449b4b
Last test of basis 67986 2016-11-03 08:48:41 Z 0 days
Testing same since 67987 2016-11-03 13:47:59 Z 0 days 1 attempts
------------------------------------------------------------
People who touched revisions under test:
Cinnamon Shia <cinnamon.shia@hpe.com>
Jiewen Yao <jiewen.yao@intel.com>
jobs:
build-amd64-xsm pass
build-i386-xsm pass
build-amd64 pass
build-i386 pass
build-amd64-libvirt pass
build-i386-libvirt pass
build-amd64-pvops pass
build-i386-pvops pass
test-amd64-amd64-xl-qemuu-ovmf-amd64 fail
test-amd64-i386-xl-qemuu-ovmf-amd64 pass
------------------------------------------------------------
sg-report-flight on osstest.xs.citrite.net
logs: /home/osstest/logs
images: /home/osstest/images
Logs, config files, etc. are available at
http://osstest.xs.citrite.net/~osstest/testlogs/logs
Test harness code can be found at
http://xenbits.xensource.com/gitweb?p=osstest.git;a=summary
Push not applicable.
------------------------------------------------------------
commit e9d0933d45e51027836f570427141fd2e3a7dfbd
Author: Jiewen Yao <jiewen.yao@intel.com>
Date: Fri Sep 30 15:45:50 2016 +0800
BaseTool/Pkcs7: Add TestRoot.cer.
We add this binary data file for TestRoot.cer.
So that a platform may include this default file in FDF,
to check if the platform is using default test key,
or different production key.
Cc: Yonghong Zhu <yonghong.zhu@intel.com>
Cc: Liming Gao <liming.gao@intel.com>
Cc: Michael D Kinney <michael.d.kinney@intel.com>
Contributed-under: TianoCore Contribution Agreement 1.0
Signed-off-by: Jiewen Yao <jiewen.yao@intel.com>
Reviewed-by: Yonghong Zhu <yonghong.zhu@intel.com>
Reviewed-by: Michael D Kinney <michael.d.kinney@intel.com>
commit bfb4c2ba3742b61ef778e07957ff1b26b5a159b5
Author: Cinnamon Shia <cinnamon.shia@hpe.com>
Date: Wed Nov 2 10:40:34 2016 +0800
MdeModulePkg/PCD: Fix PcdGetNextToken may get a wrong PCD token
If there are two DynamicEx PCDs have the same PCD token number but
in different PCD token spaces, the PcdGetNextToken function may get
the wrong PCD token.
Contributed-under: TianoCore Contribution Agreement 1.0
Signed-off-by: Cinnamon Shia <cinnamon.shia@hpe.com>
Reviewed-by: Star Zeng <star.zeng@intel.com>
_______________________________________________
Xen-devel mailing list
Xen-devel@lists.xen.org
https://lists.xen.org/xen-devel
^ permalink raw reply [flat|nested] only message in thread
only message in thread, other threads:[~2016-11-03 15:25 UTC | newest]
Thread overview: (only message) (download: mbox.gz follow: Atom feed
-- links below jump to the message on this page --
2016-11-03 15:25 [ovmf baseline-only test] 67987: regressions - FAIL Platform Team regression test user
This is a public inbox, see mirroring instructions
for how to clone and mirror all data and code used for this inbox;
as well as URLs for NNTP newsgroup(s).