From mboxrd@z Thu Jan 1 00:00:00 1970 From: Platform Team regression test user Subject: [xen-unstable baseline-only test] 68002: tolerable FAIL Date: Sun, 6 Nov 2016 03:52:54 +0000 Message-ID: Mime-Version: 1.0 Content-Type: multipart/mixed; boundary="===============8184983724600258941==" Return-path: List-Unsubscribe: , List-Post: List-Help: List-Subscribe: , Errors-To: xen-devel-bounces@lists.xen.org Sender: "Xen-devel" To: xen-devel@lists.xensource.com, osstest-admin@xenproject.org List-Id: xen-devel@lists.xenproject.org --===============8184983724600258941== Content-Type: text/plain This run is configured for baseline tests only. flight 68002 xen-unstable real [real] http://osstest.xs.citrite.net/~osstest/testlogs/logs/68002/ Failures :-/ but no regressions. Regressions which are regarded as allowable (not blocking): test-xtf-amd64-amd64-5 10 xtf-fep fail like 67995 test-xtf-amd64-amd64-1 10 xtf-fep fail like 67995 test-xtf-amd64-amd64-2 10 xtf-fep fail like 67995 test-xtf-amd64-amd64-3 10 xtf-fep fail like 67995 test-xtf-amd64-amd64-4 10 xtf-fep fail like 67995 test-amd64-i386-xl-qemuu-win7-amd64 16 guest-stop fail like 67995 test-amd64-amd64-qemuu-nested-intel 16 debian-hvm-install/l1/l2 fail like 67995 test-amd64-i386-xl-qemut-winxpsp3-vcpus1 9 windows-install fail like 67995 test-amd64-i386-xl-qemuu-winxpsp3-vcpus1 9 windows-install fail like 67995 Tests which did not succeed, but are not blocking: test-amd64-amd64-rumprun-amd64 1 build-check(1) blocked n/a test-amd64-i386-rumprun-i386 1 build-check(1) blocked n/a build-i386-rumprun 6 xen-build fail never pass build-amd64-rumprun 6 xen-build fail never pass test-armhf-armhf-xl-multivcpu 12 migrate-support-check fail never pass test-armhf-armhf-libvirt 12 migrate-support-check fail never pass test-armhf-armhf-xl-multivcpu 13 saverestore-support-check fail never pass test-armhf-armhf-libvirt 14 guest-saverestore fail never pass test-armhf-armhf-xl-xsm 12 migrate-support-check fail never pass test-armhf-armhf-xl-xsm 13 saverestore-support-check fail never pass test-armhf-armhf-libvirt-xsm 12 migrate-support-check fail never pass test-armhf-armhf-libvirt-xsm 14 guest-saverestore fail never pass test-armhf-armhf-xl 12 migrate-support-check fail never pass test-armhf-armhf-xl-midway 12 migrate-support-check fail never pass test-armhf-armhf-xl-midway 13 saverestore-support-check fail never pass test-armhf-armhf-xl 13 saverestore-support-check fail never pass test-amd64-i386-libvirt 12 migrate-support-check fail never pass test-amd64-amd64-xl-pvh-intel 11 guest-start fail never pass test-armhf-armhf-xl-credit2 12 migrate-support-check fail never pass test-armhf-armhf-xl-credit2 13 saverestore-support-check fail never pass test-amd64-i386-libvirt-xsm 12 migrate-support-check fail never pass test-amd64-amd64-libvirt-xsm 12 migrate-support-check fail never pass test-armhf-armhf-xl-rtds 12 migrate-support-check fail never pass test-armhf-armhf-xl-rtds 13 saverestore-support-check fail never pass test-amd64-amd64-xl-pvh-amd 11 guest-start fail never pass test-amd64-amd64-libvirt 12 migrate-support-check fail never pass test-armhf-armhf-libvirt-raw 11 migrate-support-check fail never pass test-armhf-armhf-libvirt-raw 13 guest-saverestore fail never pass test-armhf-armhf-libvirt-qcow2 11 migrate-support-check fail never pass test-armhf-armhf-libvirt-qcow2 13 guest-saverestore fail never pass test-amd64-amd64-libvirt-qemuu-debianhvm-amd64-xsm 10 migrate-support-check fail never pass test-armhf-armhf-xl-vhd 11 migrate-support-check fail never pass test-armhf-armhf-xl-vhd 12 saverestore-support-check fail never pass test-amd64-i386-libvirt-qemuu-debianhvm-amd64-xsm 10 migrate-support-check fail never pass test-amd64-amd64-qemuu-nested-amd 16 debian-hvm-install/l1/l2 fail never pass test-amd64-amd64-libvirt-vhd 11 migrate-support-check fail never pass test-amd64-amd64-xl-qemut-win7-amd64 16 guest-stop fail never pass test-amd64-i386-xl-qemut-win7-amd64 16 guest-stop fail never pass test-amd64-amd64-xl-qemuu-win7-amd64 16 guest-stop fail never pass version targeted for testing: xen 3ebe9a1a826e8d569bef6045777cc01a5699933d baseline version: xen 4ccb2adb96042e0d1e334c01fe260b32e6001db9 Last test of basis 67995 2016-11-04 09:16:29 Z 1 days Testing same since 68002 2016-11-05 12:44:12 Z 0 days 1 attempts ------------------------------------------------------------ People who touched revisions under test: Andrew Cooper Daniel De Graaf Ian Jackson Jan Beulich Luwei Kang Roger Pau Monne Roger Pau Monné Wei Liu jobs: build-amd64-xsm pass build-armhf-xsm pass build-i386-xsm pass build-amd64-xtf pass build-amd64 pass build-armhf pass build-i386 pass build-amd64-libvirt pass build-armhf-libvirt pass build-i386-libvirt pass build-amd64-oldkern pass build-i386-oldkern pass build-amd64-prev pass build-i386-prev pass build-amd64-pvops pass build-armhf-pvops pass build-i386-pvops pass build-amd64-rumprun fail build-i386-rumprun fail test-xtf-amd64-amd64-1 pass test-xtf-amd64-amd64-2 pass test-xtf-amd64-amd64-3 pass test-xtf-amd64-amd64-4 pass test-xtf-amd64-amd64-5 pass test-amd64-amd64-xl pass test-armhf-armhf-xl pass test-amd64-i386-xl pass test-amd64-amd64-xl-qemut-debianhvm-amd64-xsm pass test-amd64-i386-xl-qemut-debianhvm-amd64-xsm pass test-amd64-amd64-libvirt-qemuu-debianhvm-amd64-xsm pass test-amd64-i386-libvirt-qemuu-debianhvm-amd64-xsm pass test-amd64-amd64-xl-qemuu-debianhvm-amd64-xsm pass test-amd64-i386-xl-qemuu-debianhvm-amd64-xsm pass test-amd64-amd64-xl-qemut-stubdom-debianhvm-amd64-xsm pass test-amd64-i386-xl-qemut-stubdom-debianhvm-amd64-xsm pass test-amd64-amd64-libvirt-xsm pass test-armhf-armhf-libvirt-xsm fail test-amd64-i386-libvirt-xsm pass test-amd64-amd64-xl-xsm pass test-armhf-armhf-xl-xsm pass test-amd64-i386-xl-xsm pass test-amd64-amd64-qemuu-nested-amd fail test-amd64-amd64-xl-pvh-amd fail test-amd64-i386-qemut-rhel6hvm-amd pass test-amd64-i386-qemuu-rhel6hvm-amd pass test-amd64-amd64-xl-qemut-debianhvm-amd64 pass test-amd64-i386-xl-qemut-debianhvm-amd64 pass test-amd64-amd64-xl-qemuu-debianhvm-amd64 pass test-amd64-i386-xl-qemuu-debianhvm-amd64 pass test-amd64-i386-freebsd10-amd64 pass test-amd64-amd64-xl-qemuu-ovmf-amd64 pass test-amd64-i386-xl-qemuu-ovmf-amd64 pass test-amd64-amd64-rumprun-amd64 blocked test-amd64-amd64-xl-qemut-win7-amd64 fail test-amd64-i386-xl-qemut-win7-amd64 fail test-amd64-amd64-xl-qemuu-win7-amd64 fail test-amd64-i386-xl-qemuu-win7-amd64 fail test-amd64-amd64-xl-credit2 pass test-armhf-armhf-xl-credit2 pass test-amd64-i386-freebsd10-i386 pass test-amd64-i386-rumprun-i386 blocked test-amd64-amd64-qemuu-nested-intel fail test-amd64-amd64-xl-pvh-intel fail test-amd64-i386-qemut-rhel6hvm-intel pass test-amd64-i386-qemuu-rhel6hvm-intel pass test-amd64-amd64-libvirt pass test-armhf-armhf-libvirt fail test-amd64-i386-libvirt pass test-armhf-armhf-xl-midway pass test-amd64-amd64-migrupgrade pass test-amd64-i386-migrupgrade pass test-amd64-amd64-xl-multivcpu pass test-armhf-armhf-xl-multivcpu pass test-amd64-amd64-pair pass test-amd64-i386-pair pass test-amd64-amd64-libvirt-pair pass test-amd64-i386-libvirt-pair pass test-amd64-amd64-amd64-pvgrub pass test-amd64-amd64-i386-pvgrub pass test-amd64-amd64-pygrub pass test-armhf-armhf-libvirt-qcow2 fail test-amd64-amd64-xl-qcow2 pass test-armhf-armhf-libvirt-raw fail test-amd64-i386-xl-raw pass test-amd64-amd64-xl-rtds pass test-armhf-armhf-xl-rtds pass test-amd64-i386-xl-qemut-winxpsp3-vcpus1 fail test-amd64-i386-xl-qemuu-winxpsp3-vcpus1 fail test-amd64-amd64-libvirt-vhd pass test-armhf-armhf-xl-vhd pass test-amd64-amd64-xl-qemut-winxpsp3 pass test-amd64-i386-xl-qemut-winxpsp3 pass test-amd64-amd64-xl-qemuu-winxpsp3 pass test-amd64-i386-xl-qemuu-winxpsp3 pass ------------------------------------------------------------ sg-report-flight on osstest.xs.citrite.net logs: /home/osstest/logs images: /home/osstest/images Logs, config files, etc. are available at http://osstest.xs.citrite.net/~osstest/testlogs/logs Test harness code can be found at http://xenbits.xensource.com/gitweb?p=osstest.git;a=summary Push not applicable. ------------------------------------------------------------ commit 3ebe9a1a826e8d569bef6045777cc01a5699933d Author: Wei Liu Date: Thu Nov 3 16:41:57 2016 +0000 libxl: disallow enabling PoD and ALTP2M at the same time That combination would cause Xen to crash. Note that although this is a security issue, is not XSA-worthy because ALTP2M is experimental. Signed-off-by: Wei Liu Acked-by: Ian Jackson Reviewed-by: Kevin Tian Release-acked-by: Wei Liu commit 7cae6b6eb743f21b5b002ab2d2954271c759ee14 Author: Wei Liu Date: Thu Nov 3 16:41:56 2016 +0000 libxl: set ret in the check for nestedhvm and altp2m The error path expects ret to be set, otherwise an assertion is triggered. Signed-off-by: Wei Liu Acked-by: Ian Jackson Release-acked-by: Wei Liu commit bd4d31be073166fc69b131e6375b55033b83b1c0 Author: Andrew Cooper Date: Thu Nov 3 17:57:57 2016 +0000 git: Add metadata to the result of `git archive` When building Xen from a source tarball, commit information is usually lost, especially if the tarball was generated from a tag. Have `git archive` automatically fill in metadata at the point of creating the archive, which is especially useful when using web snapshot links such as: http://xenbits.xen.org/gitweb/?p=xen.git;a=snapshot;h=HEAD;sf=tgz to obtain the tarball. Signed-off-by: Andrew Cooper Acked-by: Jan Beulich Acked-by: Wei Liu Release-acked-by: Wei Liu commit c47237a3d9e64abab6827d5f461d395ad0dc8ba2 Author: Wei Liu Date: Fri Oct 28 16:17:17 2016 +0100 flask: build policy in different locations The flask policy can be build twice -- one for hypervisor and one for tools. Before this patch, everything is built inside tools/flask/policy directory. It is possible to have a race to write to the same output file when running parallel builds. Prepend output file names with FLASK_BUILD_DIR. Hypervisor and tools build will set that variable to different directories, so that we can be safe from races. Adjust other bits of the build system as needed. Signed-off-by: Wei Liu Acked-by: Daniel De Graaf Release-acked-by: Wei Liu commit a0e98991b0407527b3d2ce1a6eeeb095e1fbf4a7 Author: Luwei Kang Date: Fri Nov 4 16:29:18 2016 +0800 tools/libxc: Add xstate cpuid leaf of avx512 Enable get xstate cpuid leaf information regarding avx512 in guest. Signed-off-by: Luwei Kang Reviewed-by: Andrew Cooper Acked-by: Wei Liu Release-acked-by: Wei Liu commit b4fbf078271e6f92c185b9f5289d768add2a74bb Author: Roger Pau Monne Date: Thu Nov 3 17:48:56 2016 +0100 docs: replace hint with pointer in PVHv2 ACPI documentation Use pointer instead of hint, since this is the only way to get the address of the RSDP. Signed-off-by: Roger Pau Monné Reported-by: Jan Beulich Acked-by: Jan Beulich Release-acked-by: Wei Liu (qemu changes not included) --===============8184983724600258941== Content-Type: text/plain; charset="utf-8" MIME-Version: 1.0 Content-Transfer-Encoding: base64 Content-Disposition: inline X19fX19fX19fX19fX19fX19fX19fX19fX19fX19fX19fX19fX19fX19fX19fX18KWGVuLWRldmVs IG1haWxpbmcgbGlzdApYZW4tZGV2ZWxAbGlzdHMueGVuLm9yZwpodHRwczovL2xpc3RzLnhlbi5v cmcveGVuLWRldmVsCg== --===============8184983724600258941==--