* [linux-3.10 baseline-only test] 68025: regressions - trouble: blocked/broken/fail/pass
@ 2016-11-13 18:06 Platform Team regression test user
0 siblings, 0 replies; only message in thread
From: Platform Team regression test user @ 2016-11-13 18:06 UTC (permalink / raw)
To: xen-devel, osstest-admin
This run is configured for baseline tests only.
flight 68025 linux-3.10 real [real]
http://osstest.xs.citrite.net/~osstest/testlogs/logs/68025/
Regressions :-(
Tests which did not succeed and are blocking,
including tests which could not be run:
test-amd64-i386-freebsd10-amd64 3 host-install(3) broken REGR. vs. 67602
test-amd64-amd64-pygrub 9 debian-di-install fail REGR. vs. 67602
test-amd64-i386-xl-raw 9 debian-di-install fail REGR. vs. 67602
test-amd64-amd64-i386-pvgrub 9 debian-di-install fail REGR. vs. 67602
test-amd64-amd64-amd64-pvgrub 9 debian-di-install fail REGR. vs. 67602
test-amd64-amd64-qemuu-nested-intel 16 debian-hvm-install/l1/l2 fail REGR. vs. 67602
test-amd64-amd64-xl-qcow2 9 debian-di-install fail REGR. vs. 67602
test-amd64-amd64-libvirt-vhd 9 debian-di-install fail REGR. vs. 67602
Regressions which are regarded as allowable (not blocking):
test-amd64-i386-xl-qemut-win7-amd64 16 guest-stop fail like 67602
test-amd64-amd64-xl-qemuu-win7-amd64 16 guest-stop fail like 67602
Tests which did not succeed, but are not blocking:
test-amd64-amd64-rumprun-amd64 1 build-check(1) blocked n/a
test-amd64-i386-rumprun-i386 1 build-check(1) blocked n/a
build-amd64-rumprun 6 xen-build fail never pass
build-i386-rumprun 6 xen-build fail never pass
test-amd64-amd64-libvirt 12 migrate-support-check fail never pass
test-amd64-i386-libvirt-xsm 12 migrate-support-check fail never pass
test-amd64-amd64-xl-pvh-amd 11 guest-start fail never pass
test-amd64-amd64-xl-qemut-win7-amd64 16 guest-stop fail never pass
test-amd64-i386-libvirt 12 migrate-support-check fail never pass
test-amd64-i386-xl-qemuu-win7-amd64 16 guest-stop fail never pass
test-amd64-amd64-qemuu-nested-amd 16 debian-hvm-install/l1/l2 fail never pass
test-amd64-amd64-xl-pvh-intel 11 guest-start fail never pass
test-amd64-amd64-libvirt-xsm 12 migrate-support-check fail never pass
test-amd64-amd64-libvirt-qemuu-debianhvm-amd64-xsm 10 migrate-support-check fail never pass
test-amd64-i386-libvirt-qemuu-debianhvm-amd64-xsm 10 migrate-support-check fail never pass
version targeted for testing:
linux 7828a9658951301a3fd83daa4ed0a607d370399e
baseline version:
linux 2ecaf1d025af0f481d00b3701ffbcc600dcab076
Last test of basis 67602 2016-08-29 05:20:05 Z 76 days
Testing same since 68025 2016-11-10 15:19:21 Z 3 days 1 attempts
------------------------------------------------------------
People who touched revisions under test:
Andrea Arcangeli <aarcange@redhat.com>
Andrew Morton <akpm@linux-foundation.org>
Bjorn Helgaas <bhelgaas@google.com>
Casey Schaufler <casey@schaufler-ca.com>
Dan Carpenter <dan.carpenter@oracle.com>
Dave Carroll <david.carroll@microsemi.com>
Greg Kroah-Hartman <gregkh@linuxfoundation.org>
Herbert Xu <herbert@gondor.apana.org.au>
Hugh Dickins <hughd@google.com>
Ian Abbott <abbotti@mev.co.uk>
James Hogan <james.hogan@imgtec.com>
Jann Horn <jann@thejh.net>
Jason S. McMullan <jason.mcmullan@netronome.com>
Jiri Slaby <jslaby@suse.cz>
Kashyap Desai <kashyap.desai@broadcom.com>
Kees Cook <keescook@chromium.org>
Linus Torvalds <torvalds@linux-foundation.org>
Martin K. Petersen <martin.petersen@oracle.com>
Paolo Bonzini <pbonzini@redhat.com>
Philipp Hahn <hahn@univention.de>
Rafael J. Wysocki <rafael.j.wysocki@intel.com>
Simon Horman <simon.horman@netronome.com>
Wei Liu <wei.liu2@citrix.com>
Willy Tarreau <w@1wt.eu>
Yinghai Lu <yinghai@kernel.org>
jobs:
build-amd64-xsm pass
build-i386-xsm pass
build-amd64 pass
build-i386 pass
build-amd64-libvirt pass
build-i386-libvirt pass
build-amd64-pvops pass
build-i386-pvops pass
build-amd64-rumprun fail
build-i386-rumprun fail
test-amd64-amd64-xl pass
test-amd64-i386-xl pass
test-amd64-amd64-xl-qemut-debianhvm-amd64-xsm pass
test-amd64-i386-xl-qemut-debianhvm-amd64-xsm pass
test-amd64-amd64-libvirt-qemuu-debianhvm-amd64-xsm pass
test-amd64-i386-libvirt-qemuu-debianhvm-amd64-xsm pass
test-amd64-amd64-xl-qemuu-debianhvm-amd64-xsm pass
test-amd64-i386-xl-qemuu-debianhvm-amd64-xsm pass
test-amd64-amd64-xl-qemut-stubdom-debianhvm-amd64-xsm pass
test-amd64-i386-xl-qemut-stubdom-debianhvm-amd64-xsm pass
test-amd64-amd64-libvirt-xsm pass
test-amd64-i386-libvirt-xsm pass
test-amd64-amd64-xl-xsm pass
test-amd64-i386-xl-xsm pass
test-amd64-amd64-qemuu-nested-amd fail
test-amd64-amd64-xl-pvh-amd fail
test-amd64-i386-qemut-rhel6hvm-amd pass
test-amd64-i386-qemuu-rhel6hvm-amd pass
test-amd64-amd64-xl-qemut-debianhvm-amd64 pass
test-amd64-i386-xl-qemut-debianhvm-amd64 pass
test-amd64-amd64-xl-qemuu-debianhvm-amd64 pass
test-amd64-i386-xl-qemuu-debianhvm-amd64 pass
test-amd64-i386-freebsd10-amd64 broken
test-amd64-amd64-xl-qemuu-ovmf-amd64 pass
test-amd64-i386-xl-qemuu-ovmf-amd64 pass
test-amd64-amd64-rumprun-amd64 blocked
test-amd64-amd64-xl-qemut-win7-amd64 fail
test-amd64-i386-xl-qemut-win7-amd64 fail
test-amd64-amd64-xl-qemuu-win7-amd64 fail
test-amd64-i386-xl-qemuu-win7-amd64 fail
test-amd64-amd64-xl-credit2 pass
test-amd64-i386-freebsd10-i386 pass
test-amd64-i386-rumprun-i386 blocked
test-amd64-amd64-qemuu-nested-intel fail
test-amd64-amd64-xl-pvh-intel fail
test-amd64-i386-qemut-rhel6hvm-intel pass
test-amd64-i386-qemuu-rhel6hvm-intel pass
test-amd64-amd64-libvirt pass
test-amd64-i386-libvirt pass
test-amd64-amd64-xl-multivcpu pass
test-amd64-amd64-pair pass
test-amd64-i386-pair pass
test-amd64-amd64-libvirt-pair pass
test-amd64-i386-libvirt-pair pass
test-amd64-amd64-amd64-pvgrub fail
test-amd64-amd64-i386-pvgrub fail
test-amd64-amd64-pygrub fail
test-amd64-amd64-xl-qcow2 fail
test-amd64-i386-xl-raw fail
test-amd64-amd64-xl-rtds pass
test-amd64-i386-xl-qemut-winxpsp3-vcpus1 pass
test-amd64-i386-xl-qemuu-winxpsp3-vcpus1 pass
test-amd64-amd64-libvirt-vhd fail
test-amd64-amd64-xl-qemut-winxpsp3 pass
test-amd64-i386-xl-qemut-winxpsp3 pass
test-amd64-amd64-xl-qemuu-winxpsp3 pass
test-amd64-i386-xl-qemuu-winxpsp3 pass
------------------------------------------------------------
sg-report-flight on osstest.xs.citrite.net
logs: /home/osstest/logs
images: /home/osstest/images
Logs, config files, etc. are available at
http://osstest.xs.citrite.net/~osstest/testlogs/logs
Test harness code can be found at
http://xenbits.xensource.com/gitweb?p=osstest.git;a=summary
broken-step test-amd64-i386-freebsd10-amd64 host-install(3)
Push not applicable.
(No revision log; it would be 471 lines long.)
_______________________________________________
Xen-devel mailing list
Xen-devel@lists.xen.org
https://lists.xen.org/xen-devel
^ permalink raw reply [flat|nested] only message in thread
only message in thread, other threads:[~2016-11-13 18:06 UTC | newest]
Thread overview: (only message) (download: mbox.gz follow: Atom feed
-- links below jump to the message on this page --
2016-11-13 18:06 [linux-3.10 baseline-only test] 68025: regressions - trouble: blocked/broken/fail/pass Platform Team regression test user
This is a public inbox, see mirroring instructions
for how to clone and mirror all data and code used for this inbox;
as well as URLs for NNTP newsgroup(s).