xen-devel.lists.xenproject.org archive mirror
 help / color / mirror / Atom feed
From: Platform Team regression test user <citrix-osstest@xenproject.org>
To: xen-devel@lists.xensource.com, osstest-admin@xenproject.org
Subject: [seabios baseline-only test] 68076: tolerable FAIL
Date: Mon, 21 Nov 2016 23:45:52 +0000	[thread overview]
Message-ID: <osstest-68076-mainreport@xen.org> (raw)

This run is configured for baseline tests only.

flight 68076 seabios real [real]
http://osstest.xs.citrite.net/~osstest/testlogs/logs/68076/

Failures :-/ but no regressions.

Regressions which are regarded as allowable (not blocking):
 test-amd64-amd64-xl-qemuu-win7-amd64 16 guest-stop             fail like 67953
 test-amd64-i386-xl-qemuu-win7-amd64 16 guest-stop              fail like 67953
 test-amd64-amd64-qemuu-nested-intel 16 debian-hvm-install/l1/l2 fail like 67953
 test-amd64-i386-xl-qemuu-winxpsp3-vcpus1  9 windows-install    fail like 67953

Tests which did not succeed, but are not blocking:
 test-amd64-i386-libvirt-qemuu-debianhvm-amd64-xsm 10 migrate-support-check fail never pass
 test-amd64-amd64-libvirt-qemuu-debianhvm-amd64-xsm 10 migrate-support-check fail never pass
 test-amd64-amd64-qemuu-nested-amd 16 debian-hvm-install/l1/l2  fail never pass

version targeted for testing:
 seabios              b98c6586c0c3d519359d6e751ecb3e637e82dbcb
baseline version:
 seabios              d7adf6044a4c772b497e97272adf97426b34a249

Last test of basis    67953  2016-10-28 05:18:42 Z   24 days
Testing same since    68076  2016-11-21 19:16:35 Z    0 days    1 attempts

------------------------------------------------------------
People who touched revisions under test:
  Igor Mammedov <imammedo@redhat.com>
  Kevin O'Connor <kevin@koconnor.net>

jobs:
 build-amd64-xsm                                              pass    
 build-i386-xsm                                               pass    
 build-amd64                                                  pass    
 build-i386                                                   pass    
 build-amd64-libvirt                                          pass    
 build-i386-libvirt                                           pass    
 build-amd64-pvops                                            pass    
 build-i386-pvops                                             pass    
 test-amd64-amd64-libvirt-qemuu-debianhvm-amd64-xsm           pass    
 test-amd64-i386-libvirt-qemuu-debianhvm-amd64-xsm            pass    
 test-amd64-amd64-xl-qemuu-debianhvm-amd64-xsm                pass    
 test-amd64-i386-xl-qemuu-debianhvm-amd64-xsm                 pass    
 test-amd64-amd64-qemuu-nested-amd                            fail    
 test-amd64-i386-qemuu-rhel6hvm-amd                           pass    
 test-amd64-amd64-xl-qemuu-debianhvm-amd64                    pass    
 test-amd64-i386-xl-qemuu-debianhvm-amd64                     pass    
 test-amd64-amd64-xl-qemuu-win7-amd64                         fail    
 test-amd64-i386-xl-qemuu-win7-amd64                          fail    
 test-amd64-amd64-qemuu-nested-intel                          fail    
 test-amd64-i386-qemuu-rhel6hvm-intel                         pass    
 test-amd64-i386-xl-qemuu-winxpsp3-vcpus1                     fail    
 test-amd64-amd64-xl-qemuu-winxpsp3                           pass    
 test-amd64-i386-xl-qemuu-winxpsp3                            pass    


------------------------------------------------------------
sg-report-flight on osstest.xs.citrite.net
logs: /home/osstest/logs
images: /home/osstest/images

Logs, config files, etc. are available at
    http://osstest.xs.citrite.net/~osstest/testlogs/logs

Test harness code can be found at
    http://xenbits.xensource.com/gitweb?p=osstest.git;a=summary


Push not applicable.

------------------------------------------------------------
commit b98c6586c0c3d519359d6e751ecb3e637e82dbcb
Author: Igor Mammedov <imammedo@redhat.com>
Date:   Fri Nov 11 16:35:15 2016 +0100

    drop "etc/boot-cpus" fw_cfg file and reuse legacy QEMU_CFG_NB_CPUS
    
    since QEMU_CFG_NB_CPUS not going away anytime soon
    and serves the same purpose as just added "etc/boot-cpus" fw_cfg
    drop support for "etc/boot-cpus" while this code is not
    in use yet (i.e. QEMU with "etc/boot-cpus" hasn't been released)
    and reuse QEMU_CFG_NB_CPUS instead of it.
    
    Signed-off-by: Igor Mammedov <imammedo@redhat.com>

commit c5e56b2ffe439b919d5e622374c1aa70af4e1911
Author: Kevin O'Connor <kevin@koconnor.net>
Date:   Wed Oct 26 12:43:12 2016 -0400

    usb: Make usb_time_sigatt variable static
    
    Signed-off-by: Kevin O'Connor <kevin@koconnor.net>

_______________________________________________
Xen-devel mailing list
Xen-devel@lists.xen.org
https://lists.xen.org/xen-devel

                 reply	other threads:[~2016-11-21 23:45 UTC|newest]

Thread overview: [no followups] expand[flat|nested]  mbox.gz  Atom feed

Reply instructions:

You may reply publicly to this message via plain-text email
using any one of the following methods:

* Save the following mbox file, import it into your mail client,
  and reply-to-all from there: mbox

  Avoid top-posting and favor interleaved quoting:
  https://en.wikipedia.org/wiki/Posting_style#Interleaved_style

* Reply using the --to, --cc, and --in-reply-to
  switches of git-send-email(1):

  git send-email \
    --in-reply-to=osstest-68076-mainreport@xen.org \
    --to=citrix-osstest@xenproject.org \
    --cc=osstest-admin@xenproject.org \
    --cc=xen-devel@lists.xensource.com \
    /path/to/YOUR_REPLY

  https://kernel.org/pub/software/scm/git/docs/git-send-email.html

* If your mail client supports setting the In-Reply-To header
  via mailto: links, try the mailto: link
Be sure your reply has a Subject: header at the top and a blank line before the message body.
This is a public inbox, see mirroring instructions
for how to clone and mirror all data and code used for this inbox;
as well as URLs for NNTP newsgroup(s).