From: Platform Team regression test user <citrix-osstest@xenproject.org>
To: xen-devel@lists.xensource.com, osstest-admin@xenproject.org
Subject: [xen-4.6-testing baseline-only test] 68126: regressions - FAIL
Date: Wed, 30 Nov 2016 18:42:03 +0000 [thread overview]
Message-ID: <osstest-68126-mainreport@xen.org> (raw)
This run is configured for baseline tests only.
flight 68126 xen-4.6-testing real [real]
http://osstest.xs.citrite.net/~osstest/testlogs/logs/68126/
Regressions :-(
Tests which did not succeed and are blocking,
including tests which could not be run:
test-xtf-amd64-amd64-1 20 xtf/test-hvm32-invlpg~shadow fail REGR. vs. 68092
test-xtf-amd64-amd64-1 29 xtf/test-hvm32pae-invlpg~shadow fail REGR. vs. 68092
test-xtf-amd64-amd64-1 40 xtf/test-hvm64-invlpg~shadow fail REGR. vs. 68092
test-amd64-amd64-xl-qemuu-debianhvm-amd64 6 xen-boot fail REGR. vs. 68092
Regressions which are regarded as allowable (not blocking):
test-amd64-amd64-i386-pvgrub 10 guest-start fail like 68092
test-amd64-amd64-xl-qemuu-win7-amd64 16 guest-stop fail like 68092
test-amd64-i386-xl-qemut-win7-amd64 16 guest-stop fail like 68092
test-amd64-i386-xl-qemuu-win7-amd64 16 guest-stop fail like 68092
test-amd64-amd64-qemuu-nested-intel 16 debian-hvm-install/l1/l2 fail like 68092
test-amd64-amd64-xl-qemut-winxpsp3 9 windows-install fail like 68092
Tests which did not succeed, but are not blocking:
test-amd64-i386-rumprun-i386 10 rumprun-demo-xenstorels/xenstorels fail never pass
test-armhf-armhf-xl-xsm 12 migrate-support-check fail never pass
test-armhf-armhf-xl-xsm 13 saverestore-support-check fail never pass
test-armhf-armhf-xl-midway 12 migrate-support-check fail never pass
test-armhf-armhf-xl-multivcpu 12 migrate-support-check fail never pass
test-armhf-armhf-xl-multivcpu 13 saverestore-support-check fail never pass
test-armhf-armhf-xl-midway 13 saverestore-support-check fail never pass
test-armhf-armhf-libvirt-xsm 12 migrate-support-check fail never pass
test-armhf-armhf-libvirt 12 migrate-support-check fail never pass
test-armhf-armhf-libvirt-xsm 14 guest-saverestore fail never pass
test-armhf-armhf-xl-credit2 12 migrate-support-check fail never pass
test-armhf-armhf-libvirt 14 guest-saverestore fail never pass
test-armhf-armhf-xl-credit2 13 saverestore-support-check fail never pass
test-armhf-armhf-xl 12 migrate-support-check fail never pass
test-armhf-armhf-xl 13 saverestore-support-check fail never pass
test-amd64-i386-libvirt 12 migrate-support-check fail never pass
test-amd64-amd64-xl-pvh-intel 11 guest-start fail never pass
test-amd64-amd64-xl-pvh-amd 11 guest-start fail never pass
test-amd64-amd64-rumprun-amd64 10 rumprun-demo-xenstorels/xenstorels fail never pass
test-amd64-i386-libvirt-xsm 12 migrate-support-check fail never pass
test-armhf-armhf-xl-rtds 12 migrate-support-check fail never pass
test-armhf-armhf-xl-rtds 13 saverestore-support-check fail never pass
test-armhf-armhf-libvirt-qcow2 11 migrate-support-check fail never pass
test-armhf-armhf-libvirt-qcow2 13 guest-saverestore fail never pass
test-amd64-amd64-libvirt 12 migrate-support-check fail never pass
test-amd64-amd64-libvirt-xsm 12 migrate-support-check fail never pass
test-armhf-armhf-libvirt-raw 11 migrate-support-check fail never pass
test-armhf-armhf-libvirt-raw 13 guest-saverestore fail never pass
test-armhf-armhf-xl-vhd 11 migrate-support-check fail never pass
test-armhf-armhf-xl-vhd 12 saverestore-support-check fail never pass
test-amd64-amd64-libvirt-qemuu-debianhvm-amd64-xsm 10 migrate-support-check fail never pass
test-amd64-amd64-qemuu-nested-amd 16 debian-hvm-install/l1/l2 fail never pass
test-amd64-i386-libvirt-qemuu-debianhvm-amd64-xsm 10 migrate-support-check fail never pass
test-amd64-amd64-libvirt-vhd 11 migrate-support-check fail never pass
test-amd64-amd64-xl-qemut-win7-amd64 16 guest-stop fail never pass
version targeted for testing:
xen 0ba95621b8988ad5ceb76b43e76be404fd798f7b
baseline version:
xen 514173d3f8623194aa607f71866a240d02d432e8
Last test of basis 68092 2016-11-24 12:17:31 Z 6 days
Testing same since 68126 2016-11-30 01:21:37 Z 0 days 1 attempts
------------------------------------------------------------
People who touched revisions under test:
Stefano Stabellini <sstabellini@kernel.org>
Wei Chen <Wei.Chen@arm.com>
jobs:
build-amd64-xsm pass
build-armhf-xsm pass
build-i386-xsm pass
build-amd64-xtf pass
build-amd64 pass
build-armhf pass
build-i386 pass
build-amd64-libvirt pass
build-armhf-libvirt pass
build-i386-libvirt pass
build-amd64-prev pass
build-i386-prev pass
build-amd64-pvops pass
build-armhf-pvops pass
build-i386-pvops pass
build-amd64-rumprun pass
build-i386-rumprun pass
test-xtf-amd64-amd64-1 pass
test-xtf-amd64-amd64-2 pass
test-xtf-amd64-amd64-3 pass
test-xtf-amd64-amd64-4 pass
test-xtf-amd64-amd64-5 pass
test-amd64-amd64-xl pass
test-armhf-armhf-xl pass
test-amd64-i386-xl pass
test-amd64-amd64-xl-qemut-debianhvm-amd64-xsm pass
test-amd64-i386-xl-qemut-debianhvm-amd64-xsm pass
test-amd64-amd64-libvirt-qemuu-debianhvm-amd64-xsm pass
test-amd64-i386-libvirt-qemuu-debianhvm-amd64-xsm pass
test-amd64-amd64-xl-qemuu-debianhvm-amd64-xsm pass
test-amd64-i386-xl-qemuu-debianhvm-amd64-xsm pass
test-amd64-amd64-xl-qemut-stubdom-debianhvm-amd64-xsm pass
test-amd64-i386-xl-qemut-stubdom-debianhvm-amd64-xsm pass
test-amd64-amd64-libvirt-xsm pass
test-armhf-armhf-libvirt-xsm fail
test-amd64-i386-libvirt-xsm pass
test-amd64-amd64-xl-xsm pass
test-armhf-armhf-xl-xsm pass
test-amd64-i386-xl-xsm pass
test-amd64-amd64-qemuu-nested-amd fail
test-amd64-amd64-xl-pvh-amd fail
test-amd64-i386-qemut-rhel6hvm-amd pass
test-amd64-i386-qemuu-rhel6hvm-amd pass
test-amd64-amd64-xl-qemut-debianhvm-amd64 pass
test-amd64-i386-xl-qemut-debianhvm-amd64 pass
test-amd64-amd64-xl-qemuu-debianhvm-amd64 fail
test-amd64-i386-xl-qemuu-debianhvm-amd64 pass
test-amd64-i386-freebsd10-amd64 pass
test-amd64-amd64-xl-qemuu-ovmf-amd64 pass
test-amd64-i386-xl-qemuu-ovmf-amd64 pass
test-amd64-amd64-rumprun-amd64 fail
test-amd64-amd64-xl-qemut-win7-amd64 fail
test-amd64-i386-xl-qemut-win7-amd64 fail
test-amd64-amd64-xl-qemuu-win7-amd64 fail
test-amd64-i386-xl-qemuu-win7-amd64 fail
test-amd64-amd64-xl-credit2 pass
test-armhf-armhf-xl-credit2 pass
test-amd64-i386-freebsd10-i386 pass
test-amd64-i386-rumprun-i386 fail
test-amd64-amd64-qemuu-nested-intel fail
test-amd64-amd64-xl-pvh-intel fail
test-amd64-i386-qemut-rhel6hvm-intel pass
test-amd64-i386-qemuu-rhel6hvm-intel pass
test-amd64-amd64-libvirt pass
test-armhf-armhf-libvirt fail
test-amd64-i386-libvirt pass
test-armhf-armhf-xl-midway pass
test-amd64-amd64-migrupgrade pass
test-amd64-i386-migrupgrade pass
test-amd64-amd64-xl-multivcpu pass
test-armhf-armhf-xl-multivcpu pass
test-amd64-amd64-pair pass
test-amd64-i386-pair pass
test-amd64-amd64-libvirt-pair pass
test-amd64-i386-libvirt-pair pass
test-amd64-amd64-amd64-pvgrub pass
test-amd64-amd64-i386-pvgrub fail
test-amd64-amd64-pygrub pass
test-armhf-armhf-libvirt-qcow2 fail
test-amd64-amd64-xl-qcow2 pass
test-armhf-armhf-libvirt-raw fail
test-amd64-i386-xl-raw pass
test-amd64-amd64-xl-rtds pass
test-armhf-armhf-xl-rtds pass
test-amd64-i386-xl-qemut-winxpsp3-vcpus1 pass
test-amd64-i386-xl-qemuu-winxpsp3-vcpus1 pass
test-amd64-amd64-libvirt-vhd pass
test-armhf-armhf-xl-vhd pass
test-amd64-amd64-xl-qemut-winxpsp3 fail
test-amd64-i386-xl-qemut-winxpsp3 pass
test-amd64-amd64-xl-qemuu-winxpsp3 pass
test-amd64-i386-xl-qemuu-winxpsp3 pass
------------------------------------------------------------
sg-report-flight on osstest.xs.citrite.net
logs: /home/osstest/logs
images: /home/osstest/images
Logs, config files, etc. are available at
http://osstest.xs.citrite.net/~osstest/testlogs/logs
Test harness code can be found at
http://xenbits.xensource.com/gitweb?p=osstest.git;a=summary
Push not applicable.
------------------------------------------------------------
commit 0ba95621b8988ad5ceb76b43e76be404fd798f7b
Author: Wei Chen <Wei.Chen@arm.com>
Date: Tue Nov 29 16:12:39 2016 +0100
arm32: handle async aborts delivered while at HYP
If guest generates an asynchronous abort and then traps into HYP
(by HVC or IRQ) before the abort has been delivered, the hypervisor
could not catch it, because the PSTATE.A bit is masked all the time
in hypervisor. So this asynchronous abort may be slipped to next
running guest with PSTATE.A bit unmasked.
In order to avoid this, it is necessary to take the abort at HYP, by
clearing the PSTATE.A bit. In this patch, we unmask the PSTATE.A bit
to open a window to catch guest-generated asynchronous abort in all
Guest -> HYP switch paths. If we caught such asynchronous abort in
checking window, the HYP data abort exception will be triggered and
the abort source guest will be crashed.
This is part of XSA-201.
Signed-off-by: Wei Chen <Wei.Chen@arm.com>
Reviewed-by: Julien Grall <julien.grall@arm.com>
Acked-by: Stefano Stabellini <sstabellini@kernel.org>
master commit: 6aaff7b407ca76dcfc4fe81f2afe9d1594cb0d6b
master date: 2016-11-29 15:59:55 +0100
commit 7902dba486c2d66f1fba1af8c3bc94a550b60d83
Author: Wei Chen <Wei.Chen@arm.com>
Date: Tue Nov 29 16:12:20 2016 +0100
arm: crash the guest when it traps on external abort
If we spot a data or prefetch abort bearing the ESR_EL2.EA bit set, we
know that this is an external abort, and that should crash the guest.
This is part of XSA-201.
Signed-off-by: Wei Chen <Wei.Chen@arm.com>
Reviewed-by: Stefano Stabellini <sstabellini@kernel.org>
Reviewed-by: Steve Capper <steve.capper@arm.com>
Reviewed-by: Julien Grall <Julien.Grall@arm.com>
master commit: f8c6a9334b251d2e78b0873a71b4d369908fb123
master date: 2016-11-29 15:59:26 +0100
commit 5f85ab0eb8bbf0fa56523424cc0a54d35ea69e80
Author: Wei Chen <Wei.Chen@arm.com>
Date: Tue Nov 29 16:12:05 2016 +0100
arm64: handle async aborts delivered while at EL2
If EL1 generates an asynchronous abort and then traps into EL2
(by HVC or IRQ) before the abort has been delivered, the hypervisor
could not catch it, because the PSTATE.A bit is masked all the time
in hypervisor. So this asynchronous abort may be slipped to next
running guest with PSTATE.A bit unmasked.
In order to avoid this, it is necessary to take the abort at EL2, by
clearing the PSTATE.A bit. In this patch, we unmask the PSTATE.A bit
to open a window to catch guest-generated asynchronous abort in all
EL1 -> EL2 swich paths. If we catched such asynchronous abort in
checking window, the hyp_error exception will be triggered and the
abort source guest will be crashed.
This is part of XSA-201.
Signed-off-by: Wei Chen <Wei.Chen@arm.com>
Reviewed-by: Julien Grall <julien.grall@arm.com>
Acked-by: Stefano Stabellini <sstabellini@kernel.org>
master commit: 36008800e81bc061cce1fd204a0b638f9dc61c70
master date: 2016-11-29 15:58:57 +0100
commit 7bd27bafa28cb47278b39483a0c976242ce174e5
Author: Wei Chen <Wei.Chen@arm.com>
Date: Tue Nov 29 16:11:39 2016 +0100
arm64: handle guest-generated EL1 asynchronous abort
In current code, when the hypervisor receives an asynchronous abort
from a guest, the hypervisor will do panic, the host will be down.
We have to prevent such security issue, so, in this patch we crash
the guest, when the hypervisor receives an asynchronous abort from
the guest.
This is part of XSA-201.
Signed-off-by: Wei Chen <Wei.Chen@arm.com>
Reviewed-by: Stefano Stabellini <sstabellini@kernel.org>
Reviewed-by: Steve Capper <steve.capper@arm.com>
Reviewed-by: Julien Grall <Julien.Grall@arm.com>
master commit: 2cf7d2bafb9b68add1710b8c3f7ecad58e53a9db
master date: 2016-11-29 15:57:52 +0100
(qemu changes not included)
_______________________________________________
Xen-devel mailing list
Xen-devel@lists.xen.org
https://lists.xen.org/xen-devel
reply other threads:[~2016-11-30 18:42 UTC|newest]
Thread overview: [no followups] expand[flat|nested] mbox.gz Atom feed
Reply instructions:
You may reply publicly to this message via plain-text email
using any one of the following methods:
* Save the following mbox file, import it into your mail client,
and reply-to-all from there: mbox
Avoid top-posting and favor interleaved quoting:
https://en.wikipedia.org/wiki/Posting_style#Interleaved_style
* Reply using the --to, --cc, and --in-reply-to
switches of git-send-email(1):
git send-email \
--in-reply-to=osstest-68126-mainreport@xen.org \
--to=citrix-osstest@xenproject.org \
--cc=osstest-admin@xenproject.org \
--cc=xen-devel@lists.xensource.com \
/path/to/YOUR_REPLY
https://kernel.org/pub/software/scm/git/docs/git-send-email.html
* If your mail client supports setting the In-Reply-To header
via mailto: links, try the mailto: link
Be sure your reply has a Subject: header at the top and a blank line
before the message body.
This is a public inbox, see mirroring instructions
for how to clone and mirror all data and code used for this inbox;
as well as URLs for NNTP newsgroup(s).