* [qemu-mainline baseline-only test] 68230: regressions - FAIL
@ 2016-12-16 21:04 Platform Team regression test user
0 siblings, 0 replies; only message in thread
From: Platform Team regression test user @ 2016-12-16 21:04 UTC (permalink / raw)
To: xen-devel, osstest-admin
This run is configured for baseline tests only.
flight 68230 qemu-mainline real [real]
http://osstest.xs.citrite.net/~osstest/testlogs/logs/68230/
Regressions :-(
Tests which did not succeed and are blocking,
including tests which could not be run:
test-amd64-i386-freebsd10-i386 10 guest-start fail REGR. vs. 68214
test-amd64-amd64-qemuu-nested-intel 9 debian-hvm-install fail REGR. vs. 68214
test-amd64-i386-xl-qemuu-ovmf-amd64 9 debian-hvm-install fail REGR. vs. 68214
Regressions which are regarded as allowable (not blocking):
test-amd64-i386-xl-qemuu-winxpsp3-vcpus1 9 windows-install fail like 68214
Tests which did not succeed, but are not blocking:
test-amd64-amd64-xl-pvh-intel 11 guest-start fail never pass
test-armhf-armhf-xl 12 migrate-support-check fail never pass
test-armhf-armhf-xl 13 saverestore-support-check fail never pass
test-armhf-armhf-xl-xsm 12 migrate-support-check fail never pass
test-armhf-armhf-xl-xsm 13 saverestore-support-check fail never pass
test-armhf-armhf-xl-midway 12 migrate-support-check fail never pass
test-armhf-armhf-xl-midway 13 saverestore-support-check fail never pass
test-armhf-armhf-libvirt 12 migrate-support-check fail never pass
test-armhf-armhf-libvirt 14 guest-saverestore fail never pass
test-armhf-armhf-libvirt-xsm 12 migrate-support-check fail never pass
test-armhf-armhf-xl-credit2 12 migrate-support-check fail never pass
test-armhf-armhf-xl-credit2 13 saverestore-support-check fail never pass
test-armhf-armhf-xl-multivcpu 12 migrate-support-check fail never pass
test-armhf-armhf-xl-multivcpu 13 saverestore-support-check fail never pass
test-armhf-armhf-libvirt-xsm 14 guest-saverestore fail never pass
test-amd64-i386-libvirt-xsm 12 migrate-support-check fail never pass
test-amd64-amd64-libvirt-xsm 12 migrate-support-check fail never pass
test-amd64-amd64-xl-pvh-amd 11 guest-start fail never pass
test-amd64-i386-libvirt 12 migrate-support-check fail never pass
test-armhf-armhf-xl-rtds 12 migrate-support-check fail never pass
test-armhf-armhf-xl-rtds 13 saverestore-support-check fail never pass
test-amd64-amd64-libvirt 12 migrate-support-check fail never pass
test-armhf-armhf-libvirt-qcow2 11 migrate-support-check fail never pass
test-armhf-armhf-libvirt-qcow2 13 guest-saverestore fail never pass
test-armhf-armhf-libvirt-raw 11 migrate-support-check fail never pass
test-amd64-i386-libvirt-qemuu-debianhvm-amd64-xsm 10 migrate-support-check fail never pass
test-armhf-armhf-libvirt-raw 13 guest-saverestore fail never pass
test-amd64-amd64-libvirt-qemuu-debianhvm-amd64-xsm 10 migrate-support-check fail never pass
test-armhf-armhf-xl-vhd 11 migrate-support-check fail never pass
test-armhf-armhf-xl-vhd 12 saverestore-support-check fail never pass
test-amd64-amd64-qemuu-nested-amd 16 debian-hvm-install/l1/l2 fail never pass
test-amd64-amd64-libvirt-vhd 11 migrate-support-check fail never pass
test-amd64-i386-xl-qemuu-win7-amd64 16 guest-stop fail never pass
test-amd64-amd64-xl-qemuu-win7-amd64 16 guest-stop fail never pass
version targeted for testing:
qemuu 6a928d25b6d8bc3729c3d28326c6db13b9481059
baseline version:
qemuu a92f7fe5a82ac9e8d127e92c5dce1a84064126da
Last test of basis 68214 2016-12-13 02:44:38 Z 3 days
Testing same since 68230 2016-12-16 14:47:06 Z 0 days 1 attempts
------------------------------------------------------------
People who touched revisions under test:
Maxime Coquelin <maxime.coquelin@redhat.com>
Michael Roth <mdroth@linux.vnet.ibm.com>
Stefan Hajnoczi <stefanha@redhat.com>
Stefan Weil <sw@weilnetz.de>
jobs:
build-amd64-xsm pass
build-armhf-xsm pass
build-i386-xsm pass
build-amd64 pass
build-armhf pass
build-i386 pass
build-amd64-libvirt pass
build-armhf-libvirt pass
build-i386-libvirt pass
build-amd64-pvops pass
build-armhf-pvops pass
build-i386-pvops pass
test-amd64-amd64-xl pass
test-armhf-armhf-xl pass
test-amd64-i386-xl pass
test-amd64-amd64-libvirt-qemuu-debianhvm-amd64-xsm pass
test-amd64-i386-libvirt-qemuu-debianhvm-amd64-xsm pass
test-amd64-amd64-xl-qemuu-debianhvm-amd64-xsm pass
test-amd64-i386-xl-qemuu-debianhvm-amd64-xsm pass
test-amd64-amd64-libvirt-xsm pass
test-armhf-armhf-libvirt-xsm fail
test-amd64-i386-libvirt-xsm pass
test-amd64-amd64-xl-xsm pass
test-armhf-armhf-xl-xsm pass
test-amd64-i386-xl-xsm pass
test-amd64-amd64-qemuu-nested-amd fail
test-amd64-amd64-xl-pvh-amd fail
test-amd64-i386-qemuu-rhel6hvm-amd pass
test-amd64-amd64-xl-qemuu-debianhvm-amd64 pass
test-amd64-i386-xl-qemuu-debianhvm-amd64 pass
test-amd64-i386-freebsd10-amd64 pass
test-amd64-amd64-xl-qemuu-ovmf-amd64 pass
test-amd64-i386-xl-qemuu-ovmf-amd64 fail
test-amd64-amd64-xl-qemuu-win7-amd64 fail
test-amd64-i386-xl-qemuu-win7-amd64 fail
test-amd64-amd64-xl-credit2 pass
test-armhf-armhf-xl-credit2 pass
test-amd64-i386-freebsd10-i386 fail
test-amd64-amd64-qemuu-nested-intel fail
test-amd64-amd64-xl-pvh-intel fail
test-amd64-i386-qemuu-rhel6hvm-intel pass
test-amd64-amd64-libvirt pass
test-armhf-armhf-libvirt fail
test-amd64-i386-libvirt pass
test-armhf-armhf-xl-midway pass
test-amd64-amd64-xl-multivcpu pass
test-armhf-armhf-xl-multivcpu pass
test-amd64-amd64-pair pass
test-amd64-i386-pair pass
test-amd64-amd64-libvirt-pair pass
test-amd64-i386-libvirt-pair pass
test-amd64-amd64-amd64-pvgrub pass
test-amd64-amd64-i386-pvgrub pass
test-amd64-amd64-pygrub pass
test-armhf-armhf-libvirt-qcow2 fail
test-amd64-amd64-xl-qcow2 pass
test-armhf-armhf-libvirt-raw fail
test-amd64-i386-xl-raw pass
test-amd64-amd64-xl-rtds pass
test-armhf-armhf-xl-rtds pass
test-amd64-i386-xl-qemuu-winxpsp3-vcpus1 fail
test-amd64-amd64-libvirt-vhd pass
test-armhf-armhf-xl-vhd pass
test-amd64-amd64-xl-qemuu-winxpsp3 pass
test-amd64-i386-xl-qemuu-winxpsp3 pass
------------------------------------------------------------
sg-report-flight on osstest.xs.citrite.net
logs: /home/osstest/logs
images: /home/osstest/images
Logs, config files, etc. are available at
http://osstest.xs.citrite.net/~osstest/testlogs/logs
Test harness code can be found at
http://xenbits.xensource.com/gitweb?p=osstest.git;a=summary
Push not applicable.
------------------------------------------------------------
commit 6a928d25b6d8bc3729c3d28326c6db13b9481059
Author: Stefan Hajnoczi <stefanha@redhat.com>
Date: Thu Dec 15 07:36:03 2016 +0000
Update version for v2.8.0-rc4 release
Signed-off-by: Stefan Hajnoczi <stefanha@redhat.com>
commit 66d1c4c19faff83e36075c7b61053d060a8ffc50
Author: Maxime Coquelin <maxime.coquelin@redhat.com>
Date: Wed Dec 14 17:30:35 2016 +0100
virtio-pci: Fix cross-version migration with older machines
This patch fixes a cross-version migration regression introduced
by commit d1b4259f ("virtio-bus: Plug devices after features are
negotiated").
The problem is encountered when host's vhost backend does not support
VIRTIO_F_VERSION_1, and migration is initiated from a v2.7 or prior
machine with virtio-pci modern capabilities enabled to a v2.8 machine.
In this case, modern capabilities get exposed to the guest by the source,
whereas the target will detect version 1 is not supported so will only
expose legacy capabilities.
The problem is fixed by introducing a new "x-ignore-backend-features"
property, which is set in v2.7 and prior compatibility modes. Doing this,
v2.7 machine keeps its broken behaviour (enabling modern while version
is not supported), and newer machines will behave correctly.
Reported-by: Michael Roth <mdroth@linux.vnet.ibm.com>
Reviewed-by: Marcel Apfelbaum <marcel@redhat.com>
Reviewed-by: Stefan Hajnoczi <stefanha@redhat.com>
Reviewed-by: Michael S. Tsirkin <mst@redhat.com>
Tested-by: Michael Roth <mdroth@linux.vnet.ibm.com>
Signed-off-by: Maxime Coquelin <maxime.coquelin@redhat.com>
Message-id: 20161214163035.3297-1-maxime.coquelin@redhat.com
Suggested-by: Stefan Hajnoczi <stefanha@redhat.com>
Cc: Michael S. Tsirkin <mst@redhat.com>
Cc: Cornelia Huck <cornelia.huck@de.ibm.com>
Cc: Dr. David Alan Gilbert <dgilbert@redhat.com>
Reviewed-by: Marcel Apfelbaum <marcel@redhat.com>
Reviewed-by: Stefan Hajnoczi <stefanha@redhat.com>
Tested-by: Michael Roth <mdroth@linux.vnet.ibm.com>
Signed-off-by: Maxime Coquelin <maxime.coquelin@redhat.com>
Signed-off-by: Stefan Hajnoczi <stefanha@redhat.com>
commit d70678a5388fb6340d018f51b863ec9712b905da
Author: Stefan Hajnoczi <stefanha@redhat.com>
Date: Wed Dec 14 14:47:13 2016 +0000
po: add missing translations in de, fr, it, zh
There are missing translations for the new "Copy" menu item.
The following people provided them to me on IRC just in time for the
QEMU 2.8 release:
* de_DE - Stefan Hajnoczi <stefanha@redhat.com>
* fr_FR - Laurent Vivier <laurent@vivier.eu>
* it - Pino Toscano <ptoscano@redhat.com>
* zh_CN - Fam Zheng <famz@redhat.com>
[Removed spurious space in zh_CN "Copy" translation that Fam Zheng
pointed out.
--Stefan]
Reported-by: Kevin Wolf <kwolf@redhat.com>
Signed-off-by: Stefan Hajnoczi <stefanha@redhat.com>
Message-id: 20161214144713.11009-1-stefanha@redhat.com
Cc: Fam Zheng <famz@redhat.com>
Cc: Pino Toscano <ptoscano@redhat.com>
Cc: Laurent Vivier <laurent@vivier.eu>
Signed-off-by: Stefan Hajnoczi <stefanha@redhat.com>
commit a08156321ab9a7d2fed9ee77dbfeea2a61ffd153
Author: Stefan Hajnoczi <stefanha@redhat.com>
Date: Wed Dec 14 14:25:18 2016 +0000
ui/gtk: fix "Copy" menu item segfault
The "Copy" menu item copies VTE terminal text to the clipboard. This
only works with VTE terminals, not with graphics consoles.
Disable the menu item when the current notebook page isn't a VTE
terminal.
This patch fixes a segfault. Reproducer: Start QEMU and click the Copy
menu item when the guest display is visible.
Reported-by: Kevin Wolf <kwolf@redhat.com>
Reviewed-by: Gerd Hoffmann <kraxel@redhat.com>
Tested-by: Stefan Weil <sw@weilnetz.de>
Signed-off-by: Stefan Hajnoczi <stefanha@redhat.com>
Message-id: 20161214142518.10504-1-stefanha@redhat.com
Cc: Michael S. Tsirkin <mst@redhat.com>
Cc: Gerd Hoffmann <kraxel@redhat.com>
Signed-off-by: Stefan Hajnoczi <stefanha@redhat.com>
commit 3753c75db8eaa40d1bfbfdf7b26e9defc1d785e5
Author: Stefan Hajnoczi <stefanha@redhat.com>
Date: Tue Dec 13 21:49:17 2016 +0000
Update language files for QEMU 2.8.0
Update translation files (change created via 'make -C po update').
Signed-off-by: Stefan Hajnoczi <stefanha@redhat.com>
Reviewed-by: Stefan Weil <sw@weilnetz.de>
Message-id: 20161213214917.6436-1-stefanha@redhat.com
Signed-off-by: Stefan Hajnoczi <stefanha@redhat.com>
_______________________________________________
Xen-devel mailing list
Xen-devel@lists.xen.org
https://lists.xen.org/xen-devel
^ permalink raw reply [flat|nested] only message in thread
only message in thread, other threads:[~2016-12-16 21:04 UTC | newest]
Thread overview: (only message) (download: mbox.gz follow: Atom feed
-- links below jump to the message on this page --
2016-12-16 21:04 [qemu-mainline baseline-only test] 68230: regressions - FAIL Platform Team regression test user
This is a public inbox, see mirroring instructions
for how to clone and mirror all data and code used for this inbox;
as well as URLs for NNTP newsgroup(s).