xen-devel.lists.xenproject.org archive mirror
 help / color / mirror / Atom feed
* [ovmf baseline-only test] 68241: regressions - FAIL
@ 2016-12-19  7:04 Platform Team regression test user
  0 siblings, 0 replies; only message in thread
From: Platform Team regression test user @ 2016-12-19  7:04 UTC (permalink / raw)
  To: xen-devel, osstest-admin

This run is configured for baseline tests only.

flight 68241 ovmf real [real]
http://osstest.xs.citrite.net/~osstest/testlogs/logs/68241/

Regressions :-(

Tests which did not succeed and are blocking,
including tests which could not be run:
 test-amd64-i386-xl-qemuu-ovmf-amd64  9 debian-hvm-install fail REGR. vs. 68240

version targeted for testing:
 ovmf                 a35dc6499beb0b76c340379a06dff74a8d38095a
baseline version:
 ovmf                 04fd7859bd0185668f2cf9213273a5fb4bcc7123

Last test of basis    68240  2016-12-18 22:50:38 Z    0 days
Testing same since    68241  2016-12-19 04:51:26 Z    0 days    1 attempts

------------------------------------------------------------
People who touched revisions under test:
  Fu Siyuan <siyuan.fu@intel.com>

jobs:
 build-amd64-xsm                                              pass    
 build-i386-xsm                                               pass    
 build-amd64                                                  pass    
 build-i386                                                   pass    
 build-amd64-libvirt                                          pass    
 build-i386-libvirt                                           pass    
 build-amd64-pvops                                            pass    
 build-i386-pvops                                             pass    
 test-amd64-amd64-xl-qemuu-ovmf-amd64                         pass    
 test-amd64-i386-xl-qemuu-ovmf-amd64                          fail    


------------------------------------------------------------
sg-report-flight on osstest.xs.citrite.net
logs: /home/osstest/logs
images: /home/osstest/images

Logs, config files, etc. are available at
    http://osstest.xs.citrite.net/~osstest/testlogs/logs

Test harness code can be found at
    http://xenbits.xensource.com/gitweb?p=osstest.git;a=summary


Push not applicable.

------------------------------------------------------------
commit a35dc6499beb0b76c340379a06dff74a8d38095a
Author: Fu Siyuan <siyuan.fu@intel.com>
Date:   Fri Dec 16 15:56:42 2016 +0800

    NetworkPkg: Replace ASSERT with error return code in PXE and HTTP boot driver.
    
    This patch remove the ASSERT when receive a DHCP packet large than the maximum
    cache buffer size.
    
    Contributed-under: TianoCore Contribution Agreement 1.0
    Signed-off-by: Fu Siyuan <siyuan.fu@intel.com>
    Reviewed-by: Ye Ting <ting.ye@intel.com>
    Reviewed-by: Wu Jiaxin <jiaxin.wu@intel.com>

commit 471342bbefaac1c21fe7fa4e80949b552b12fbdd
Author: Fu Siyuan <siyuan.fu@intel.com>
Date:   Fri Dec 16 14:03:07 2016 +0800

    MdeModulePkg: Replace ASSERT with error return code in PXE driver.
    
    This patch remove the ASSERT when receive a DHCP packet large than the maximum
    cache buffer size.
    
    Contributed-under: TianoCore Contribution Agreement 1.0
    Signed-off-by: Fu Siyuan <siyuan.fu@intel.com>
    Reviewed-by: Ye Ting <ting.ye@intel.com>
    Reviewed-by: Wu Jiaxin <jiaxin.wu@intel.com>

_______________________________________________
Xen-devel mailing list
Xen-devel@lists.xen.org
https://lists.xen.org/xen-devel

^ permalink raw reply	[flat|nested] only message in thread

only message in thread, other threads:[~2016-12-19  7:04 UTC | newest]

Thread overview: (only message) (download: mbox.gz follow: Atom feed
-- links below jump to the message on this page --
2016-12-19  7:04 [ovmf baseline-only test] 68241: regressions - FAIL Platform Team regression test user

This is a public inbox, see mirroring instructions
for how to clone and mirror all data and code used for this inbox;
as well as URLs for NNTP newsgroup(s).