From: Platform Team regression test user <citrix-osstest@xenproject.org>
To: xen-devel@lists.xensource.com, osstest-admin@xenproject.org
Subject: [xen-4.4-testing baseline-only test] 68256: regressions - FAIL
Date: Thu, 22 Dec 2016 10:35:21 +0000 [thread overview]
Message-ID: <osstest-68256-mainreport@xen.org> (raw)
This run is configured for baseline tests only.
flight 68256 xen-4.4-testing real [real]
http://osstest.xs.citrite.net/~osstest/testlogs/logs/68256/
Regressions :-(
Tests which did not succeed and are blocking,
including tests which could not be run:
test-amd64-i386-qemuu-rhel6hvm-intel 6 xen-boot fail REGR. vs. 68234
test-amd64-amd64-xl-qemuu-win7-amd64 6 xen-boot fail REGR. vs. 68234
test-amd64-i386-xl-qemuu-winxpsp3-vcpus1 15 guest-localmigrate/x10 fail REGR. vs. 68234
test-amd64-amd64-xl-qemuu-winxpsp3 15 guest-localmigrate/x10 fail REGR. vs. 68234
Regressions which are regarded as allowable (not blocking):
test-xtf-amd64-amd64-1 53 leak-check/check fail blocked in 68234
test-xtf-amd64-amd64-3 20 xtf/test-hvm32-invlpg~shadow fail like 68234
test-xtf-amd64-amd64-3 32 xtf/test-hvm32pae-invlpg~shadow fail like 68234
test-xtf-amd64-amd64-3 43 xtf/test-hvm64-invlpg~shadow fail like 68234
test-xtf-amd64-amd64-2 20 xtf/test-hvm32-invlpg~shadow fail like 68234
test-xtf-amd64-amd64-2 32 xtf/test-hvm32pae-invlpg~shadow fail like 68234
test-xtf-amd64-amd64-2 43 xtf/test-hvm64-invlpg~shadow fail like 68234
test-xtf-amd64-amd64-4 53 leak-check/check fail like 68234
test-xtf-amd64-amd64-3 53 leak-check/check fail like 68234
test-xtf-amd64-amd64-5 53 leak-check/check fail like 68234
test-amd64-amd64-xl 19 guest-start/debian.repeat fail like 68234
test-xtf-amd64-amd64-2 53 leak-check/check fail like 68234
test-amd64-amd64-xl-qemut-win7-amd64 16 guest-stop fail like 68234
test-amd64-i386-xl-qemuu-win7-amd64 15 guest-localmigrate/x10 fail like 68234
test-amd64-i386-xl-qemut-win7-amd64 16 guest-stop fail like 68234
test-amd64-i386-xend-qemut-winxpsp3 9 windows-install fail like 68234
Tests which did not succeed, but are not blocking:
test-amd64-amd64-rumprun-amd64 1 build-check(1) blocked n/a
test-amd64-i386-rumprun-i386 1 build-check(1) blocked n/a
test-xtf-amd64-amd64-4 10 xtf-fep fail never pass
test-armhf-armhf-libvirt-qcow2 9 debian-di-install fail never pass
test-armhf-armhf-xl-vhd 9 debian-di-install fail never pass
test-armhf-armhf-libvirt-raw 9 debian-di-install fail never pass
test-xtf-amd64-amd64-3 10 xtf-fep fail never pass
test-xtf-amd64-amd64-5 10 xtf-fep fail never pass
test-xtf-amd64-amd64-2 10 xtf-fep fail never pass
test-armhf-armhf-xl-credit2 12 migrate-support-check fail never pass
test-armhf-armhf-xl-credit2 13 saverestore-support-check fail never pass
test-armhf-armhf-libvirt 11 guest-start fail never pass
test-armhf-armhf-xl-midway 12 migrate-support-check fail never pass
test-armhf-armhf-xl-midway 13 saverestore-support-check fail never pass
test-armhf-armhf-xl-multivcpu 12 migrate-support-check fail never pass
test-armhf-armhf-xl-multivcpu 13 saverestore-support-check fail never pass
test-armhf-armhf-xl 12 migrate-support-check fail never pass
test-armhf-armhf-xl 13 saverestore-support-check fail never pass
test-xtf-amd64-amd64-4 52 xtf/test-hvm64-xsa-195 fail never pass
test-xtf-amd64-amd64-1 10 xtf-fep fail never pass
build-i386-rumprun 6 xen-build fail never pass
test-amd64-i386-libvirt 12 migrate-support-check fail never pass
test-amd64-amd64-libvirt 12 migrate-support-check fail never pass
test-amd64-amd64-qemuu-nested-intel 16 debian-hvm-install/l1/l2 fail never pass
test-xtf-amd64-amd64-3 52 xtf/test-hvm64-xsa-195 fail never pass
test-xtf-amd64-amd64-5 52 xtf/test-hvm64-xsa-195 fail never pass
test-xtf-amd64-amd64-2 52 xtf/test-hvm64-xsa-195 fail never pass
build-amd64-rumprun 6 xen-build fail never pass
test-xtf-amd64-amd64-1 52 xtf/test-hvm64-xsa-195 fail never pass
test-amd64-amd64-qemuu-nested-amd 16 debian-hvm-install/l1/l2 fail never pass
test-amd64-amd64-libvirt-vhd 11 migrate-support-check fail never pass
version targeted for testing:
xen 5a343e41f55d23c74fa3bdf430dacfa47a1a74d7
baseline version:
xen 619db7dffb84b35311e0bb9e63824938b18aca74
Last test of basis 68234 2016-12-17 06:49:53 Z 5 days
Testing same since 68256 2016-12-21 22:13:30 Z 0 days 1 attempts
------------------------------------------------------------
People who touched revisions under test:
Andrew Cooper <andrew.cooper3@citrix.com>
jobs:
build-amd64-xend pass
build-i386-xend pass
build-amd64-xtf pass
build-amd64 pass
build-armhf pass
build-i386 pass
build-amd64-libvirt pass
build-armhf-libvirt pass
build-i386-libvirt pass
build-amd64-pvops pass
build-armhf-pvops pass
build-i386-pvops pass
build-amd64-rumprun fail
build-i386-rumprun fail
test-xtf-amd64-amd64-1 fail
test-xtf-amd64-amd64-2 fail
test-xtf-amd64-amd64-3 fail
test-xtf-amd64-amd64-4 fail
test-xtf-amd64-amd64-5 fail
test-amd64-amd64-xl fail
test-armhf-armhf-xl pass
test-amd64-i386-xl pass
test-amd64-amd64-qemuu-nested-amd fail
test-amd64-i386-qemut-rhel6hvm-amd pass
test-amd64-i386-qemuu-rhel6hvm-amd pass
test-amd64-amd64-xl-qemut-debianhvm-amd64 pass
test-amd64-i386-xl-qemut-debianhvm-amd64 pass
test-amd64-amd64-xl-qemuu-debianhvm-amd64 pass
test-amd64-i386-xl-qemuu-debianhvm-amd64 pass
test-amd64-i386-freebsd10-amd64 pass
test-amd64-amd64-xl-qemuu-ovmf-amd64 pass
test-amd64-i386-xl-qemuu-ovmf-amd64 pass
test-amd64-amd64-rumprun-amd64 blocked
test-amd64-amd64-xl-qemut-win7-amd64 fail
test-amd64-i386-xl-qemut-win7-amd64 fail
test-amd64-amd64-xl-qemuu-win7-amd64 fail
test-amd64-i386-xl-qemuu-win7-amd64 fail
test-amd64-amd64-xl-credit2 pass
test-armhf-armhf-xl-credit2 pass
test-amd64-i386-freebsd10-i386 pass
test-amd64-i386-rumprun-i386 blocked
test-amd64-amd64-qemuu-nested-intel fail
test-amd64-i386-qemut-rhel6hvm-intel pass
test-amd64-i386-qemuu-rhel6hvm-intel fail
test-amd64-amd64-libvirt pass
test-armhf-armhf-libvirt fail
test-amd64-i386-libvirt pass
test-armhf-armhf-xl-midway pass
test-amd64-amd64-xl-multivcpu pass
test-armhf-armhf-xl-multivcpu pass
test-amd64-amd64-pair pass
test-amd64-i386-pair pass
test-amd64-amd64-libvirt-pair pass
test-amd64-i386-libvirt-pair pass
test-amd64-amd64-pv pass
test-amd64-i386-pv pass
test-amd64-amd64-amd64-pvgrub pass
test-amd64-amd64-i386-pvgrub pass
test-amd64-amd64-pygrub pass
test-armhf-armhf-libvirt-qcow2 fail
test-amd64-amd64-xl-qcow2 pass
test-armhf-armhf-libvirt-raw fail
test-amd64-i386-xl-raw pass
test-amd64-i386-xl-qemut-winxpsp3-vcpus1 pass
test-amd64-i386-xl-qemuu-winxpsp3-vcpus1 fail
test-amd64-amd64-libvirt-vhd pass
test-armhf-armhf-xl-vhd fail
test-amd64-i386-xend-qemut-winxpsp3 fail
test-amd64-amd64-xl-qemut-winxpsp3 pass
test-amd64-amd64-xl-qemuu-winxpsp3 fail
------------------------------------------------------------
sg-report-flight on osstest.xs.citrite.net
logs: /home/osstest/logs
images: /home/osstest/images
Logs, config files, etc. are available at
http://osstest.xs.citrite.net/~osstest/testlogs/logs
Test harness code can be found at
http://xenbits.xensource.com/gitweb?p=osstest.git;a=summary
Push not applicable.
------------------------------------------------------------
commit 5a343e41f55d23c74fa3bdf430dacfa47a1a74d7
Author: Andrew Cooper <andrew.cooper3@citrix.com>
Date: Sun Dec 18 15:42:59 2016 +0000
x86/emul: Correct the handling of eflags with SYSCALL
A singlestep #DB is determined by the resulting eflags value from the
execution of SYSCALL, not the original eflags value.
By using the original eflags value, we negate the guest kernels attempt to
protect itself from a privilege escalation by masking TF.
Introduce a tf boolean and have the SYSCALL emulation recalculate it
after the instruction is complete.
This is XSA-204
Signed-off-by: Andrew Cooper <andrew.cooper3@citrix.com>
Reviewed-by: Jan Beulich <jbeulich@suse.com>
========================================
_______________________________________________
Xen-devel mailing list
Xen-devel@lists.xen.org
https://lists.xen.org/xen-devel
reply other threads:[~2016-12-22 10:35 UTC|newest]
Thread overview: [no followups] expand[flat|nested] mbox.gz Atom feed
Reply instructions:
You may reply publicly to this message via plain-text email
using any one of the following methods:
* Save the following mbox file, import it into your mail client,
and reply-to-all from there: mbox
Avoid top-posting and favor interleaved quoting:
https://en.wikipedia.org/wiki/Posting_style#Interleaved_style
* Reply using the --to, --cc, and --in-reply-to
switches of git-send-email(1):
git send-email \
--in-reply-to=osstest-68256-mainreport@xen.org \
--to=citrix-osstest@xenproject.org \
--cc=osstest-admin@xenproject.org \
--cc=xen-devel@lists.xensource.com \
/path/to/YOUR_REPLY
https://kernel.org/pub/software/scm/git/docs/git-send-email.html
* If your mail client supports setting the In-Reply-To header
via mailto: links, try the mailto: link
Be sure your reply has a Subject: header at the top and a blank line
before the message body.
This is a public inbox, see mirroring instructions
for how to clone and mirror all data and code used for this inbox;
as well as URLs for NNTP newsgroup(s).