xen-devel.lists.xenproject.org archive mirror
 help / color / mirror / Atom feed
From: Platform Team regression test user <citrix-osstest@xenproject.org>
To: xen-devel@lists.xensource.com, osstest-admin@xenproject.org
Subject: [ovmf baseline-only test] 68258: tolerable FAIL
Date: Thu, 22 Dec 2016 23:28:46 +0000	[thread overview]
Message-ID: <osstest-68258-mainreport@xen.org> (raw)

This run is configured for baseline tests only.

flight 68258 ovmf real [real]
http://osstest.xs.citrite.net/~osstest/testlogs/logs/68258/

Failures :-/ but no regressions.

Regressions which are regarded as allowable (not blocking):
 test-amd64-i386-xl-qemuu-ovmf-amd64  9 debian-hvm-install      fail like 68251
 test-amd64-amd64-xl-qemuu-ovmf-amd64  9 debian-hvm-install     fail like 68251

version targeted for testing:
 ovmf                 d0c80b8a2de8ac90f51b86cce24e6c9c267ae5b4
baseline version:
 ovmf                 403f54768cd517221143064449ac861f0aac4ec5

Last test of basis    68251  2016-12-21 04:48:10 Z    1 days
Testing same since    68258  2016-12-22 02:17:43 Z    0 days    1 attempts

------------------------------------------------------------
People who touched revisions under test:
  Dandan Bi <dandan.bi@intel.com>
  Eric Dong <eric.dong@intel.com>

jobs:
 build-amd64-xsm                                              pass    
 build-i386-xsm                                               pass    
 build-amd64                                                  pass    
 build-i386                                                   pass    
 build-amd64-libvirt                                          pass    
 build-i386-libvirt                                           pass    
 build-amd64-pvops                                            pass    
 build-i386-pvops                                             pass    
 test-amd64-amd64-xl-qemuu-ovmf-amd64                         fail    
 test-amd64-i386-xl-qemuu-ovmf-amd64                          fail    


------------------------------------------------------------
sg-report-flight on osstest.xs.citrite.net
logs: /home/osstest/logs
images: /home/osstest/images

Logs, config files, etc. are available at
    http://osstest.xs.citrite.net/~osstest/testlogs/logs

Test harness code can be found at
    http://xenbits.xensource.com/gitweb?p=osstest.git;a=summary


Push not applicable.

------------------------------------------------------------
commit d0c80b8a2de8ac90f51b86cce24e6c9c267ae5b4
Author: Dandan Bi <dandan.bi@intel.com>
Date:   Tue Dec 20 15:12:56 2016 +0800

    UefiCpuPkg/SmmCpuFeaturesLib: Fix coding style issues
    
    Cc: Michael Kinney <michael.d.kinney@intel.com>
    Cc: Jeff Fan <jeff.fan@intel.com>
    Contributed-under: TianoCore Contribution Agreement 1.0
    Signed-off-by: Dandan Bi <dandan.bi@intel.com>
    Reviewed-by: Michael Kinney <michael.d.kinney@intel.com>

commit ead54b965fa161f8e56117f1f7e2cc342e44aa37
Author: Dandan Bi <dandan.bi@intel.com>
Date:   Tue Dec 20 15:10:29 2016 +0800

    UefiCpuPkg: Add Pcd info to uni file
    
    Add PcdCpuSmmStmExceptionStackSize/PcdCpuMsegSize prompt and help
    string to uni file.
    
    Cc: Michael Kinney <michael.d.kinney@intel.com>
    Cc: Jeff Fan <jeff.fan@intel.com>
    Contributed-under: TianoCore Contribution Agreement 1.0
    Signed-off-by: Dandan Bi <dandan.bi@intel.com>
    Reviewed-by: Michael Kinney <michael.d.kinney@intel.com>

commit 151ca6884580c95aae2b7e7257a1be7b6cd922f7
Author: Eric Dong <eric.dong@intel.com>
Date:   Tue Dec 20 15:54:37 2016 +0800

    SecurityPkg Tcg2ConfigDxe: Force reset when PCR Allocation changed.
    
    Contributed-under: TianoCore Contribution Agreement 1.0
    Signed-off-by: Eric Dong <eric.dong@intel.com>
    Reviewed-by: Jiewen Yao <jiewen.yao@intel.com>
    Reviewed-by: Star Zeng <star.zeng@intel.com>

_______________________________________________
Xen-devel mailing list
Xen-devel@lists.xen.org
https://lists.xen.org/xen-devel

                 reply	other threads:[~2016-12-22 23:28 UTC|newest]

Thread overview: [no followups] expand[flat|nested]  mbox.gz  Atom feed

Reply instructions:

You may reply publicly to this message via plain-text email
using any one of the following methods:

* Save the following mbox file, import it into your mail client,
  and reply-to-all from there: mbox

  Avoid top-posting and favor interleaved quoting:
  https://en.wikipedia.org/wiki/Posting_style#Interleaved_style

* Reply using the --to, --cc, and --in-reply-to
  switches of git-send-email(1):

  git send-email \
    --in-reply-to=osstest-68258-mainreport@xen.org \
    --to=citrix-osstest@xenproject.org \
    --cc=osstest-admin@xenproject.org \
    --cc=xen-devel@lists.xensource.com \
    /path/to/YOUR_REPLY

  https://kernel.org/pub/software/scm/git/docs/git-send-email.html

* If your mail client supports setting the In-Reply-To header
  via mailto: links, try the mailto: link
Be sure your reply has a Subject: header at the top and a blank line before the message body.
This is a public inbox, see mirroring instructions
for how to clone and mirror all data and code used for this inbox;
as well as URLs for NNTP newsgroup(s).