* [xen-4.6-testing baseline-only test] 68260: tolerable FAIL
@ 2016-12-23 4:38 Platform Team regression test user
0 siblings, 0 replies; only message in thread
From: Platform Team regression test user @ 2016-12-23 4:38 UTC (permalink / raw)
To: xen-devel, osstest-admin
This run is configured for baseline tests only.
flight 68260 xen-4.6-testing real [real]
http://osstest.xs.citrite.net/~osstest/testlogs/logs/68260/
Failures :-/ but no regressions.
Regressions which are regarded as allowable (not blocking):
test-xtf-amd64-amd64-5 20 xtf/test-hvm32-invlpg~shadow fail like 68255
test-xtf-amd64-amd64-5 32 xtf/test-hvm32pae-invlpg~shadow fail like 68255
test-xtf-amd64-amd64-5 43 xtf/test-hvm64-invlpg~shadow fail like 68255
test-xtf-amd64-amd64-3 20 xtf/test-hvm32-invlpg~shadow fail like 68255
test-xtf-amd64-amd64-1 20 xtf/test-hvm32-invlpg~shadow fail like 68255
test-xtf-amd64-amd64-3 32 xtf/test-hvm32pae-invlpg~shadow fail like 68255
test-xtf-amd64-amd64-1 32 xtf/test-hvm32pae-invlpg~shadow fail like 68255
test-xtf-amd64-amd64-3 43 xtf/test-hvm64-invlpg~shadow fail like 68255
test-xtf-amd64-amd64-1 43 xtf/test-hvm64-invlpg~shadow fail like 68255
test-amd64-amd64-xl-qemuu-win7-amd64 16 guest-stop fail like 68255
test-amd64-i386-xl-qemut-win7-amd64 16 guest-stop fail like 68255
test-amd64-amd64-qemuu-nested-intel 16 debian-hvm-install/l1/l2 fail like 68255
test-amd64-i386-xl-qemuu-win7-amd64 16 guest-stop fail like 68255
test-amd64-amd64-xl-qemut-winxpsp3 9 windows-install fail like 68255
Tests which did not succeed, but are not blocking:
test-amd64-i386-rumprun-i386 10 rumprun-demo-xenstorels/xenstorels fail never pass
test-xtf-amd64-amd64-4 62 xtf/test-pv32pae-xsa-194 fail never pass
test-xtf-amd64-amd64-2 62 xtf/test-pv32pae-xsa-194 fail never pass
test-armhf-armhf-xl-multivcpu 12 migrate-support-check fail never pass
test-armhf-armhf-xl-multivcpu 13 saverestore-support-check fail never pass
test-xtf-amd64-amd64-5 62 xtf/test-pv32pae-xsa-194 fail never pass
test-armhf-armhf-xl-midway 12 migrate-support-check fail never pass
test-armhf-armhf-xl-midway 13 saverestore-support-check fail never pass
test-armhf-armhf-xl-credit2 12 migrate-support-check fail never pass
test-armhf-armhf-xl-credit2 13 saverestore-support-check fail never pass
test-armhf-armhf-libvirt 12 migrate-support-check fail never pass
test-armhf-armhf-libvirt 14 guest-saverestore fail never pass
test-armhf-armhf-libvirt-xsm 12 migrate-support-check fail never pass
test-armhf-armhf-xl-xsm 12 migrate-support-check fail never pass
test-armhf-armhf-xl-xsm 13 saverestore-support-check fail never pass
test-armhf-armhf-libvirt-xsm 14 guest-saverestore fail never pass
test-armhf-armhf-xl 12 migrate-support-check fail never pass
test-armhf-armhf-xl 13 saverestore-support-check fail never pass
test-xtf-amd64-amd64-3 62 xtf/test-pv32pae-xsa-194 fail never pass
test-xtf-amd64-amd64-1 62 xtf/test-pv32pae-xsa-194 fail never pass
test-amd64-i386-libvirt 12 migrate-support-check fail never pass
test-amd64-amd64-xl-pvh-intel 11 guest-start fail never pass
test-amd64-amd64-libvirt 12 migrate-support-check fail never pass
test-amd64-amd64-rumprun-amd64 10 rumprun-demo-xenstorels/xenstorels fail never pass
test-amd64-amd64-xl-pvh-amd 11 guest-start fail never pass
test-armhf-armhf-xl-rtds 12 migrate-support-check fail never pass
test-armhf-armhf-xl-rtds 13 saverestore-support-check fail never pass
test-armhf-armhf-libvirt-qcow2 11 migrate-support-check fail never pass
test-armhf-armhf-libvirt-qcow2 13 guest-saverestore fail never pass
test-armhf-armhf-libvirt-raw 11 migrate-support-check fail never pass
test-armhf-armhf-libvirt-raw 13 guest-saverestore fail never pass
test-amd64-amd64-libvirt-xsm 12 migrate-support-check fail never pass
test-amd64-i386-libvirt-xsm 12 migrate-support-check fail never pass
test-amd64-i386-libvirt-qemuu-debianhvm-amd64-xsm 10 migrate-support-check fail never pass
test-amd64-amd64-libvirt-qemuu-debianhvm-amd64-xsm 10 migrate-support-check fail never pass
test-armhf-armhf-xl-vhd 11 migrate-support-check fail never pass
test-armhf-armhf-xl-vhd 12 saverestore-support-check fail never pass
test-amd64-amd64-qemuu-nested-amd 16 debian-hvm-install/l1/l2 fail never pass
test-amd64-amd64-libvirt-vhd 11 migrate-support-check fail never pass
test-amd64-amd64-xl-qemut-win7-amd64 16 guest-stop fail never pass
version targeted for testing:
xen 2eb074fddbecf40e0cdac5c5fe28fb6c7b5cc371
baseline version:
xen aa281a16db9a46911c78a30998c555515810aa8b
Last test of basis 68255 2016-12-21 21:17:44 Z 1 days
Testing same since 68260 2016-12-22 18:47:04 Z 0 days 1 attempts
------------------------------------------------------------
People who touched revisions under test:
Jan Beulich <jbeulich@suse.com>
jobs:
build-amd64-xsm pass
build-armhf-xsm pass
build-i386-xsm pass
build-amd64-xtf pass
build-amd64 pass
build-armhf pass
build-i386 pass
build-amd64-libvirt pass
build-armhf-libvirt pass
build-i386-libvirt pass
build-amd64-prev pass
build-i386-prev pass
build-amd64-pvops pass
build-armhf-pvops pass
build-i386-pvops pass
build-amd64-rumprun pass
build-i386-rumprun pass
test-xtf-amd64-amd64-1 pass
test-xtf-amd64-amd64-2 pass
test-xtf-amd64-amd64-3 pass
test-xtf-amd64-amd64-4 pass
test-xtf-amd64-amd64-5 pass
test-amd64-amd64-xl pass
test-armhf-armhf-xl pass
test-amd64-i386-xl pass
test-amd64-amd64-xl-qemut-debianhvm-amd64-xsm pass
test-amd64-i386-xl-qemut-debianhvm-amd64-xsm pass
test-amd64-amd64-libvirt-qemuu-debianhvm-amd64-xsm pass
test-amd64-i386-libvirt-qemuu-debianhvm-amd64-xsm pass
test-amd64-amd64-xl-qemuu-debianhvm-amd64-xsm pass
test-amd64-i386-xl-qemuu-debianhvm-amd64-xsm pass
test-amd64-amd64-xl-qemut-stubdom-debianhvm-amd64-xsm pass
test-amd64-i386-xl-qemut-stubdom-debianhvm-amd64-xsm pass
test-amd64-amd64-libvirt-xsm pass
test-armhf-armhf-libvirt-xsm fail
test-amd64-i386-libvirt-xsm pass
test-amd64-amd64-xl-xsm pass
test-armhf-armhf-xl-xsm pass
test-amd64-i386-xl-xsm pass
test-amd64-amd64-qemuu-nested-amd fail
test-amd64-amd64-xl-pvh-amd fail
test-amd64-i386-qemut-rhel6hvm-amd pass
test-amd64-i386-qemuu-rhel6hvm-amd pass
test-amd64-amd64-xl-qemut-debianhvm-amd64 pass
test-amd64-i386-xl-qemut-debianhvm-amd64 pass
test-amd64-amd64-xl-qemuu-debianhvm-amd64 pass
test-amd64-i386-xl-qemuu-debianhvm-amd64 pass
test-amd64-i386-freebsd10-amd64 pass
test-amd64-amd64-xl-qemuu-ovmf-amd64 pass
test-amd64-i386-xl-qemuu-ovmf-amd64 pass
test-amd64-amd64-rumprun-amd64 fail
test-amd64-amd64-xl-qemut-win7-amd64 fail
test-amd64-i386-xl-qemut-win7-amd64 fail
test-amd64-amd64-xl-qemuu-win7-amd64 fail
test-amd64-i386-xl-qemuu-win7-amd64 fail
test-amd64-amd64-xl-credit2 pass
test-armhf-armhf-xl-credit2 pass
test-amd64-i386-freebsd10-i386 pass
test-amd64-i386-rumprun-i386 fail
test-amd64-amd64-qemuu-nested-intel fail
test-amd64-amd64-xl-pvh-intel fail
test-amd64-i386-qemut-rhel6hvm-intel pass
test-amd64-i386-qemuu-rhel6hvm-intel pass
test-amd64-amd64-libvirt pass
test-armhf-armhf-libvirt fail
test-amd64-i386-libvirt pass
test-armhf-armhf-xl-midway pass
test-amd64-amd64-migrupgrade pass
test-amd64-i386-migrupgrade pass
test-amd64-amd64-xl-multivcpu pass
test-armhf-armhf-xl-multivcpu pass
test-amd64-amd64-pair pass
test-amd64-i386-pair pass
test-amd64-amd64-libvirt-pair pass
test-amd64-i386-libvirt-pair pass
test-amd64-amd64-amd64-pvgrub pass
test-amd64-amd64-i386-pvgrub pass
test-amd64-amd64-pygrub pass
test-armhf-armhf-libvirt-qcow2 fail
test-amd64-amd64-xl-qcow2 pass
test-armhf-armhf-libvirt-raw fail
test-amd64-i386-xl-raw pass
test-amd64-amd64-xl-rtds pass
test-armhf-armhf-xl-rtds pass
test-amd64-i386-xl-qemut-winxpsp3-vcpus1 pass
test-amd64-i386-xl-qemuu-winxpsp3-vcpus1 pass
test-amd64-amd64-libvirt-vhd pass
test-armhf-armhf-xl-vhd pass
test-amd64-amd64-xl-qemut-winxpsp3 fail
test-amd64-i386-xl-qemut-winxpsp3 pass
test-amd64-amd64-xl-qemuu-winxpsp3 pass
test-amd64-i386-xl-qemuu-winxpsp3 pass
------------------------------------------------------------
sg-report-flight on osstest.xs.citrite.net
logs: /home/osstest/logs
images: /home/osstest/images
Logs, config files, etc. are available at
http://osstest.xs.citrite.net/~osstest/testlogs/logs
Test harness code can be found at
http://xenbits.xensource.com/gitweb?p=osstest.git;a=summary
Push not applicable.
------------------------------------------------------------
commit 2eb074fddbecf40e0cdac5c5fe28fb6c7b5cc371
Author: Jan Beulich <jbeulich@suse.com>
Date: Wed Dec 21 17:45:42 2016 +0100
x86/HVM: add missing NULL check before using VMFUNC hook
This is CVE-2016-10025 / XSA-203.
Signed-off-by: Jan Beulich <jbeulich@suse.com>
Reviewed-by: Andrew Cooper <andrew.cooper3@citrix.com>
master commit: 74dcd0ce6f4fadce8093e54f0fc1a45426577e13
master date: 2016-12-21 16:47:19 +0100
commit c7f06e4eedcfd17024d48849bc8b047b813da0f7
Author: Jan Beulich <jbeulich@suse.com>
Date: Wed Dec 21 17:45:05 2016 +0100
x86: force EFLAGS.IF on when exiting to PV guests
Guest kernels modifying instructions in the process of being emulated
for another of their vCPU-s may effect EFLAGS.IF to be cleared upon
next exiting to guest context, by converting the being emulated
instruction to CLI (at the right point in time). Prevent any such bad
effects by always forcing EFLAGS.IF on. And to cover hypothetical other
similar issues, also force EFLAGS.{IOPL,NT,VM} to zero.
This is CVE-2016-10024 / XSA-202.
Signed-off-by: Jan Beulich <jbeulich@suse.com>
Reviewed-by: Andrew Cooper <andrew.cooper3@citrix.com>
master commit: 0e47f92b072548800223f9a21ea051a017173915
master date: 2016-12-21 16:46:13 +0100
(qemu changes not included)
_______________________________________________
Xen-devel mailing list
Xen-devel@lists.xen.org
https://lists.xen.org/xen-devel
^ permalink raw reply [flat|nested] only message in thread
only message in thread, other threads:[~2016-12-23 4:38 UTC | newest]
Thread overview: (only message) (download: mbox.gz follow: Atom feed
-- links below jump to the message on this page --
2016-12-23 4:38 [xen-4.6-testing baseline-only test] 68260: tolerable FAIL Platform Team regression test user
This is a public inbox, see mirroring instructions
for how to clone and mirror all data and code used for this inbox;
as well as URLs for NNTP newsgroup(s).