* [qemu-mainline baseline-only test] 68266: regressions - FAIL
@ 2016-12-24 7:58 Platform Team regression test user
0 siblings, 0 replies; only message in thread
From: Platform Team regression test user @ 2016-12-24 7:58 UTC (permalink / raw)
To: xen-devel, osstest-admin
[-- Attachment #1: Type: text/plain, Size: 19202 bytes --]
This run is configured for baseline tests only.
flight 68266 qemu-mainline real [real]
http://osstest.xs.citrite.net/~osstest/testlogs/logs/68266/
Regressions :-(
Tests which did not succeed and are blocking,
including tests which could not be run:
test-amd64-amd64-pair 11 host-ping-check-xen/src_host fail REGR. vs. 68261
test-armhf-armhf-xl-vhd 9 debian-di-install fail REGR. vs. 68261
Regressions which are regarded as allowable (not blocking):
test-amd64-i386-freebsd10-i386 10 guest-start fail like 68261
test-amd64-i386-freebsd10-amd64 10 guest-start fail like 68261
test-amd64-amd64-qemuu-nested-intel 9 debian-hvm-install fail like 68261
test-amd64-i386-xl-qemuu-ovmf-amd64 9 debian-hvm-install fail like 68261
test-amd64-i386-xl-qemuu-debianhvm-amd64 9 debian-hvm-install fail like 68261
test-amd64-amd64-xl-qemuu-debianhvm-amd64 9 debian-hvm-install fail like 68261
test-amd64-i386-xl-qemuu-winxpsp3-vcpus1 9 windows-install fail like 68261
Tests which did not succeed, but are not blocking:
test-amd64-amd64-xl-pvh-intel 11 guest-start fail never pass
test-armhf-armhf-xl-xsm 12 migrate-support-check fail never pass
test-armhf-armhf-xl-xsm 13 saverestore-support-check fail never pass
test-armhf-armhf-xl 12 migrate-support-check fail never pass
test-armhf-armhf-xl-midway 12 migrate-support-check fail never pass
test-armhf-armhf-xl-multivcpu 12 migrate-support-check fail never pass
test-armhf-armhf-xl-midway 13 saverestore-support-check fail never pass
test-armhf-armhf-xl 13 saverestore-support-check fail never pass
test-armhf-armhf-xl-multivcpu 13 saverestore-support-check fail never pass
test-armhf-armhf-libvirt 12 migrate-support-check fail never pass
test-armhf-armhf-libvirt-xsm 12 migrate-support-check fail never pass
test-armhf-armhf-libvirt 14 guest-saverestore fail never pass
test-armhf-armhf-xl-credit2 12 migrate-support-check fail never pass
test-armhf-armhf-xl-credit2 13 saverestore-support-check fail never pass
test-armhf-armhf-libvirt-xsm 14 guest-saverestore fail never pass
test-amd64-i386-libvirt-xsm 12 migrate-support-check fail never pass
test-amd64-amd64-xl-pvh-amd 11 guest-start fail never pass
test-amd64-amd64-libvirt-xsm 12 migrate-support-check fail never pass
test-armhf-armhf-xl-rtds 12 migrate-support-check fail never pass
test-armhf-armhf-xl-rtds 13 saverestore-support-check fail never pass
test-amd64-i386-libvirt 12 migrate-support-check fail never pass
test-amd64-amd64-libvirt 12 migrate-support-check fail never pass
test-armhf-armhf-libvirt-qcow2 11 migrate-support-check fail never pass
test-armhf-armhf-libvirt-qcow2 13 guest-saverestore fail never pass
test-armhf-armhf-libvirt-raw 11 migrate-support-check fail never pass
test-armhf-armhf-libvirt-raw 13 guest-saverestore fail never pass
test-amd64-i386-libvirt-qemuu-debianhvm-amd64-xsm 10 migrate-support-check fail never pass
test-amd64-amd64-libvirt-qemuu-debianhvm-amd64-xsm 10 migrate-support-check fail never pass
test-amd64-amd64-qemuu-nested-amd 16 debian-hvm-install/l1/l2 fail never pass
test-amd64-amd64-libvirt-vhd 11 migrate-support-check fail never pass
test-amd64-i386-xl-qemuu-win7-amd64 16 guest-stop fail never pass
test-amd64-amd64-xl-qemuu-win7-amd64 16 guest-stop fail never pass
version targeted for testing:
qemuu c76904ef2fc920bc6f73a827412cedac0aa167ad
baseline version:
qemuu 82ecffa8c050bf5bbc13329e9b65eac1caa5b55c
Last test of basis 68261 2016-12-22 23:21:47 Z 1 days
Testing same since 68266 2016-12-23 21:14:28 Z 0 days 1 attempts
------------------------------------------------------------
People who touched revisions under test:
Artyom Tarasenko <atar4qemu@gmail.com> [sparc part]
Bastian Koppelmann <kbastian@mail.uni-paderborn.de> [tricore part]
Cornelia Huck <cornelia.huck@de.ibm.com> [s390x part]
Daniel P. Berrange <berrange@redhat.com>
Edgar E. Iglesias <edgar.iglesias@xilinx.com> [crisµblaze part]
Eduardo Habkost <ehabkost@redhat.com> [i386 part]
Guan Xuetao <gxt@mprc.pku.edu.cn> [unicore32 part]
Hervé Poussineau <hpoussin@reactos.org>
Laurent Vivier <laurent@vivier.eu> [m68k part]
Longpeng(Mike) <longpeng2@huawei.com>
Marc-André Lureau <marcandre.lureau@redhat.com>
Max Filippov <jcmvbkbc@gmail.com> [xtensa part]
Michael Walle <michael@walle.cc> [lm32 part]
Peter Maydell <peter.maydell@linaro.org>
Richard Henderson <rth@twiddle.net> [alpha part]
Samuel Thibault <samuel.thibault@ens-lyon.org>
Thomas Huth <thuth@redhat.com>
Yuval Shaia <yuval.shaia@oracle.com>
jobs:
build-amd64-xsm pass
build-armhf-xsm pass
build-i386-xsm pass
build-amd64 pass
build-armhf pass
build-i386 pass
build-amd64-libvirt pass
build-armhf-libvirt pass
build-i386-libvirt pass
build-amd64-pvops pass
build-armhf-pvops pass
build-i386-pvops pass
test-amd64-amd64-xl pass
test-armhf-armhf-xl pass
test-amd64-i386-xl pass
test-amd64-amd64-libvirt-qemuu-debianhvm-amd64-xsm pass
test-amd64-i386-libvirt-qemuu-debianhvm-amd64-xsm pass
test-amd64-amd64-xl-qemuu-debianhvm-amd64-xsm pass
test-amd64-i386-xl-qemuu-debianhvm-amd64-xsm pass
test-amd64-amd64-libvirt-xsm pass
test-armhf-armhf-libvirt-xsm fail
test-amd64-i386-libvirt-xsm pass
test-amd64-amd64-xl-xsm pass
test-armhf-armhf-xl-xsm pass
test-amd64-i386-xl-xsm pass
test-amd64-amd64-qemuu-nested-amd fail
test-amd64-amd64-xl-pvh-amd fail
test-amd64-i386-qemuu-rhel6hvm-amd pass
test-amd64-amd64-xl-qemuu-debianhvm-amd64 fail
test-amd64-i386-xl-qemuu-debianhvm-amd64 fail
test-amd64-i386-freebsd10-amd64 fail
test-amd64-amd64-xl-qemuu-ovmf-amd64 pass
test-amd64-i386-xl-qemuu-ovmf-amd64 fail
test-amd64-amd64-xl-qemuu-win7-amd64 fail
test-amd64-i386-xl-qemuu-win7-amd64 fail
test-amd64-amd64-xl-credit2 pass
test-armhf-armhf-xl-credit2 pass
test-amd64-i386-freebsd10-i386 fail
test-amd64-amd64-qemuu-nested-intel fail
test-amd64-amd64-xl-pvh-intel fail
test-amd64-i386-qemuu-rhel6hvm-intel pass
test-amd64-amd64-libvirt pass
test-armhf-armhf-libvirt fail
test-amd64-i386-libvirt pass
test-armhf-armhf-xl-midway pass
test-amd64-amd64-xl-multivcpu pass
test-armhf-armhf-xl-multivcpu pass
test-amd64-amd64-pair fail
test-amd64-i386-pair pass
test-amd64-amd64-libvirt-pair pass
test-amd64-i386-libvirt-pair pass
test-amd64-amd64-amd64-pvgrub pass
test-amd64-amd64-i386-pvgrub pass
test-amd64-amd64-pygrub pass
test-armhf-armhf-libvirt-qcow2 fail
test-amd64-amd64-xl-qcow2 pass
test-armhf-armhf-libvirt-raw fail
test-amd64-i386-xl-raw pass
test-amd64-amd64-xl-rtds pass
test-armhf-armhf-xl-rtds pass
test-amd64-i386-xl-qemuu-winxpsp3-vcpus1 fail
test-amd64-amd64-libvirt-vhd pass
test-armhf-armhf-xl-vhd fail
test-amd64-amd64-xl-qemuu-winxpsp3 pass
test-amd64-i386-xl-qemuu-winxpsp3 pass
------------------------------------------------------------
sg-report-flight on osstest.xs.citrite.net
logs: /home/osstest/logs
images: /home/osstest/images
Logs, config files, etc. are available at
http://osstest.xs.citrite.net/~osstest/testlogs/logs
Test harness code can be found at
http://xenbits.xensource.com/gitweb?p=osstest.git;a=summary
Push not applicable.
------------------------------------------------------------
commit c76904ef2fc920bc6f73a827412cedac0aa167ad
Merge: 225adf1 4fd460b
Author: Peter Maydell <peter.maydell@linaro.org>
Date: Thu Dec 22 18:02:45 2016 +0000
Merge remote-tracking branch 'remotes/berrange/tags/pull-qcrypto-2016-12-21-2' into staging
Merge qcrypto 2016/12/21 v2
# gpg: Signature made Thu 22 Dec 2016 10:46:17 GMT
# gpg: using RSA key 0xBE86EBB415104FDF
# gpg: Good signature from "Daniel P. Berrange <dan@berrange.com>"
# gpg: aka "Daniel P. Berrange <berrange@redhat.com>"
# Primary key fingerprint: DAF3 A6FD B26B 6291 2D0E 8E3F BE86 EBB4 1510 4FDF
* remotes/berrange/tags/pull-qcrypto-2016-12-21-2:
crypto: add HMAC algorithms testcases
crypto: support HMAC algorithms based on nettle
crypto: support HMAC algorithms based on glib
crypto: support HMAC algorithms based on libgcrypt
crypto: add HMAC algorithms framework
configure: add CONFIG_GCRYPT_HMAC item
crypto: add 3des-ede support when using libgcrypt/nettle
cipher: fix leak on initialization error
Signed-off-by: Peter Maydell <peter.maydell@linaro.org>
commit 225adf16d2a128841d76e63248192797e05b712d
Merge: d1e8e8e 9443598
Author: Peter Maydell <peter.maydell@linaro.org>
Date: Thu Dec 22 12:06:59 2016 +0000
Merge remote-tracking branch 'remotes/thibault/tags/samuel-thibault' into staging
slirp updates
# gpg: Signature made Tue 20 Dec 2016 23:05:13 GMT
# gpg: using RSA key 0xA003196827414880
# gpg: Good signature from "Samuel Thibault <samuel.thibault@gnu.org>"
# gpg: aka "Samuel Thibault <sthibault@debian.org>"
# gpg: aka "Samuel Thibault <samuel.thibault@inria.fr>"
# gpg: aka "Samuel Thibault <samuel.thibault@labri.fr>"
# gpg: aka "Samuel Thibault <samuel.thibault@ens-lyon.org>"
# gpg: WARNING: This key is not certified with sufficiently trusted signatures!
# gpg: It is not certain that the signature belongs to the owner.
# Primary key fingerprint: 900C B024 B679 31D4 0F82 304B D017 8C76 7D06 9EE6
# Subkey fingerprint: 6B0F AC21 8566 46E9 4AA2 D200 A003 1968 2741 4880
* remotes/thibault/tags/samuel-thibault:
slirp: support dynamic block size for TFTP transfers
slirp, disas: Replace min/max with MIN/MAX macros
Signed-off-by: Peter Maydell <peter.maydell@linaro.org>
commit 4fd460bf25b197f94b9db463b77a69433901ac92
Author: Longpeng(Mike) <longpeng2@huawei.com>
Date: Tue Dec 13 18:43:00 2016 +0800
crypto: add HMAC algorithms testcases
This patch add HMAC algorithms testcases
Signed-off-by: Longpeng(Mike) <longpeng2@huawei.com>
Signed-off-by: Daniel P. Berrange <berrange@redhat.com>
commit f4d7674722d121fa7d4ed7cbee2c3ba9b3e71824
Author: Longpeng(Mike) <longpeng2@huawei.com>
Date: Tue Dec 13 18:42:59 2016 +0800
crypto: support HMAC algorithms based on nettle
This patch add nettle-backed HMAC algorithms support
Signed-off-by: Longpeng(Mike) <longpeng2@huawei.com>
Signed-off-by: Daniel P. Berrange <berrange@redhat.com>
commit e11680524afc6fb5b38e2a9e2e55c3c313ab8f97
Author: Longpeng(Mike) <longpeng2@huawei.com>
Date: Tue Dec 13 18:42:58 2016 +0800
crypto: support HMAC algorithms based on glib
This patch add glib-backed HMAC algorithms support
Signed-off-by: Longpeng(Mike) <longpeng2@huawei.com>
Signed-off-by: Daniel P. Berrange <berrange@redhat.com>
commit 5ce9cfe737cce8240e5c4d1c1fdbf0e05ff3540f
Author: Longpeng(Mike) <longpeng2@huawei.com>
Date: Tue Dec 13 18:42:57 2016 +0800
crypto: support HMAC algorithms based on libgcrypt
This patch add HMAC algorithms based on libgcrypt support
Signed-off-by: Longpeng(Mike) <longpeng2@huawei.com>
Signed-off-by: Daniel P. Berrange <berrange@redhat.com>
commit 12a4f2162ad27f0d76fb9187dfc70a94e7bbd319
Author: Longpeng(Mike) <longpeng2@huawei.com>
Date: Tue Dec 13 18:42:56 2016 +0800
crypto: add HMAC algorithms framework
This patch introduce HMAC algorithms framework.
Signed-off-by: Longpeng(Mike) <longpeng2@huawei.com>
Signed-off-by: Daniel P. Berrange <berrange@redhat.com>
commit 1f923c70bdb06369dcbb2097011af7cfa7c94a17
Author: Longpeng(Mike) <longpeng2@huawei.com>
Date: Tue Dec 13 18:42:55 2016 +0800
configure: add CONFIG_GCRYPT_HMAC item
This item will be used for support libcrypt-backed HMAC algorithms.
Support for hmac has been added in Libgcrypt 1.6.0, but we cannot
use pkg-config to get libcrypt's version. However we can make a
in configure to know whether current libcrypt support hmac.
Signed-off-by: Longpeng(Mike) <longpeng2@huawei.com>
Signed-off-by: Daniel P. Berrange <berrange@redhat.com>
commit d1e8e8ecc3d2a1a72504912d671f1cbbac1b06e5
Merge: 82ecffa fcf5ef2
Author: Peter Maydell <peter.maydell@linaro.org>
Date: Wed Dec 21 21:11:47 2016 +0000
Merge remote-tracking branch 'remotes/huth/tags/target-dirs-20161220' into staging
Move target-xxx folders to target/ directory
# gpg: Signature made Tue 20 Dec 2016 21:00:39 GMT
# gpg: using RSA key 0x2ED9D774FE702DB5
# gpg: Good signature from "Thomas Huth <th.huth@gmx.de>"
# gpg: aka "Thomas Huth <thuth@redhat.com>"
# gpg: aka "Thomas Huth <huth@tuxfamily.org>"
# Primary key fingerprint: 27B8 8847 EEE0 2501 18F3 EAB9 2ED9 D774 FE70 2DB5
* remotes/huth/tags/target-dirs-20161220:
Move target-* CPU file into a target/ folder
Signed-off-by: Peter Maydell <peter.maydell@linaro.org>
commit ffb7bf452af8f5b50c2a9adca8ab2e54627e04ae
Author: Longpeng(Mike) <longpeng2@huawei.com>
Date: Thu Dec 8 10:33:28 2016 +0800
crypto: add 3des-ede support when using libgcrypt/nettle
Libgcrypt and nettle support 3des-ede, so this patch add 3des-ede
support when using libgcrypt or nettle.
Reviewed-by: Gonglei <arei.gonglei@huawei.com>
Signed-off-by: Longpeng(Mike) <longpeng2@huawei.com>
Signed-off-by: Daniel P. Berrange <berrange@redhat.com>
commit d4c64800bbe1332328695a551b84ae68590c90fd
Author: Marc-André Lureau <marcandre.lureau@redhat.com>
Date: Wed Nov 9 14:28:18 2016 +0400
cipher: fix leak on initialization error
On error path, ctx may be leaked. Assign ctx earlier, and call
qcrypto_cipher_free() on error.
Spotted thanks to ASAN.
Signed-off-by: Marc-André Lureau <marcandre.lureau@redhat.com>
Signed-off-by: Daniel P. Berrange <berrange@redhat.com>
commit 9443598d7e2f2c0a6493d97b3f11dd04837b08e8
Author: Hervé Poussineau <hpoussin@reactos.org>
Date: Mon Nov 21 20:45:49 2016 +0100
slirp: support dynamic block size for TFTP transfers
The blocksize option is defined in RFC 1783 and RFC 2348.
We now support block sizes between 1 and 1428 bytes, instead of 512 only.
Signed-off-by: Hervé Poussineau <hpoussin@reactos.org>
Signed-off-by: Samuel Thibault <samuel.thibault@ens-lyon.org>
commit 893dcdbfa9c345945e6b501ebbf7a0f78ad08180
Author: Yuval Shaia <yuval.shaia@oracle.com>
Date: Tue Nov 29 17:07:34 2016 +0200
slirp, disas: Replace min/max with MIN/MAX macros
Signed-off-by: Yuval Shaia <yuval.shaia@oracle.com>
Reviewed-by: Markus Armbruster <armbru@redhat.com>
Reviewed-by: Laurent Vivier <lvivier@redhat.com>
Signed-off-by: Samuel Thibault <samuel.thibault@ens-lyon.org>
commit fcf5ef2ab52c621a4617ebbef36bf43b4003f4c0
Author: Thomas Huth <thuth@redhat.com>
Date: Tue Oct 11 08:56:52 2016 +0200
Move target-* CPU file into a target/ folder
We've currently got 18 architectures in QEMU, and thus 18 target-xxx
folders in the root folder of the QEMU source tree. More architectures
(e.g. RISC-V, AVR) are likely to be included soon, too, so the main
folder of the QEMU sources slowly gets quite overcrowded with the
target-xxx folders.
To disburden the main folder a little bit, let's move the target-xxx
folders into a dedicated target/ folder, so that target-xxx/ simply
becomes target/xxx/ instead.
Acked-by: Laurent Vivier <laurent@vivier.eu> [m68k part]
Acked-by: Bastian Koppelmann <kbastian@mail.uni-paderborn.de> [tricore part]
Acked-by: Michael Walle <michael@walle.cc> [lm32 part]
Acked-by: Cornelia Huck <cornelia.huck@de.ibm.com> [s390x part]
Reviewed-by: Christian Borntraeger <borntraeger@de.ibm.com> [s390x part]
Acked-by: Eduardo Habkost <ehabkost@redhat.com> [i386 part]
Acked-by: Artyom Tarasenko <atar4qemu@gmail.com> [sparc part]
Acked-by: Richard Henderson <rth@twiddle.net> [alpha part]
Acked-by: Max Filippov <jcmvbkbc@gmail.com> [xtensa part]
Reviewed-by: David Gibson <david@gibson.dropbear.id.au> [ppc part]
Acked-by: Edgar E. Iglesias <edgar.iglesias@xilinx.com> [crisµblaze part]
Acked-by: Guan Xuetao <gxt@mprc.pku.edu.cn> [unicore32 part]
Signed-off-by: Thomas Huth <thuth@redhat.com>
[-- Attachment #2: Type: text/plain, Size: 127 bytes --]
_______________________________________________
Xen-devel mailing list
Xen-devel@lists.xen.org
https://lists.xen.org/xen-devel
^ permalink raw reply [flat|nested] only message in thread
only message in thread, other threads:[~2016-12-24 7:58 UTC | newest]
Thread overview: (only message) (download: mbox.gz follow: Atom feed
-- links below jump to the message on this page --
2016-12-24 7:58 [qemu-mainline baseline-only test] 68266: regressions - FAIL Platform Team regression test user
This is a public inbox, see mirroring instructions
for how to clone and mirror all data and code used for this inbox;
as well as URLs for NNTP newsgroup(s).