From: Platform Team regression test user <citrix-osstest@xenproject.org>
To: xen-devel@lists.xensource.com, osstest-admin@xenproject.org
Subject: [ovmf baseline-only test] 68267: tolerable FAIL
Date: Sat, 24 Dec 2016 08:01:33 +0000 [thread overview]
Message-ID: <osstest-68267-mainreport@xen.org> (raw)
[-- Attachment #1: Type: text/plain, Size: 10751 bytes --]
This run is configured for baseline tests only.
flight 68267 ovmf real [real]
http://osstest.xs.citrite.net/~osstest/testlogs/logs/68267/
Failures :-/ but no regressions.
Regressions which are regarded as allowable (not blocking):
test-amd64-i386-xl-qemuu-ovmf-amd64 9 debian-hvm-install fail like 68262
test-amd64-amd64-xl-qemuu-ovmf-amd64 9 debian-hvm-install fail like 68262
version targeted for testing:
ovmf c9b78304b86f924230d570ae548ac6a511a2efae
baseline version:
ovmf 413535bb33d60417d681725af0274086630e7987
Last test of basis 68262 2016-12-23 02:20:28 Z 1 days
Testing same since 68267 2016-12-23 21:18:09 Z 0 days 1 attempts
------------------------------------------------------------
People who touched revisions under test:
Jiaxin Wu <jiaxin.wu@intel.com>
Long Qin <qin.long@intel.com>
Wu Jiaxin <jiaxin.wu@intel.com>
jobs:
build-amd64-xsm pass
build-i386-xsm pass
build-amd64 pass
build-i386 pass
build-amd64-libvirt pass
build-i386-libvirt pass
build-amd64-pvops pass
build-i386-pvops pass
test-amd64-amd64-xl-qemuu-ovmf-amd64 fail
test-amd64-i386-xl-qemuu-ovmf-amd64 fail
------------------------------------------------------------
sg-report-flight on osstest.xs.citrite.net
logs: /home/osstest/logs
images: /home/osstest/images
Logs, config files, etc. are available at
http://osstest.xs.citrite.net/~osstest/testlogs/logs
Test harness code can be found at
http://xenbits.xensource.com/gitweb?p=osstest.git;a=summary
Push not applicable.
------------------------------------------------------------
commit c9b78304b86f924230d570ae548ac6a511a2efae
Author: Jiaxin Wu <jiaxin.wu@intel.com>
Date: Wed Dec 14 11:36:38 2016 +0800
Nt32Pkg: Enable HTTPS boot feature for Nt32 platform
v2:
* Rename flag: HTTPS_BOOT_ENABLE -> TLS_ENABLE
This path is used to enable HTTPS boot feature for Nt32 platform.
Cc: Long Qin <qin.long@intel.com>
Cc: Ni Ruiyu <ruiyu.ni@intel.com>
Cc: Ye Ting <ting.ye@intel.com>
Cc: Fu Siyuan <siyuan.fu@intel.com>
Cc: Zhang Lubo <lubo.zhang@intel.com>
Cc: Thomas Palmer <thomas.palmer@hpe.com>
Cc: Yao Jiewen <jiewen.yao@intel.com>
Contributed-under: TianoCore Contribution Agreement 1.0
Signed-off-by: Wu Jiaxin <jiaxin.wu@intel.com>
Reviewed-by: Ruiyu Ni <ruiyu.ni@intel.com>
Reviewed-by: Fu Siyuan <siyuan.fu@intel.com>
Reviewed-by: Qin Long <qin.long@intel.com>
Reviewed-by: Ye Ting <ting.ye@intel.com>
commit f75697b2237ba998b4f7589e250ad8d4ffc1ce39
Author: Jiaxin Wu <jiaxin.wu@intel.com>
Date: Wed Dec 14 11:33:49 2016 +0800
Nt32Pkg/Nt32Pkg.dsc: Remove the flag for OpensslLib and BaseCryptLib
This patch is used to remove the 'SECURE_BOOT_ENABLE' flag for OpensslLib
and BaseCryptLib modules.
Cc: Long Qin <qin.long@intel.com>
Cc: Ni Ruiyu <ruiyu.ni@intel.com>
Cc: Ye Ting <ting.ye@intel.com>
Cc: Fu Siyuan <siyuan.fu@intel.com>
Cc: Zhang Lubo <lubo.zhang@intel.com>
Cc: Thomas Palmer <thomas.palmer@hpe.com>
Contributed-under: TianoCore Contribution Agreement 1.0
Signed-off-by: Wu Jiaxin <jiaxin.wu@intel.com>
Reviewed-by: Ruiyu Ni <ruiyu.ni@intel.com>
Reviewed-by: Qin Long <qin.long@intel.com>
Reviewed-by: Ye Ting <ting.ye@intel.com>
commit cd09a277340b306ea60ea6e634cd7b6bfe1646f5
Author: Jiaxin Wu <jiaxin.wu@intel.com>
Date: Wed Dec 14 10:59:51 2016 +0800
NetworkPkg/NetworkPkg.dsc: Enable TlsDxe and TlsAuthConfigDxe module
Cc: Ye Ting <ting.ye@intel.com>
Cc: Fu Siyuan <siyuan.fu@intel.com>
Cc: Zhang Lubo <lubo.zhang@intel.com>
Cc: Long Qin <qin.long@intel.com>
Cc: Thomas Palmer <thomas.palmer@hpe.com>
Contributed-under: TianoCore Contribution Agreement 1.0
Signed-off-by: Wu Jiaxin <jiaxin.wu@intel.com>
Reviewed-by: Fu Siyuan <siyuan.fu@intel.com>
Reviewed-by: Ye Ting <ting.ye@intel.com>
commit dac45de3d6afd6da19c192a65ad8493f513fd1be
Author: Jiaxin Wu <jiaxin.wu@intel.com>
Date: Wed Dec 14 10:57:41 2016 +0800
NetworkPkg/HttpDxe: HTTPS support over IPv4 and IPv6
This patch is used to enable HTTPS feature. HttpDxe driver
will consume TlsDxe driver. It can both support http and https
feature, thatâs depended on the information of URL, the HTTP
instance can be able to determine whether to use http or https.
Cc: Ye Ting <ting.ye@intel.com>
Cc: Fu Siyuan <siyuan.fu@intel.com>
Cc: Zhang Lubo <lubo.zhang@intel.com>
Cc: Long Qin <qin.long@intel.com>
Cc: Thomas Palmer <thomas.palmer@hpe.com>
Contributed-under: TianoCore Contribution Agreement 1.0
Signed-off-by: Wu Jiaxin <jiaxin.wu@intel.com>
Reviewed-by: Fu Siyuan <siyuan.fu@intel.com>
Reviewed-by: Ye Ting <ting.ye@intel.com>
commit 9d0fa533dd0136a06d076bc6eee1462499a4a936
Author: Jiaxin Wu <jiaxin.wu@intel.com>
Date: Wed Dec 14 10:54:32 2016 +0800
NetworkPkg/TlsAuthConfigDxe: Provide the UI to support TLS auth configuration
This patch provides the UI to support TLS auth configuration.
* EFI_SIGNATURE_LIST format is used for 'TlsCaCertificate'
variable. So, TLS supports multiple certificate configuration.
* The variable attribute is BS with NV, which only target at
preventing runtime phase attack.
Cc: Ye Ting <ting.ye@intel.com>
Cc: Fu Siyuan <siyuan.fu@intel.com>
Cc: Zhang Lubo <lubo.zhang@intel.com>
Cc: Long Qin <qin.long@intel.com>
Cc: Thomas Palmer <thomas.palmer@hpe.com>
Contributed-under: TianoCore Contribution Agreement 1.0
Signed-off-by: Wu Jiaxin <jiaxin.wu@intel.com>
Reviewed-by: Fu Siyuan <siyuan.fu@intel.com>
Reviewed-by: Ye Ting <ting.ye@intel.com>
commit 7e1f2209b03fdc51ba506686f74cfcb491b23ec3
Author: Jiaxin Wu <jiaxin.wu@intel.com>
Date: Wed Dec 14 10:44:07 2016 +0800
NetworkPkg/TlsDxe: TlsDxe driver implementation over OpenSSL
v3:
* Typo fix and code refine.
* Rename the internal macros and function:
TLS_INSTANCE_FROM_PROTOCOL_THIS -> TLS_INSTANCE_FROM_PROTOCOL
TLS_INSTANCE_FROM_CONFIGURATION_THIS -> TLS_INSTANCE_FROM_CONFIGURATION
TlsEcryptPacket -> TlsEncryptPacket
v2:
* Refine the TlsEcryptPacket/TlsDecryptPacket function
according the community feedback.
This patch is the implementation of EFI TLS Service Binding
Protocol, EFI TLS Protocol and EFI TLS Configuration Protocol
Interfaces.
Cc: Ye Ting <ting.ye@intel.com>
Cc: Fu Siyuan <siyuan.fu@intel.com>
Cc: Zhang Lubo <lubo.zhang@intel.com>
Cc: Long Qin <qin.long@intel.com>
Cc: Thomas Palmer <thomas.palmer@hpe.com>
Contributed-under: TianoCore Contribution Agreement 1.0
Signed-off-by: Wu Jiaxin <jiaxin.wu@intel.com>
Reviewed-by: Ye Ting <ting.ye@intel.com>
commit 9396cdfeaa7a053093c9d0a1f13ef6d672dfaa9f
Author: Jiaxin Wu <jiaxin.wu@intel.com>
Date: Wed Dec 14 10:34:57 2016 +0800
CryptoPkg: Add new TlsLib library
v2:
* Code refine and Typo fix:
TlsHandeAlert -> TlsHandleAlert
This patch is used to add new TlsLib library, which is wrapped
over OpenSSL. The implementation provides TLS library functions
for EFI TLS protocol and EFI TLS Configuration Protocol.
Cc: Ye Ting <ting.ye@intel.com>
Cc: Long Qin <qin.long@intel.com>
Cc: Fu Siyuan <siyuan.fu@intel.com>
Cc: Zhang Lubo <lubo.zhang@intel.com>
Cc: Thomas Palmer <thomas.palmer@hpe.com>
Contributed-under: TianoCore Contribution Agreement 1.0
Signed-off-by: Wu Jiaxin <jiaxin.wu@intel.com>
Reviewed-by: Qin Long <qin.long@intel.com>
Reviewed-by: Ye Ting <ting.ye@intel.com>
commit 32387e0081db5ec9cda2b58f72e2ccb04e3ff48e
Author: Jiaxin Wu <jiaxin.wu@intel.com>
Date: Wed Dec 14 10:30:32 2016 +0800
CryptoPkg: Enable ssl build in OpensslLib directly
This patch is used to enable ssl build in OpensslLib module
directly.
Cc: Wu Jiaxin <jiaxin.wu@intel.com>
Cc: Ye Ting <ting.ye@intel.com>
Cc: Long Qin <qin.long@intel.com>
Cc: Fu Siyuan <siyuan.fu@intel.com>
Cc: Zhang Lubo <lubo.zhang@intel.com>
Cc: Thomas Palmer <thomas.palmer@hpe.com>
Contributed-under: TianoCore Contribution Agreement 1.0
Signed-off-by: Long Qin <qin.long@intel.com>
Reviewed-by: Wu Jiaxin <jiaxin.wu@intel.com>
Reviewed-by: Ye Ting <ting.ye@intel.com>
Tested-by: Wu Jiaxin <jiaxin.wu@intel.com>
commit 885ccf972fee1bb8e12ca37221475feb6550c1de
Author: Jiaxin Wu <jiaxin.wu@intel.com>
Date: Wed Dec 14 10:21:16 2016 +0800
MdePkg: Add a header to standardize TLS definitions
This path is used to standardize TLS definitions from related
RFCs. Including TLS Cipher Suites, TLS Version, TLS Content Type
and TLS Record Header, etc.
Cc: Long Qin <qin.long@intel.com>
Cc: Ye Ting <ting.ye@intel.com>
Cc: Fu Siyuan <siyuan.fu@intel.com>
Cc: Zhang Lubo <lubo.zhang@intel.com>
Cc: Liming Gao <liming.gao@intel.com>
Cc: Michael D Kinney <michael.d.kinney@intel.com>
Cc: Thomas Palmer <thomas.palmer@hpe.com>
Contributed-under: TianoCore Contribution Agreement 1.0
Signed-off-by: Wu Jiaxin <jiaxin.wu@intel.com>
Reviewed-by: Qin Long <qin.long@intel.com>
Reviewed-by: Fu Siyuan <siyuan.fu@intel.com>
Reviewed-by: Ye Ting <ting.ye@intel.com>
commit b38c8945898f8d5ee3bf4795ceddfa30a47b9e48
Author: Jiaxin Wu <jiaxin.wu@intel.com>
Date: Wed Dec 14 10:19:19 2016 +0800
MdePkg: Add TLS related protocol definition
This patch is used to add Tls.h and TlsConfig.h header
files to define EFI TLS Configuration Protocol,
EFI TLS Service Binding Protocol and
EFI TLS Configuration Protocol.
Cc: Long Qin <qin.long@intel.com>
Cc: Ye Ting <ting.ye@intel.com>
Cc: Fu Siyuan <siyuan.fu@intel.com>
Cc: Zhang Lubo <lubo.zhang@intel.com>
Cc: Liming Gao <liming.gao@intel.com>
Cc: Michael D Kinney <michael.d.kinney@intel.com>
Cc: Thomas Palmer <thomas.palmer@hpe.com>
Contributed-under: TianoCore Contribution Agreement 1.0
Signed-off-by: Wu Jiaxin <jiaxin.wu@intel.com>
Reviewed-by: Qin Long <qin.long@intel.com>
Reviewed-by: Fu Siyuan <siyuan.fu@intel.com>
Reviewed-by: Ye Ting <ting.ye@intel.com>
[-- Attachment #2: Type: text/plain, Size: 127 bytes --]
_______________________________________________
Xen-devel mailing list
Xen-devel@lists.xen.org
https://lists.xen.org/xen-devel
reply other threads:[~2016-12-24 8:01 UTC|newest]
Thread overview: [no followups] expand[flat|nested] mbox.gz Atom feed
Reply instructions:
You may reply publicly to this message via plain-text email
using any one of the following methods:
* Save the following mbox file, import it into your mail client,
and reply-to-all from there: mbox
Avoid top-posting and favor interleaved quoting:
https://en.wikipedia.org/wiki/Posting_style#Interleaved_style
* Reply using the --to, --cc, and --in-reply-to
switches of git-send-email(1):
git send-email \
--in-reply-to=osstest-68267-mainreport@xen.org \
--to=citrix-osstest@xenproject.org \
--cc=osstest-admin@xenproject.org \
--cc=xen-devel@lists.xensource.com \
/path/to/YOUR_REPLY
https://kernel.org/pub/software/scm/git/docs/git-send-email.html
* If your mail client supports setting the In-Reply-To header
via mailto: links, try the mailto: link
Be sure your reply has a Subject: header at the top and a blank line
before the message body.
This is a public inbox, see mirroring instructions
for how to clone and mirror all data and code used for this inbox;
as well as URLs for NNTP newsgroup(s).