xen-devel.lists.xenproject.org archive mirror
 help / color / mirror / Atom feed
* [ovmf baseline-only test] 68275: all pass
@ 2016-12-26 17:39 Platform Team regression test user
  0 siblings, 0 replies; only message in thread
From: Platform Team regression test user @ 2016-12-26 17:39 UTC (permalink / raw)
  To: xen-devel, osstest-admin

This run is configured for baseline tests only.

flight 68275 ovmf real [real]
http://osstest.xs.citrite.net/~osstest/testlogs/logs/68275/

Perfect :-)
All tests in this flight passed as required
version targeted for testing:
 ovmf                 12b96a93f3f4f6827242f83f108a8d9c209dc6d0
baseline version:
 ovmf                 3f31ea1b3d59c909734a8b709a0cfb761579981e

Last test of basis    68273  2016-12-26 07:17:13 Z    0 days
Testing same since    68275  2016-12-26 15:49:15 Z    0 days    1 attempts

------------------------------------------------------------
People who touched revisions under test:
  Jiaxin Wu <jiaxin.wu@intel.com>
  Wu Jiaxin <jiaxin.wu@intel.com>

jobs:
 build-amd64-xsm                                              pass    
 build-i386-xsm                                               pass    
 build-amd64                                                  pass    
 build-i386                                                   pass    
 build-amd64-libvirt                                          pass    
 build-i386-libvirt                                           pass    
 build-amd64-pvops                                            pass    
 build-i386-pvops                                             pass    
 test-amd64-amd64-xl-qemuu-ovmf-amd64                         pass    
 test-amd64-i386-xl-qemuu-ovmf-amd64                          pass    


------------------------------------------------------------
sg-report-flight on osstest.xs.citrite.net
logs: /home/osstest/logs
images: /home/osstest/images

Logs, config files, etc. are available at
    http://osstest.xs.citrite.net/~osstest/testlogs/logs

Test harness code can be found at
    http://xenbits.xensource.com/gitweb?p=osstest.git;a=summary


Push not applicable.

------------------------------------------------------------
commit 12b96a93f3f4f6827242f83f108a8d9c209dc6d0
Author: Jiaxin Wu <jiaxin.wu@intel.com>
Date:   Mon Dec 26 09:53:20 2016 +0800

    NetworkPkg: Fix potentially uninitialized local variable
    
    Cc: Ye Ting <ting.ye@intel.com>
    Cc: Fu Siyuan <siyuan.fu@intel.com>
    Contributed-under: TianoCore Contribution Agreement 1.0
    Signed-off-by: Wu Jiaxin <jiaxin.wu@intel.com>
    Reviewed-by: Ye Ting <ting.ye@intel.com>
    Reviewed-by: Fu Siyuan <siyuan.fu@intel.com>

commit 5ea07b9d15fac130a53737e7ce2a29ae7a691520
Author: Jiaxin Wu <jiaxin.wu@intel.com>
Date:   Fri Dec 23 16:39:45 2016 +0800

    Nt32Pkg/Nt32Pkg.dsc: Change TLS_ENABLE flag to FALSE by default
    
    TLS feature highly depends on the OpenSSL building. To avoid
    the default Nt32 platform build failure, we should change the
    default value of TLS_ENABLE to FALSE.
    
    The notes are also provided for Secure Boot and TLS features.
    
    Cc: Ni Ruiyu <ruiyu.ni@intel.com>
    Cc: Ye Ting <ting.ye@intel.com>
    Cc: Long Qin <qin.long@intel.com>
    Cc: Fu Siyuan <siyuan.fu@intel.com>
    Contributed-under: TianoCore Contribution Agreement 1.0
    Signed-off-by: Wu Jiaxin <jiaxin.wu@intel.com>
    Reviewed-by: Ye Ting <ting.ye@intel.com>

commit 63f1d6a4c0f5df43e7c77041087754ddd169dea8
Author: Jiaxin Wu <jiaxin.wu@intel.com>
Date:   Fri Dec 23 11:13:21 2016 +0800

    NetworkPkg/HttpDxe: Fix the potential NULL dereference
    
    Cc: Ye Ting <ting.ye@intel.com>
    Cc: Fu Siyuan <siyuan.fu@intel.com>
    Cc: Wu Hao A <hao.a.wu@intel.com>
    Contributed-under: TianoCore Contribution Agreement 1.0
    Signed-off-by: Wu Jiaxin <jiaxin.wu@intel.com>
    Reviewed-by: Ye Ting <ting.ye@intel.com>

commit 0e5e7996c9366fd6f710963c6a414003fd5a95ec
Author: Jiaxin Wu <jiaxin.wu@intel.com>
Date:   Thu Dec 8 08:52:41 2016 +0800

    NetworkPkg/DnsDxe: Fixed the assert issue in DnsDxe
    
    Fix the DnsDxe assert issue when the incorrect answer message
    received.
    
    Cc: Ye Ting <ting.ye@intel.com>
    Cc: Fu Siyuan <siyuan.fu@intel.com>
    Cc: Zhang Lubo <lubo.zhang@intel.com>
    Contributed-under: TianoCore Contribution Agreement 1.0
    Signed-off-by: Wu Jiaxin <jiaxin.wu@intel.com>
    Reviewed-by: Ye Ting <ting.ye@intel.com>
    Reviewed-by: Zhang Lubo <lubo.zhang@intel.com>

_______________________________________________
Xen-devel mailing list
Xen-devel@lists.xen.org
https://lists.xen.org/xen-devel

^ permalink raw reply	[flat|nested] only message in thread

only message in thread, other threads:[~2016-12-26 17:39 UTC | newest]

Thread overview: (only message) (download: mbox.gz follow: Atom feed
-- links below jump to the message on this page --
2016-12-26 17:39 [ovmf baseline-only test] 68275: all pass Platform Team regression test user

This is a public inbox, see mirroring instructions
for how to clone and mirror all data and code used for this inbox;
as well as URLs for NNTP newsgroup(s).