* [qemu-mainline baseline-only test] 68506: regressions - trouble: blocked/broken/fail/pass
@ 2017-02-02 21:53 Platform Team regression test user
0 siblings, 0 replies; only message in thread
From: Platform Team regression test user @ 2017-02-02 21:53 UTC (permalink / raw)
To: xen-devel, osstest-admin
[-- Attachment #1: Type: text/plain, Size: 21012 bytes --]
This run is configured for baseline tests only.
flight 68506 qemu-mainline real [real]
http://osstest.xs.citrite.net/~osstest/testlogs/logs/68506/
Regressions :-(
Tests which did not succeed and are blocking,
including tests which could not be run:
test-armhf-armhf-xl 16 guest-start.2 fail REGR. vs. 68500
test-armhf-armhf-libvirt 15 guest-start/debian.repeat fail REGR. vs. 68500
Regressions which are regarded as allowable (not blocking):
test-armhf-armhf-libvirt 13 saverestore-support-check fail like 68500
test-armhf-armhf-libvirt-xsm 13 saverestore-support-check fail like 68500
test-armhf-armhf-libvirt-raw 12 saverestore-support-check fail like 68500
test-amd64-amd64-qemuu-nested-intel 16 debian-hvm-install/l1/l2 fail like 68500
test-amd64-i386-xl-qemuu-winxpsp3-vcpus1 9 windows-install fail like 68500
Tests which did not succeed, but are not blocking:
test-arm64-arm64-libvirt-xsm 1 build-check(1) blocked n/a
test-arm64-arm64-xl 1 build-check(1) blocked n/a
build-arm64-libvirt 1 build-check(1) blocked n/a
test-arm64-arm64-libvirt-qcow2 1 build-check(1) blocked n/a
test-arm64-arm64-libvirt 1 build-check(1) blocked n/a
test-arm64-arm64-xl-credit2 1 build-check(1) blocked n/a
test-arm64-arm64-xl-rtds 1 build-check(1) blocked n/a
test-arm64-arm64-xl-multivcpu 1 build-check(1) blocked n/a
test-arm64-arm64-xl-xsm 1 build-check(1) blocked n/a
build-arm64-pvops 2 hosts-allocate broken never pass
build-arm64-xsm 2 hosts-allocate broken never pass
build-arm64 2 hosts-allocate broken never pass
build-arm64-pvops 3 capture-logs broken never pass
build-arm64 3 capture-logs broken never pass
build-arm64-xsm 3 capture-logs broken never pass
test-amd64-amd64-xl-pvh-intel 11 guest-start fail never pass
test-armhf-armhf-xl-multivcpu 12 migrate-support-check fail never pass
test-armhf-armhf-xl-multivcpu 13 saverestore-support-check fail never pass
test-armhf-armhf-libvirt 12 migrate-support-check fail never pass
test-armhf-armhf-xl-credit2 12 migrate-support-check fail never pass
test-armhf-armhf-xl-credit2 13 saverestore-support-check fail never pass
test-armhf-armhf-xl-xsm 12 migrate-support-check fail never pass
test-armhf-armhf-xl-xsm 13 saverestore-support-check fail never pass
test-armhf-armhf-libvirt-xsm 12 migrate-support-check fail never pass
test-armhf-armhf-xl 12 migrate-support-check fail never pass
test-armhf-armhf-xl 13 saverestore-support-check fail never pass
test-armhf-armhf-xl-midway 12 migrate-support-check fail never pass
test-armhf-armhf-xl-midway 13 saverestore-support-check fail never pass
test-amd64-i386-libvirt 12 migrate-support-check fail never pass
test-amd64-i386-libvirt-xsm 12 migrate-support-check fail never pass
test-armhf-armhf-xl-rtds 12 migrate-support-check fail never pass
test-armhf-armhf-xl-rtds 13 saverestore-support-check fail never pass
test-amd64-amd64-xl-pvh-amd 11 guest-start fail never pass
test-amd64-amd64-libvirt-xsm 12 migrate-support-check fail never pass
test-amd64-amd64-libvirt 12 migrate-support-check fail never pass
test-armhf-armhf-libvirt-raw 11 migrate-support-check fail never pass
test-armhf-armhf-xl-vhd 11 migrate-support-check fail never pass
test-armhf-armhf-xl-vhd 12 saverestore-support-check fail never pass
test-amd64-amd64-libvirt-qemuu-debianhvm-amd64-xsm 10 migrate-support-check fail never pass
test-amd64-i386-libvirt-qemuu-debianhvm-amd64-xsm 10 migrate-support-check fail never pass
test-amd64-amd64-qemuu-nested-amd 16 debian-hvm-install/l1/l2 fail never pass
test-amd64-amd64-libvirt-vhd 11 migrate-support-check fail never pass
test-amd64-amd64-xl-qemuu-win7-amd64 16 guest-stop fail never pass
test-amd64-i386-xl-qemuu-win7-amd64 16 guest-stop fail never pass
version targeted for testing:
qemuu 6fe791b5e3aca8a6de8a322e85e76d2f13338a7e
baseline version:
qemuu a0def594286d9110a6035e02eef558cf3cf5d847
Last test of basis 68500 2017-01-30 22:44:25 Z 2 days
Testing same since 68506 2017-02-02 16:46:49 Z 0 days 1 attempts
------------------------------------------------------------
People who touched revisions under test:
Fabian Lesniak <fabian@lesniak-it.de>
Gerd Hoffmann <kraxel@redhat.com>
Kevin Wolf <kwolf@redhat.com>
Laszlo Ersek <lersek@redhat.com>
Marc-André Lureau <marcandre.lureau@redhat.com>
OGAWA Hirofumi <hirofumi@mail.parknet.co.jp>
Peter Maydell <peter.maydell@linaro.org>
Pierre Ossman <ossman@cendio.se>
Rami Rosen <rami.rosen@intel.com>
Ziyue Yang <skiver.cloud.yzy@gmail.com>
Ziyue Yang <yzylivezh@hotmail.com>
jobs:
build-amd64-xsm pass
build-arm64-xsm broken
build-armhf-xsm pass
build-i386-xsm pass
build-amd64 pass
build-arm64 broken
build-armhf pass
build-i386 pass
build-amd64-libvirt pass
build-arm64-libvirt blocked
build-armhf-libvirt pass
build-i386-libvirt pass
build-amd64-pvops pass
build-arm64-pvops broken
build-armhf-pvops pass
build-i386-pvops pass
test-amd64-amd64-xl pass
test-arm64-arm64-xl blocked
test-armhf-armhf-xl fail
test-amd64-i386-xl pass
test-amd64-amd64-libvirt-qemuu-debianhvm-amd64-xsm pass
test-amd64-i386-libvirt-qemuu-debianhvm-amd64-xsm pass
test-amd64-amd64-xl-qemuu-debianhvm-amd64-xsm pass
test-amd64-i386-xl-qemuu-debianhvm-amd64-xsm pass
test-amd64-amd64-libvirt-xsm pass
test-arm64-arm64-libvirt-xsm blocked
test-armhf-armhf-libvirt-xsm pass
test-amd64-i386-libvirt-xsm pass
test-amd64-amd64-xl-xsm pass
test-arm64-arm64-xl-xsm blocked
test-armhf-armhf-xl-xsm pass
test-amd64-i386-xl-xsm pass
test-amd64-amd64-qemuu-nested-amd fail
test-amd64-amd64-xl-pvh-amd fail
test-amd64-i386-qemuu-rhel6hvm-amd pass
test-amd64-amd64-xl-qemuu-debianhvm-amd64 pass
test-amd64-i386-xl-qemuu-debianhvm-amd64 pass
test-amd64-i386-freebsd10-amd64 pass
test-amd64-amd64-xl-qemuu-ovmf-amd64 pass
test-amd64-i386-xl-qemuu-ovmf-amd64 pass
test-amd64-amd64-xl-qemuu-win7-amd64 fail
test-amd64-i386-xl-qemuu-win7-amd64 fail
test-amd64-amd64-xl-credit2 pass
test-arm64-arm64-xl-credit2 blocked
test-armhf-armhf-xl-credit2 pass
test-amd64-i386-freebsd10-i386 pass
test-amd64-amd64-qemuu-nested-intel fail
test-amd64-amd64-xl-pvh-intel fail
test-amd64-i386-qemuu-rhel6hvm-intel pass
test-amd64-amd64-libvirt pass
test-arm64-arm64-libvirt blocked
test-armhf-armhf-libvirt fail
test-amd64-i386-libvirt pass
test-armhf-armhf-xl-midway pass
test-amd64-amd64-xl-multivcpu pass
test-arm64-arm64-xl-multivcpu blocked
test-armhf-armhf-xl-multivcpu pass
test-amd64-amd64-pair pass
test-amd64-i386-pair pass
test-amd64-amd64-libvirt-pair pass
test-amd64-i386-libvirt-pair pass
test-amd64-amd64-amd64-pvgrub pass
test-amd64-amd64-i386-pvgrub pass
test-amd64-amd64-pygrub pass
test-arm64-arm64-libvirt-qcow2 blocked
test-amd64-amd64-xl-qcow2 pass
test-armhf-armhf-libvirt-raw pass
test-amd64-i386-xl-raw pass
test-amd64-amd64-xl-rtds pass
test-arm64-arm64-xl-rtds blocked
test-armhf-armhf-xl-rtds pass
test-amd64-i386-xl-qemuu-winxpsp3-vcpus1 fail
test-amd64-amd64-libvirt-vhd pass
test-armhf-armhf-xl-vhd pass
test-amd64-amd64-xl-qemuu-winxpsp3 pass
test-amd64-i386-xl-qemuu-winxpsp3 pass
------------------------------------------------------------
sg-report-flight on osstest.xs.citrite.net
logs: /home/osstest/logs
images: /home/osstest/images
Logs, config files, etc. are available at
http://osstest.xs.citrite.net/~osstest/testlogs/logs
Test harness code can be found at
http://xenbits.xensource.com/gitweb?p=osstest.git;a=summary
broken-step build-arm64-pvops hosts-allocate
broken-step build-arm64-xsm hosts-allocate
broken-step build-arm64 hosts-allocate
broken-step build-arm64-pvops capture-logs
broken-step build-arm64 capture-logs
broken-step build-arm64-xsm capture-logs
Push not applicable.
------------------------------------------------------------
commit 6fe791b5e3aca8a6de8a322e85e76d2f13338a7e
Merge: a0def59 3ef0c57
Author: Peter Maydell <peter.maydell@linaro.org>
Date: Tue Jan 31 18:41:33 2017 +0000
Merge remote-tracking branch 'remotes/kraxel/tags/pull-ui-20170131-2' into staging
ui: bugfixes and small improvements all over the place.
# gpg: Signature made Tue 31 Jan 2017 15:48:20 GMT
# gpg: using RSA key 0x4CB6D8EED3E87138
# gpg: Good signature from "Gerd Hoffmann (work) <kraxel@redhat.com>"
# gpg: aka "Gerd Hoffmann <gerd@kraxel.org>"
# gpg: aka "Gerd Hoffmann (private) <kraxel@gmail.com>"
# Primary key fingerprint: A032 8CFF B93A 17A7 9901 FE7D 4CB6 D8EE D3E8 7138
* remotes/kraxel/tags/pull-ui-20170131-2:
console: fix console resize
gtk: Hardcode LC_CTYPE as C.utf-8
vnc: fix overflow in vnc_update_stats
spice: wakeup QXL worker to pick up mouse changes
ui/gtk.c: add ctrl-alt-= support for zoom in acceleration
ui: fix format specfier in vnc to avoid break in build.
ui/gtk: Fix mouse wheel on 3.4.0 or later
vnc: track LED state separately
ui: add support for mice with extra/side buttons
ps2: add support for mice with extra/side buttons
qapi: add support for mice with extra/side buttons
Signed-off-by: Peter Maydell <peter.maydell@linaro.org>
commit 3ef0c573d37b117867352a8bd8c567d3b774fe37
Author: Gerd Hoffmann <kraxel@redhat.com>
Date: Tue Jan 24 12:10:39 2017 +0100
console: fix console resize
Only skip surface reallocation in case the old surface was created using
qemu_alloc_display (via qemu_create_displaysurface) too, otherwise we
might end up with a DisplaySurface with the wrong backing storage.
Cc: 1658634@bugs.launchpad.net
Fixes: cd958edb1fae85d0c7d1e1acbff82d22724e8d64
Signed-off-by: Gerd Hoffmann <kraxel@redhat.com>
Reviewed-by: Marc-André Lureau <marcandre.lureau@redhat.com>
Tested-by: Laszlo Ersek <lersek@redhat.com>
Message-id: 1485256239-12219-1-git-send-email-kraxel@redhat.com
commit 27b224a61f97faabbd20bdf72c0c1a3dbe400cd1
Author: Kevin Wolf <kwolf@redhat.com>
Date: Tue Jan 31 11:09:45 2017 +0100
gtk: Hardcode LC_CTYPE as C.utf-8
Commit 2cb5d2a4 removed setlocale() for everything except LC_MESSAGES in
order to avoid unwanted side effects such as using the wrong decimal
separator in generated JSON objects. However, the problem that unsetting
LC_CTYPE caused is that non-ASCII characters are considered
non-printable now and therefore the GTK menus display question marks for
accented letters, Chinese characters etc.
A first attempt to fix this [1] was rejected because even just setting
LC_CTYPE to the user's locale (and thereby modifying the semantics of
the ctype.h functions) could have unwanted effects that we're not aware
of yet.
Recently, however, glibc introduced a new locale "C.utf-8" that just
uses UTF-8 as its charset, but otherwise leaves the semantics alone.
Just setting the right character set is enough for our use case, so we
can just hardcode this one without having to be afraid of nasty side
effects.
Older systems that don't have the new locale will continue displaying
question marks, but this should fix the problem for most users.
[1] https://lists.gnu.org/archive/html/qemu-devel/2015-12/msg03591.html
('Re: gtk: use setlocale() for LC_MESSAGES only')
Signed-off-by: Kevin Wolf <kwolf@redhat.com>
Message-id: 20170131100945.8189-1-kwolf@redhat.com
[ kraxel: change C.utf-8 to C.UTF-8 ]
Signed-off-by: Gerd Hoffmann <kraxel@redhat.com>
commit eebe0b7905642a986cbce7406d6ab7bf78f3e210
Author: Gerd Hoffmann <kraxel@redhat.com>
Date: Tue Jan 24 10:00:28 2017 +0100
vnc: fix overflow in vnc_update_stats
Commit "bea60dd ui/vnc: fix potential memory corruption issues" is
incomplete. vnc_update_stats must calculate width and height the same
way vnc_refresh_server_surface does it, to make sure we don't use width
and height values larger than the qemu vnc server can handle.
Commit "e22492d ui/vnc: disable adaptive update calculations if not
needed" masks the issue in the default configuration. It triggers only
in case the "lossy" option is set to "on" (default is "off").
Cc: Marc-André Lureau <marcandre.lureau@redhat.com>
Signed-off-by: Gerd Hoffmann <kraxel@redhat.com>
Reviewed-by: Marc-André Lureau <marcandre.lureau@redhat.com>
Message-id: 1485248428-575-1-git-send-email-kraxel@redhat.com
commit 51e0b654539d587f09fc23074d1ae2a9c7747b06
Author: Marc-André Lureau <marcandre.lureau@redhat.com>
Date: Mon Jan 30 14:45:40 2017 +0400
spice: wakeup QXL worker to pick up mouse changes
Without it, server-mode mouse is "slow" to update position: QXL will
wait until new display commands come. This is very visible with
virtio-gpu.
Signed-off-by: Marc-André Lureau <marcandre.lureau@redhat.com>
Message-id: 20170130104540.14660-1-marcandre.lureau@redhat.com
Signed-off-by: Gerd Hoffmann <kraxel@redhat.com>
commit 66f6b82bf26cc15e33a39390844035d017102902
Author: Ziyue Yang <yzylivezh@hotmail.com>
Date: Tue Jan 31 09:32:15 2017 +0800
ui/gtk.c: add ctrl-alt-= support for zoom in acceleration
Solving wishlist item at
https://bugs.launchpad.net/qemu/+bug/1656710
by accepting Ctrl-Alt-= as an additional zoom-in acceleration.
Using gtk_accel_group_connect to support multiple accelerations
triggering a single menu item since that gtk_accel_map_add_entry
seems to support only one acceleration. A wrapper function
gd_accel_zoom_in is added to support gtk_accel_group_connect's
callback activities.
Signed-off-by: Ziyue Yang <skiver.cloud.yzy@gmail.com>
Message-id: 1485826335-15686-1-git-send-email-skiver.cloud.yzy@gmail.com
Signed-off-by: Gerd Hoffmann <kraxel@redhat.com>
commit 6b557d7c933442377de59b71d0d82c3ccba68b2e
Author: Rami Rosen <rami.rosen@intel.com>
Date: Tue Jan 10 11:19:25 2017 +0200
ui: fix format specfier in vnc to avoid break in build.
When building qemu after setting _VNC_DEBUG to 1 (see ui/vnc.h),
we get the following error and the build breaks:
...
ui/vnc.c: In function âvnc_client_io_errorâ:
ui/vnc.c:1262:13: error: format â%dâ expects argument of type âintâ, but
VNC_DEBUG("Closing down client sock: ret %d (%s)\n",
^
cc1: all warnings being treated as errors
make: *** [ui/vnc.o] Error 1
...
This patch solves this issue by fixing the print format specifier
in vnc_client_io_error() to be %zd, which corresponds to the type
of the "ret" variable.
Signed-off-by: Rami Rosen <rami.rosen@intel.com>
Message-id: 1484039965-25907-1-git-send-email-rami.rosen@intel.com
Signed-off-by: Gerd Hoffmann <kraxel@redhat.com>
commit e229d1efd7323504f90127bbf52e63f4773dc382
Author: OGAWA Hirofumi <hirofumi@mail.parknet.co.jp>
Date: Thu Jan 5 05:41:16 2017 +0900
ui/gtk: Fix mouse wheel on 3.4.0 or later
On 3.4.0 or later, send GDK_SCROLL_SMOOTH event, instead of
GDK_SCROLL_UP/DOWN.
This fixes it by converting any smooth scroll to up/down.
(I.e. without smooth support)
Signed-off-by: OGAWA Hirofumi <hirofumi@mail.parknet.co.jp>
Signed-off-by: Gerd Hoffmann <kraxel@redhat.com>
commit a54f0d2ba3094ca43e85a465c7c4ae58c589efc4
Author: Pierre Ossman <ossman@cendio.se>
Date: Mon Jan 9 17:14:02 2017 +0100
vnc: track LED state separately
Piggy-backing on the modifier state array made it difficult to send
out updates at the proper times.
Signed-off-by: Pierre Ossman <ossman@cendio.se>
Message-id: 5aa28297d665cee24ddab26bbf4633e4252f97b6.1483978442.git.ossman@cendio.se
Signed-off-by: Gerd Hoffmann <kraxel@redhat.com>
commit 1266b68c6e3af7f7bd53edcba1ee12cec07cdefe
Author: Fabian Lesniak <fabian@lesniak-it.de>
Date: Tue Dec 6 20:00:07 2016 +0100
ui: add support for mice with extra/side buttons
Adds input event generation for BTN_SIDE and BTN_EXTRA events to gtk and
input-linux methods.
Signed-off-by: Fabian Lesniak <fabian@lesniak-it.de>
Message-id: 20161206190007.7539-4-fabian@lesniak-it.de
Signed-off-by: Gerd Hoffmann <kraxel@redhat.com>
commit 8b0caab07bf0056f44b52eb335faa45f07b7e1a6
Author: Fabian Lesniak <fabian@lesniak-it.de>
Date: Tue Dec 6 20:00:06 2016 +0100
ps2: add support for mice with extra/side buttons
This enables the ps2 controller to process mouse events for buttons 4 and 5.
Additionally, distinct definitions for the ps2 mouse button state are
introduced. The legacy definitions from console.h are not used anymore.
Signed-off-by: Fabian Lesniak <fabian@lesniak-it.de>
Message-id: 20161206190007.7539-3-fabian@lesniak-it.de
Signed-off-by: Gerd Hoffmann <kraxel@redhat.com>
commit 0095cc62b6803d5e2cb8cb27e5b14657d9dc0c95
Author: Fabian Lesniak <fabian@lesniak-it.de>
Date: Tue Dec 6 20:00:05 2016 +0100
qapi: add support for mice with extra/side buttons
Adds "side" and "extra" values to enum InputButton. The naming was borrowed
from evdev since it is more descriptive than "button4" and "button5".
Signed-off-by: Fabian Lesniak <fabian@lesniak-it.de>
Message-id: 20161206190007.7539-2-fabian@lesniak-it.de
Signed-off-by: Gerd Hoffmann <kraxel@redhat.com>
[-- Attachment #2: Type: text/plain, Size: 127 bytes --]
_______________________________________________
Xen-devel mailing list
Xen-devel@lists.xen.org
https://lists.xen.org/xen-devel
^ permalink raw reply [flat|nested] only message in thread
only message in thread, other threads:[~2017-02-02 21:53 UTC | newest]
Thread overview: (only message) (download: mbox.gz follow: Atom feed
-- links below jump to the message on this page --
2017-02-02 21:53 [qemu-mainline baseline-only test] 68506: regressions - trouble: blocked/broken/fail/pass Platform Team regression test user
This is a public inbox, see mirroring instructions
for how to clone and mirror all data and code used for this inbox;
as well as URLs for NNTP newsgroup(s).