* [xen-unstable baseline-only test] 68528: tolerable trouble: blocked/broken/fail/pass
@ 2017-02-07 10:11 Platform Team regression test user
0 siblings, 0 replies; only message in thread
From: Platform Team regression test user @ 2017-02-07 10:11 UTC (permalink / raw)
To: xen-devel, osstest-admin
This run is configured for baseline tests only.
flight 68528 xen-unstable real [real]
http://osstest.xs.citrite.net/~osstest/testlogs/logs/68528/
Failures :-/ but no regressions.
Regressions which are regarded as allowable (not blocking):
test-armhf-armhf-libvirt 13 saverestore-support-check fail like 68512
test-armhf-armhf-libvirt-xsm 13 saverestore-support-check fail like 68512
test-armhf-armhf-libvirt-raw 12 saverestore-support-check fail like 68512
test-amd64-amd64-qemuu-nested-intel 17 capture-logs/l1(17) fail like 68512
test-amd64-amd64-qemuu-nested-intel 16 debian-hvm-install/l1/l2 fail like 68512
test-amd64-i386-xl-qemuu-win7-amd64 16 guest-stop fail like 68512
test-amd64-i386-xl-qemuu-winxpsp3-vcpus1 9 windows-install fail like 68512
test-amd64-i386-xl-qemut-winxpsp3-vcpus1 9 windows-install fail like 68512
test-amd64-amd64-xl-qemut-winxpsp3 9 windows-install fail like 68512
Tests which did not succeed, but are not blocking:
test-arm64-arm64-libvirt-xsm 1 build-check(1) blocked n/a
test-arm64-arm64-xl 1 build-check(1) blocked n/a
build-arm64-libvirt 1 build-check(1) blocked n/a
test-arm64-arm64-libvirt-qcow2 1 build-check(1) blocked n/a
test-arm64-arm64-libvirt 1 build-check(1) blocked n/a
test-arm64-arm64-xl-credit2 1 build-check(1) blocked n/a
test-arm64-arm64-xl-rtds 1 build-check(1) blocked n/a
test-arm64-arm64-xl-multivcpu 1 build-check(1) blocked n/a
test-arm64-arm64-xl-xsm 1 build-check(1) blocked n/a
build-arm64 2 hosts-allocate broken never pass
build-arm64-pvops 2 hosts-allocate broken never pass
build-arm64-xsm 2 hosts-allocate broken never pass
build-arm64 3 capture-logs broken never pass
build-arm64-xsm 3 capture-logs broken never pass
build-arm64-pvops 3 capture-logs broken never pass
test-armhf-armhf-libvirt 12 migrate-support-check fail never pass
test-armhf-armhf-xl 12 migrate-support-check fail never pass
test-armhf-armhf-xl 13 saverestore-support-check fail never pass
test-armhf-armhf-xl-xsm 12 migrate-support-check fail never pass
test-armhf-armhf-xl-xsm 13 saverestore-support-check fail never pass
test-armhf-armhf-xl-multivcpu 12 migrate-support-check fail never pass
test-armhf-armhf-xl-multivcpu 13 saverestore-support-check fail never pass
test-armhf-armhf-libvirt-xsm 12 migrate-support-check fail never pass
test-armhf-armhf-xl-midway 12 migrate-support-check fail never pass
test-armhf-armhf-xl-midway 13 saverestore-support-check fail never pass
test-amd64-amd64-xl-pvh-intel 11 guest-start fail never pass
test-amd64-amd64-xl-pvh-amd 11 guest-start fail never pass
test-armhf-armhf-xl-rtds 12 migrate-support-check fail never pass
test-armhf-armhf-xl-rtds 13 saverestore-support-check fail never pass
test-amd64-amd64-libvirt-xsm 12 migrate-support-check fail never pass
test-amd64-i386-libvirt-xsm 12 migrate-support-check fail never pass
test-amd64-amd64-libvirt 12 migrate-support-check fail never pass
test-armhf-armhf-xl-credit2 12 migrate-support-check fail never pass
test-armhf-armhf-xl-credit2 13 saverestore-support-check fail never pass
test-amd64-i386-libvirt 12 migrate-support-check fail never pass
test-armhf-armhf-libvirt-raw 11 migrate-support-check fail never pass
test-armhf-armhf-xl-vhd 11 migrate-support-check fail never pass
test-armhf-armhf-xl-vhd 12 saverestore-support-check fail never pass
test-amd64-amd64-libvirt-qemuu-debianhvm-amd64-xsm 10 migrate-support-check fail never pass
test-amd64-i386-libvirt-qemuu-debianhvm-amd64-xsm 10 migrate-support-check fail never pass
test-amd64-amd64-qemuu-nested-amd 16 debian-hvm-install/l1/l2 fail never pass
test-amd64-amd64-libvirt-vhd 11 migrate-support-check fail never pass
test-amd64-amd64-xl-qemut-win7-amd64 16 guest-stop fail never pass
test-amd64-i386-xl-qemut-win7-amd64 16 guest-stop fail never pass
test-amd64-amd64-xl-qemuu-win7-amd64 16 guest-stop fail never pass
version targeted for testing:
xen 55a04feaa1f8ab6ef7d723fbb1d39c6b96ad184a
baseline version:
xen ce62b8edd5de7e69ebcd5af0626f63ac6386ad2b
Last test of basis 68512 2017-02-04 10:47:06 Z 2 days
Testing same since 68528 2017-02-06 23:47:15 Z 0 days 1 attempts
------------------------------------------------------------
People who touched revisions under test:
Andrew Cooper <andrew.cooper3@citrix.com>
George Dunlap <george.dunlap@citrix.com>
Jan Beulich <jbeulich@suse.com>
Wei Liu <wei.liu2@citrix.com>
jobs:
build-amd64-xsm pass
build-arm64-xsm broken
build-armhf-xsm pass
build-i386-xsm pass
build-amd64-xtf pass
build-amd64 pass
build-arm64 broken
build-armhf pass
build-i386 pass
build-amd64-libvirt pass
build-arm64-libvirt blocked
build-armhf-libvirt pass
build-i386-libvirt pass
build-amd64-oldkern pass
build-i386-oldkern pass
build-amd64-prev pass
build-i386-prev pass
build-amd64-pvops pass
build-arm64-pvops broken
build-armhf-pvops pass
build-i386-pvops pass
build-amd64-rumprun pass
build-i386-rumprun pass
test-xtf-amd64-amd64-1 pass
test-xtf-amd64-amd64-2 pass
test-xtf-amd64-amd64-3 pass
test-xtf-amd64-amd64-4 pass
test-xtf-amd64-amd64-5 pass
test-amd64-amd64-xl pass
test-arm64-arm64-xl blocked
test-armhf-armhf-xl pass
test-amd64-i386-xl pass
test-amd64-amd64-xl-qemut-debianhvm-amd64-xsm pass
test-amd64-i386-xl-qemut-debianhvm-amd64-xsm pass
test-amd64-amd64-libvirt-qemuu-debianhvm-amd64-xsm pass
test-amd64-i386-libvirt-qemuu-debianhvm-amd64-xsm pass
test-amd64-amd64-xl-qemuu-debianhvm-amd64-xsm pass
test-amd64-i386-xl-qemuu-debianhvm-amd64-xsm pass
test-amd64-amd64-xl-qemut-stubdom-debianhvm-amd64-xsm pass
test-amd64-i386-xl-qemut-stubdom-debianhvm-amd64-xsm pass
test-amd64-amd64-libvirt-xsm pass
test-arm64-arm64-libvirt-xsm blocked
test-armhf-armhf-libvirt-xsm pass
test-amd64-i386-libvirt-xsm pass
test-amd64-amd64-xl-xsm pass
test-arm64-arm64-xl-xsm blocked
test-armhf-armhf-xl-xsm pass
test-amd64-i386-xl-xsm pass
test-amd64-amd64-qemuu-nested-amd fail
test-amd64-amd64-xl-pvh-amd fail
test-amd64-i386-qemut-rhel6hvm-amd pass
test-amd64-i386-qemuu-rhel6hvm-amd pass
test-amd64-amd64-xl-qemut-debianhvm-amd64 pass
test-amd64-i386-xl-qemut-debianhvm-amd64 pass
test-amd64-amd64-xl-qemuu-debianhvm-amd64 pass
test-amd64-i386-xl-qemuu-debianhvm-amd64 pass
test-amd64-i386-freebsd10-amd64 pass
test-amd64-amd64-xl-qemuu-ovmf-amd64 pass
test-amd64-i386-xl-qemuu-ovmf-amd64 pass
test-amd64-amd64-rumprun-amd64 pass
test-amd64-amd64-xl-qemut-win7-amd64 fail
test-amd64-i386-xl-qemut-win7-amd64 fail
test-amd64-amd64-xl-qemuu-win7-amd64 fail
test-amd64-i386-xl-qemuu-win7-amd64 fail
test-amd64-amd64-xl-credit2 pass
test-arm64-arm64-xl-credit2 blocked
test-armhf-armhf-xl-credit2 pass
test-amd64-i386-freebsd10-i386 pass
test-amd64-i386-rumprun-i386 pass
test-amd64-amd64-qemuu-nested-intel fail
test-amd64-amd64-xl-pvh-intel fail
test-amd64-i386-qemut-rhel6hvm-intel pass
test-amd64-i386-qemuu-rhel6hvm-intel pass
test-amd64-amd64-libvirt pass
test-arm64-arm64-libvirt blocked
test-armhf-armhf-libvirt pass
test-amd64-i386-libvirt pass
test-armhf-armhf-xl-midway pass
test-amd64-amd64-migrupgrade pass
test-amd64-i386-migrupgrade pass
test-amd64-amd64-xl-multivcpu pass
test-arm64-arm64-xl-multivcpu blocked
test-armhf-armhf-xl-multivcpu pass
test-amd64-amd64-pair pass
test-amd64-i386-pair pass
test-amd64-amd64-libvirt-pair pass
test-amd64-i386-libvirt-pair pass
test-amd64-amd64-amd64-pvgrub pass
test-amd64-amd64-i386-pvgrub pass
test-amd64-amd64-pygrub pass
test-arm64-arm64-libvirt-qcow2 blocked
test-amd64-amd64-xl-qcow2 pass
test-armhf-armhf-libvirt-raw pass
test-amd64-i386-xl-raw pass
test-amd64-amd64-xl-rtds pass
test-arm64-arm64-xl-rtds blocked
test-armhf-armhf-xl-rtds pass
test-amd64-i386-xl-qemut-winxpsp3-vcpus1 fail
test-amd64-i386-xl-qemuu-winxpsp3-vcpus1 fail
test-amd64-amd64-libvirt-vhd pass
test-armhf-armhf-xl-vhd pass
test-amd64-amd64-xl-qemut-winxpsp3 fail
test-amd64-i386-xl-qemut-winxpsp3 pass
test-amd64-amd64-xl-qemuu-winxpsp3 pass
test-amd64-i386-xl-qemuu-winxpsp3 pass
------------------------------------------------------------
sg-report-flight on osstest.xs.citrite.net
logs: /home/osstest/logs
images: /home/osstest/images
Logs, config files, etc. are available at
http://osstest.xs.citrite.net/~osstest/testlogs/logs
Test harness code can be found at
http://xenbits.xensource.com/gitweb?p=osstest.git;a=summary
broken-step build-arm64 hosts-allocate
broken-step build-arm64-pvops hosts-allocate
broken-step build-arm64-xsm hosts-allocate
broken-step build-arm64 capture-logs
broken-step build-arm64-xsm capture-logs
broken-step build-arm64-pvops capture-logs
Push not applicable.
------------------------------------------------------------
commit 55a04feaa1f8ab6ef7d723fbb1d39c6b96ad184a
Author: Wei Liu <wei.liu2@citrix.com>
Date: Wed Jan 25 15:40:44 2017 +0000
fuzz: update README.afl example
Signed-off-by: Wei Liu <wei.liu2@citrix.com>
Acked-by: Jan Beulich <jbeulich@suse.com>
commit c6a43412d7ce6f57c2997105f635f4c6a38d9de0
Author: Wei Liu <wei.liu2@citrix.com>
Date: Wed Jan 25 15:35:54 2017 +0000
fuzz/x86emul: print out minimal input size
... so that users can know how big the initial input should be.
Signed-off-by: Wei Liu <wei.liu2@citrix.com>
Reviewed-by: Jan Beulich <jbeulich@suse.com>
commit c07574b1a8ea148bc586f4e6900a4ac01bbff9d4
Author: Wei Liu <wei.liu2@citrix.com>
Date: Wed Jan 25 13:45:39 2017 +0000
fuzz/x86emul: update fuzzer
Provide the fuzzer with more ops, and more sophisticated input
structure.
Based on a patch originally written by Andrew and George.
Signed-off-by: Andrew Cooper <andrew.cooper3@citrix.com>
Signed-off-by: George Dunlap <george.dunlap@citrix.com>
Signed-off-by: Wei Liu <wei.liu2@citrix.com>
Reviewed-by: Jan Beulich <jbeulich@suse.com>
commit 055cbe7986c850a241cd53854b3bcbeff32f0cb2
Author: Wei Liu <wei.liu2@citrix.com>
Date: Mon Jan 30 15:20:08 2017 +0000
x86emul: use CR definitions in x86-defns.h
And remove the duplicates.
No functional change.
Signed-off-by: Wei Liu <wei.liu2@citrix.com>
Reviewed-by: Jan Beulich <jbeulich@suse.com>
commit a306a2b31bf106864cc7964cba264d3f54ff96c4
Author: Wei Liu <wei.liu2@citrix.com>
Date: Mon Jan 30 15:17:40 2017 +0000
x86: add UMIP CR4 bit
It will be used later to remove duplicates in x86emul.
Signed-off-by: Wei Liu <wei.liu2@citrix.com>
Reviewed-by: Jan Beulich <jbeulich@suse.com>
commit 5c6c3ac6e1616ec57e55d5dc081b89850487ef95
Author: Wei Liu <wei.liu2@citrix.com>
Date: Mon Jan 30 15:02:40 2017 +0000
x86emul: use msr definitions in msr-index.h
Change the names used in code according to numeric values. Remove the
now unused macros in x86_emualte.c and fix indentation. This in turns
requires including msr-index.h and removing duplicates in userspace
x86_emulate.c in userspace harness program.
No functional change.
Signed-off-by: Wei Liu <wei.liu2@citrix.com>
Reviewed-by: Jan Beulich <jbeulich@suse.com>
commit 7603eb256afdc1e445a33526c5af0f5704edb532
Author: Wei Liu <wei.liu2@citrix.com>
Date: Mon Jan 30 14:00:46 2017 +0000
x86emul: use eflags definitions in x86-defns.h
Basically this patch does 's/EFLG_/X86_EFLAGS_/g' and with indentation
fixed up. And remove the duplicates in x86_emualte.c. This in turn
requires userspace test harness to include x86-defns.h. Also remove a
few duplicates in userspace harness program.
No functional change.
Signed-off-by: Wei Liu <wei.liu2@citrix.com>
Reviewed-by: Jan Beulich <jbeulich@suse.com>
commit 588a28187a887e81dab07b6c175c800dc5d642fb
Author: Wei Liu <wei.liu2@citrix.com>
Date: Mon Jan 30 12:55:45 2017 +0000
x86emul/test: use x86-vendors.h
No functional change.
Signed-off-by: Wei Liu <wei.liu2@citrix.com>
Reviewed-by: Jan Beulich <jbeulich@suse.com>
commit f3358a8cd7e2debdfe87472f299235316a5dc062
Author: Wei Liu <wei.liu2@citrix.com>
Date: Mon Jan 30 12:51:08 2017 +0000
x86: extract vendor numeric id to x86-vendors.h
They will be shared between xen and userspace programs.
This is not strictly necessary, but it helps reduce overall code size.
No functional change.
Signed-off-by: Wei Liu <wei.liu2@citrix.com>
Acked-by: Jan Beulich <jbeulich@suse.com>
commit 451689c35ad96f9bf21cba49cfd0bcbe94e056e7
Author: Wei Liu <wei.liu2@citrix.com>
Date: Mon Jan 23 17:47:41 2017 +0000
x86: extract macros to x86-defns.h
... so that they can be used by userspace x86 instruction emulator test
program and fuzzer as well.
No functional change.
Signed-off-by: Wei Liu <wei.liu2@citrix.com>
Reviewed-by: Jan Beulich <jbeulich@suse.com>
commit 409bd5a02e90cefae206e87b61ec8bc20bec277d
Author: Wei Liu <wei.liu2@citrix.com>
Date: Fri Feb 3 11:42:48 2017 +0000
fuzz/x86emul: use macro to reduce repetition in Makefile
Signed-off-by: Wei Liu <wei.liu2@citrix.com>
Reviewed-by: Jan Beulich <jbeulich@suse.com>
commit 9b7543f32c000a41683c559b880c9f272ef391a6
Author: Wei Liu <wei.liu2@citrix.com>
Date: Wed Feb 1 11:49:41 2017 +0000
x86emul/test: add missing dependency for x86_emulate.o
f4497d6b74 added x86_emulate.h private header but didn't add dependency
for it.
Use macro to reduce repetition.
Signed-off-by: Wei Liu <wei.liu2@citrix.com>
Reviewed-by: Jan Beulich <jbeulich@suse.com>
(qemu changes not included)
_______________________________________________
Xen-devel mailing list
Xen-devel@lists.xen.org
https://lists.xen.org/xen-devel
^ permalink raw reply [flat|nested] only message in thread
only message in thread, other threads:[~2017-02-07 10:11 UTC | newest]
Thread overview: (only message) (download: mbox.gz follow: Atom feed
-- links below jump to the message on this page --
2017-02-07 10:11 [xen-unstable baseline-only test] 68528: tolerable trouble: blocked/broken/fail/pass Platform Team regression test user
This is a public inbox, see mirroring instructions
for how to clone and mirror all data and code used for this inbox;
as well as URLs for NNTP newsgroup(s).