* [linux-3.18 baseline-only test] 68537: regressions - trouble: blocked/broken/fail/pass
@ 2017-02-08 23:00 Platform Team regression test user
0 siblings, 0 replies; only message in thread
From: Platform Team regression test user @ 2017-02-08 23:00 UTC (permalink / raw)
To: xen-devel, osstest-admin
This run is configured for baseline tests only.
flight 68537 linux-3.18 real [real]
http://osstest.xs.citrite.net/~osstest/testlogs/logs/68537/
Regressions :-(
Tests which did not succeed and are blocking,
including tests which could not be run:
test-amd64-amd64-qemuu-nested-intel 16 debian-hvm-install/l1/l2 fail REGR. vs. 68474
Regressions which are regarded as allowable (not blocking):
test-amd64-amd64-xl-qemut-win7-amd64 16 guest-stop fail REGR. vs. 68474
test-amd64-i386-xl-qemuu-win7-amd64 16 guest-stop fail REGR. vs. 68474
test-amd64-amd64-xl-rtds 11 guest-start fail blocked in 68474
test-amd64-amd64-qemuu-nested-intel 17 capture-logs/l1(17) fail blocked in 68474
test-armhf-armhf-libvirt-xsm 13 saverestore-support-check fail like 68474
test-armhf-armhf-libvirt 13 saverestore-support-check fail like 68474
test-armhf-armhf-libvirt-raw 12 saverestore-support-check fail like 68474
test-amd64-i386-xl-qemut-winxpsp3-vcpus1 9 windows-install fail like 68474
Tests which did not succeed, but are not blocking:
test-arm64-arm64-libvirt-xsm 1 build-check(1) blocked n/a
test-arm64-arm64-xl 1 build-check(1) blocked n/a
build-arm64-libvirt 1 build-check(1) blocked n/a
test-arm64-arm64-libvirt-qcow2 1 build-check(1) blocked n/a
test-arm64-arm64-libvirt 1 build-check(1) blocked n/a
test-arm64-arm64-xl-credit2 1 build-check(1) blocked n/a
test-arm64-arm64-xl-rtds 1 build-check(1) blocked n/a
test-arm64-arm64-xl-multivcpu 1 build-check(1) blocked n/a
test-arm64-arm64-xl-xsm 1 build-check(1) blocked n/a
build-arm64 2 hosts-allocate broken never pass
build-arm64-pvops 2 hosts-allocate broken never pass
build-arm64-xsm 2 hosts-allocate broken never pass
build-arm64 3 capture-logs broken never pass
build-arm64-xsm 3 capture-logs broken never pass
build-arm64-pvops 3 capture-logs broken never pass
test-amd64-i386-libvirt-xsm 12 migrate-support-check fail never pass
test-amd64-amd64-xl-pvh-intel 14 guest-saverestore fail never pass
test-armhf-armhf-xl-xsm 12 migrate-support-check fail never pass
test-armhf-armhf-xl-xsm 13 saverestore-support-check fail never pass
test-armhf-armhf-xl-midway 12 migrate-support-check fail never pass
test-armhf-armhf-xl 12 migrate-support-check fail never pass
test-armhf-armhf-xl-multivcpu 12 migrate-support-check fail never pass
test-armhf-armhf-xl-midway 13 saverestore-support-check fail never pass
test-armhf-armhf-xl 13 saverestore-support-check fail never pass
test-armhf-armhf-xl-multivcpu 13 saverestore-support-check fail never pass
test-armhf-armhf-xl-credit2 12 migrate-support-check fail never pass
test-armhf-armhf-xl-credit2 13 saverestore-support-check fail never pass
test-armhf-armhf-libvirt-xsm 12 migrate-support-check fail never pass
test-armhf-armhf-libvirt 12 migrate-support-check fail never pass
test-amd64-i386-libvirt 12 migrate-support-check fail never pass
test-amd64-amd64-libvirt 12 migrate-support-check fail never pass
test-armhf-armhf-xl-rtds 12 migrate-support-check fail never pass
test-armhf-armhf-xl-rtds 13 saverestore-support-check fail never pass
test-amd64-amd64-xl-pvh-amd 11 guest-start fail never pass
test-amd64-amd64-libvirt-xsm 12 migrate-support-check fail never pass
test-armhf-armhf-libvirt-raw 11 migrate-support-check fail never pass
test-armhf-armhf-xl-vhd 11 migrate-support-check fail never pass
test-armhf-armhf-xl-vhd 12 saverestore-support-check fail never pass
test-amd64-i386-libvirt-qemuu-debianhvm-amd64-xsm 10 migrate-support-check fail never pass
test-amd64-amd64-libvirt-qemuu-debianhvm-amd64-xsm 10 migrate-support-check fail never pass
test-amd64-amd64-qemuu-nested-amd 16 debian-hvm-install/l1/l2 fail never pass
test-amd64-amd64-libvirt-vhd 11 migrate-support-check fail never pass
test-amd64-amd64-xl-qemuu-win7-amd64 16 guest-stop fail never pass
test-amd64-i386-xl-qemut-win7-amd64 16 guest-stop fail never pass
version targeted for testing:
linux 53752ea210016b548cfc3898e6a5ea338fcb6c2c
baseline version:
linux 8433e5c9c8304b750c519ce3e0940dab675f6573
Last test of basis 68474 2017-01-25 03:27:52 Z 14 days
Testing same since 68537 2017-02-08 15:20:08 Z 0 days 1 attempts
------------------------------------------------------------
People who touched revisions under test:
Andrew Morton <akpm@linux-foundation.org>
Andrey Konovalov <adech.fo@gmail.com>
Andrey Ryabinin <a.ryabinin@samsung.com>
Andy Shevchenko <andriy.shevchenko@linux.intel.com>
Anil Gurumurthy <anil.gurumurthy@qlogic.com>
Arnd Bergmann <arnd@arndb.de>
Bartlomiej Zolnierkiewicz <b.zolnierkie@samsung.com>
Brian Norris <computersforpeace@gmail.com>
Colin Ian King <colin.king@canonical.com>
Dan Carpenter <dan.carpenter@oracle.com>
Daniel Vetter <daniel.vetter@ffwll.ch>
David Malcolm <dmalcolm@redhat.com>
David Miller <davem@davemloft.net>
David S. Miller <davem@davemloft.net>
David Vrabel <david.vrabel@citrix.com>
Eric Dumazet <edumazet@google.com>
Felipe Balbi <balbi@ti.com>
Geert Uytterhoeven <geert+renesas@glider.be>
Greg Kroah-Hartman <gregkh@linuxfoundation.org>
Hans Verkuil <hans.verkuil@cisco.com>
Hans Westgaard Ry <hans.westgaard.ry@oracle.com>
Ingo Molnar <mingo@kernel.org>
James Bottomley <JBottomley@Odin.com>
James C Boyd <jcboyd.dev@gmail.com>
Jeff Kirsher <jeffrey.t.kirsher@intel.com>
Jes Sorensen <Jes.Sorensen@redhat.com>
Jim Young <jamesx.m.young@intel.com>
Jiri Kosina <jkosina@suse.cz>
Jiri Slaby <jslaby@suse.cz>
Joe Perches <joe@perches.com>
Jonathan Cameron <jic23@kernel.org>
Juergen Gross <jgross@suse.com>
Kalle Valo <kvalo@codeaurora.org>
Laurent Pinchart <laurent.pinchart@ideasonboard.com>
Linus Torvalds <torvalds@linux-foundation.org>
Luis de Bethencourt <luisbg@osg.samsung.com>
Magnus Damm <damm+renesas@opensource.se>
Marcel Holtmann <marcel@holtmann.org>
Mark Brown <broonie@kernel.org>
Martin K. Petersen <martin.petersen@oracle.com>
Mauro Carvalho Chehab <mchehab@osg.samsung.com>
Pablo Neira Ayuso <pablo@netfilter.org>
Simon Horman <horms+renesas@verge.net.au>
Stanislaw Gruszka <sgruszka@redhat.com>
Steven Rostedt <rostedt@goodmis.org>
Takashi Iwai <tiwai@suse.de>
Tejun Heo <tj@kernel.org>
Tillmann Heidsieck <theidsieck@leenox.de>
Tim Gardner <tim.gardner@canonical.com>
Tomer Barletz <barletz@gmail.com>
Yoshihiro Shimoda <yoshihiro.shimoda.uh@renesas.com>
jobs:
build-amd64-xsm pass
build-arm64-xsm broken
build-armhf-xsm pass
build-i386-xsm pass
build-amd64 pass
build-arm64 broken
build-armhf pass
build-i386 pass
build-amd64-libvirt pass
build-arm64-libvirt blocked
build-armhf-libvirt pass
build-i386-libvirt pass
build-amd64-pvops pass
build-arm64-pvops broken
build-armhf-pvops pass
build-i386-pvops pass
build-amd64-rumprun pass
build-i386-rumprun pass
test-amd64-amd64-xl pass
test-arm64-arm64-xl blocked
test-armhf-armhf-xl pass
test-amd64-i386-xl pass
test-amd64-amd64-xl-qemut-debianhvm-amd64-xsm pass
test-amd64-i386-xl-qemut-debianhvm-amd64-xsm pass
test-amd64-amd64-libvirt-qemuu-debianhvm-amd64-xsm pass
test-amd64-i386-libvirt-qemuu-debianhvm-amd64-xsm pass
test-amd64-amd64-xl-qemuu-debianhvm-amd64-xsm pass
test-amd64-i386-xl-qemuu-debianhvm-amd64-xsm pass
test-amd64-amd64-xl-qemut-stubdom-debianhvm-amd64-xsm pass
test-amd64-i386-xl-qemut-stubdom-debianhvm-amd64-xsm pass
test-amd64-amd64-libvirt-xsm pass
test-arm64-arm64-libvirt-xsm blocked
test-armhf-armhf-libvirt-xsm pass
test-amd64-i386-libvirt-xsm pass
test-amd64-amd64-xl-xsm pass
test-arm64-arm64-xl-xsm blocked
test-armhf-armhf-xl-xsm pass
test-amd64-i386-xl-xsm pass
test-amd64-amd64-qemuu-nested-amd fail
test-amd64-amd64-xl-pvh-amd fail
test-amd64-i386-qemut-rhel6hvm-amd pass
test-amd64-i386-qemuu-rhel6hvm-amd pass
test-amd64-amd64-xl-qemut-debianhvm-amd64 pass
test-amd64-i386-xl-qemut-debianhvm-amd64 pass
test-amd64-amd64-xl-qemuu-debianhvm-amd64 pass
test-amd64-i386-xl-qemuu-debianhvm-amd64 pass
test-amd64-i386-freebsd10-amd64 pass
test-amd64-amd64-xl-qemuu-ovmf-amd64 pass
test-amd64-i386-xl-qemuu-ovmf-amd64 pass
test-amd64-amd64-rumprun-amd64 pass
test-amd64-amd64-xl-qemut-win7-amd64 fail
test-amd64-i386-xl-qemut-win7-amd64 fail
test-amd64-amd64-xl-qemuu-win7-amd64 fail
test-amd64-i386-xl-qemuu-win7-amd64 fail
test-amd64-amd64-xl-credit2 pass
test-arm64-arm64-xl-credit2 blocked
test-armhf-armhf-xl-credit2 pass
test-amd64-i386-freebsd10-i386 pass
test-amd64-i386-rumprun-i386 pass
test-amd64-amd64-qemuu-nested-intel fail
test-amd64-amd64-xl-pvh-intel fail
test-amd64-i386-qemut-rhel6hvm-intel pass
test-amd64-i386-qemuu-rhel6hvm-intel pass
test-amd64-amd64-libvirt pass
test-arm64-arm64-libvirt blocked
test-armhf-armhf-libvirt pass
test-amd64-i386-libvirt pass
test-armhf-armhf-xl-midway pass
test-amd64-amd64-xl-multivcpu pass
test-arm64-arm64-xl-multivcpu blocked
test-armhf-armhf-xl-multivcpu pass
test-amd64-amd64-pair pass
test-amd64-i386-pair pass
test-amd64-amd64-libvirt-pair pass
test-amd64-i386-libvirt-pair pass
test-amd64-amd64-amd64-pvgrub pass
test-amd64-amd64-i386-pvgrub pass
test-amd64-amd64-pygrub pass
test-arm64-arm64-libvirt-qcow2 blocked
test-amd64-amd64-xl-qcow2 pass
test-armhf-armhf-libvirt-raw pass
test-amd64-i386-xl-raw pass
test-amd64-amd64-xl-rtds fail
test-arm64-arm64-xl-rtds blocked
test-armhf-armhf-xl-rtds pass
test-amd64-i386-xl-qemut-winxpsp3-vcpus1 fail
test-amd64-i386-xl-qemuu-winxpsp3-vcpus1 pass
test-amd64-amd64-libvirt-vhd pass
test-armhf-armhf-xl-vhd pass
test-amd64-amd64-xl-qemut-winxpsp3 pass
test-amd64-i386-xl-qemut-winxpsp3 pass
test-amd64-amd64-xl-qemuu-winxpsp3 pass
test-amd64-i386-xl-qemuu-winxpsp3 pass
------------------------------------------------------------
sg-report-flight on osstest.xs.citrite.net
logs: /home/osstest/logs
images: /home/osstest/images
Logs, config files, etc. are available at
http://osstest.xs.citrite.net/~osstest/testlogs/logs
Test harness code can be found at
http://xenbits.xensource.com/gitweb?p=osstest.git;a=summary
broken-step build-arm64 hosts-allocate
broken-step build-arm64-pvops hosts-allocate
broken-step build-arm64-xsm hosts-allocate
broken-step build-arm64 capture-logs
broken-step build-arm64-xsm capture-logs
broken-step build-arm64-pvops capture-logs
Push not applicable.
(No revision log; it would be 860 lines long.)
_______________________________________________
Xen-devel mailing list
Xen-devel@lists.xen.org
https://lists.xen.org/xen-devel
^ permalink raw reply [flat|nested] only message in thread
only message in thread, other threads:[~2017-02-08 23:00 UTC | newest]
Thread overview: (only message) (download: mbox.gz follow: Atom feed
-- links below jump to the message on this page --
2017-02-08 23:00 [linux-3.18 baseline-only test] 68537: regressions - trouble: blocked/broken/fail/pass Platform Team regression test user
This is a public inbox, see mirroring instructions
for how to clone and mirror all data and code used for this inbox;
as well as URLs for NNTP newsgroup(s).