xen-devel.lists.xenproject.org archive mirror
 help / color / mirror / Atom feed
* [ovmf baseline-only test] 68542: regressions - FAIL
@ 2017-02-09 10:11 Platform Team regression test user
  0 siblings, 0 replies; only message in thread
From: Platform Team regression test user @ 2017-02-09 10:11 UTC (permalink / raw)
  To: xen-devel, osstest-admin

This run is configured for baseline tests only.

flight 68542 ovmf real [real]
http://osstest.xs.citrite.net/~osstest/testlogs/logs/68542/

Regressions :-(

Tests which did not succeed and are blocking,
including tests which could not be run:
 test-amd64-i386-xl-qemuu-ovmf-amd64 14 guest-saverestore.2 fail REGR. vs. 68540

version targeted for testing:
 ovmf                 41ccec58e07376fe3086d3fb4cf6290c53ca2303
baseline version:
 ovmf                 ad1cd1aa09c0a8660c857de916105b1fd566ca8c

Last test of basis    68540  2017-02-09 02:46:33 Z    0 days
Testing same since    68542  2017-02-09 08:16:39 Z    0 days    1 attempts

------------------------------------------------------------
People who touched revisions under test:
  Jiewen Yao <jiewen.yao@intel.com>

jobs:
 build-amd64-xsm                                              pass    
 build-i386-xsm                                               pass    
 build-amd64                                                  pass    
 build-i386                                                   pass    
 build-amd64-libvirt                                          pass    
 build-i386-libvirt                                           pass    
 build-amd64-pvops                                            pass    
 build-i386-pvops                                             pass    
 test-amd64-amd64-xl-qemuu-ovmf-amd64                         pass    
 test-amd64-i386-xl-qemuu-ovmf-amd64                          fail    


------------------------------------------------------------
sg-report-flight on osstest.xs.citrite.net
logs: /home/osstest/logs
images: /home/osstest/images

Logs, config files, etc. are available at
    http://osstest.xs.citrite.net/~osstest/testlogs/logs

Test harness code can be found at
    http://xenbits.xensource.com/gitweb?p=osstest.git;a=summary


Push not applicable.

------------------------------------------------------------
commit 41ccec58e07376fe3086d3fb4cf6290c53ca2303
Author: Jiewen Yao <jiewen.yao@intel.com>
Date:   Mon Feb 6 22:32:49 2017 -0800

    SignedCapsulePkg/EdkiiSystemCapsuleLib: Fix logic error.
    
    This patch fixes https://bugzilla.tianocore.org/show_bug.cgi?id=367
    
    Cc: Wang Cloud <winggundum82@163.com>
    Contributed-under: TianoCore Contribution Agreement 1.0
    Signed-off-by: Jiewen Yao <jiewen.yao@intel.com>
    Reviewed-by: Wang Cloud <winggundum82@163.com>

_______________________________________________
Xen-devel mailing list
Xen-devel@lists.xen.org
https://lists.xen.org/xen-devel

^ permalink raw reply	[flat|nested] only message in thread

only message in thread, other threads:[~2017-02-09 10:11 UTC | newest]

Thread overview: (only message) (download: mbox.gz follow: Atom feed
-- links below jump to the message on this page --
2017-02-09 10:11 [ovmf baseline-only test] 68542: regressions - FAIL Platform Team regression test user

This is a public inbox, see mirroring instructions
for how to clone and mirror all data and code used for this inbox;
as well as URLs for NNTP newsgroup(s).