xen-devel.lists.xenproject.org archive mirror
 help / color / mirror / Atom feed
From: Platform Team regression test user <citrix-osstest@xenproject.org>
To: xen-devel@lists.xensource.com, osstest-admin@xenproject.org
Subject: [ovmf baseline-only test] 68544: all pass
Date: Fri, 10 Feb 2017 14:24:26 +0000	[thread overview]
Message-ID: <osstest-68544-mainreport@xen.org> (raw)

This run is configured for baseline tests only.

flight 68544 ovmf real [real]
http://osstest.xs.citrite.net/~osstest/testlogs/logs/68544/

Perfect :-)
All tests in this flight passed as required
version targeted for testing:
 ovmf                 8d127a5a3a23d960644d1bd78891ae7d55b66544
baseline version:
 ovmf                 41ccec58e07376fe3086d3fb4cf6290c53ca2303

Last test of basis    68542  2017-02-09 08:16:39 Z    1 days
Testing same since    68544  2017-02-10 12:19:14 Z    0 days    1 attempts

------------------------------------------------------------
People who touched revisions under test:
  Dandan Bi <dandan.bi@intel.com>

jobs:
 build-amd64-xsm                                              pass    
 build-i386-xsm                                               pass    
 build-amd64                                                  pass    
 build-i386                                                   pass    
 build-amd64-libvirt                                          pass    
 build-i386-libvirt                                           pass    
 build-amd64-pvops                                            pass    
 build-i386-pvops                                             pass    
 test-amd64-amd64-xl-qemuu-ovmf-amd64                         pass    
 test-amd64-i386-xl-qemuu-ovmf-amd64                          pass    


------------------------------------------------------------
sg-report-flight on osstest.xs.citrite.net
logs: /home/osstest/logs
images: /home/osstest/images

Logs, config files, etc. are available at
    http://osstest.xs.citrite.net/~osstest/testlogs/logs

Test harness code can be found at
    http://xenbits.xensource.com/gitweb?p=osstest.git;a=summary


Push not applicable.

------------------------------------------------------------
commit 8d127a5a3a23d960644d1bd78891ae7d55b66544
Author: Dandan Bi <dandan.bi@intel.com>
Date:   Wed Feb 8 13:39:40 2017 +0800

    OvmfPkg/QemuBootOrderLib: Fix NOOPT build failure
    
    This patch is to fix the IA32/NOOPT/VS Toolchain build failure.
    The VS2015 failure log as below:
    QemuBootOrderLib.lib(ExtraRootBusMap.obj) :
    error LNK2001: unresolved external symbol __allmul
    s:\..\Build\OvmfIa32\NOOPT_VS2015\IA32\MdeModulePkg\
    Universal\BdsDxe\BdsDxe\DEBUG\BdsDxe.dll :
    fatal error LNK1120: 1 unresolved externals
    NMAKE : fatal error U1077:
    '"C:\Program Files\Microsoft Visual Studio 14.0\Vc\bin\link.exe"' :
    return code '0x460'
    Stop.
    
    Cc: Jordan Justen <jordan.l.justen@intel.com>
    Cc: Laszlo Ersek <lersek@redhat.com>
    Cc: Liming Gao <liming.gao@intel.com>
    Contributed-under: TianoCore Contribution Agreement 1.0
    Signed-off-by: Dandan Bi <dandan.bi@intel.com>
    Reviewed-by: Laszlo Ersek <lersek@redhat.com>

_______________________________________________
Xen-devel mailing list
Xen-devel@lists.xen.org
https://lists.xen.org/xen-devel

                 reply	other threads:[~2017-02-10 14:24 UTC|newest]

Thread overview: [no followups] expand[flat|nested]  mbox.gz  Atom feed

Reply instructions:

You may reply publicly to this message via plain-text email
using any one of the following methods:

* Save the following mbox file, import it into your mail client,
  and reply-to-all from there: mbox

  Avoid top-posting and favor interleaved quoting:
  https://en.wikipedia.org/wiki/Posting_style#Interleaved_style

* Reply using the --to, --cc, and --in-reply-to
  switches of git-send-email(1):

  git send-email \
    --in-reply-to=osstest-68544-mainreport@xen.org \
    --to=citrix-osstest@xenproject.org \
    --cc=osstest-admin@xenproject.org \
    --cc=xen-devel@lists.xensource.com \
    /path/to/YOUR_REPLY

  https://kernel.org/pub/software/scm/git/docs/git-send-email.html

* If your mail client supports setting the In-Reply-To header
  via mailto: links, try the mailto: link
Be sure your reply has a Subject: header at the top and a blank line before the message body.
This is a public inbox, see mirroring instructions
for how to clone and mirror all data and code used for this inbox;
as well as URLs for NNTP newsgroup(s).