From: Platform Team regression test user <citrix-osstest@xenproject.org>
To: xen-devel@lists.xensource.com, osstest-admin@xenproject.org
Subject: [xen-unstable baseline-only test] 68565: regressions - trouble: blocked/broken/fail/pass
Date: Thu, 16 Feb 2017 18:06:35 +0000 [thread overview]
Message-ID: <osstest-68565-mainreport@xen.org> (raw)
This run is configured for baseline tests only.
flight 68565 xen-unstable real [real]
http://osstest.xs.citrite.net/~osstest/testlogs/logs/68565/
Regressions :-(
Tests which did not succeed and are blocking,
including tests which could not be run:
test-amd64-amd64-libvirt-pair 3 host-install/src_host(3) broken REGR. vs. 68563
test-amd64-i386-migrupgrade 21 guest-migrate/src_host/dst_host fail REGR. vs. 68563
test-amd64-amd64-xl-qemuu-win7-amd64 6 xen-boot fail REGR. vs. 68563
test-armhf-armhf-xl-vhd 14 guest-start/debian.repeat fail REGR. vs. 68563
test-amd64-amd64-xl-qemut-winxpsp3 9 windows-install fail REGR. vs. 68563
Regressions which are regarded as allowable (not blocking):
test-armhf-armhf-libvirt-xsm 13 saverestore-support-check fail like 68563
test-armhf-armhf-libvirt 13 saverestore-support-check fail like 68563
test-armhf-armhf-libvirt-raw 12 saverestore-support-check fail like 68563
test-amd64-amd64-qemuu-nested-intel 16 debian-hvm-install/l1/l2 fail like 68563
test-amd64-amd64-qemuu-nested-intel 17 capture-logs/l1(17) fail like 68563
test-amd64-i386-xl-qemuu-win7-amd64 16 guest-stop fail like 68563
test-amd64-i386-xl-qemuu-winxpsp3-vcpus1 9 windows-install fail like 68563
test-amd64-i386-xl-qemut-winxpsp3-vcpus1 9 windows-install fail like 68563
Tests which did not succeed, but are not blocking:
test-arm64-arm64-libvirt-xsm 1 build-check(1) blocked n/a
test-arm64-arm64-xl 1 build-check(1) blocked n/a
build-arm64-libvirt 1 build-check(1) blocked n/a
test-arm64-arm64-libvirt-qcow2 1 build-check(1) blocked n/a
test-arm64-arm64-libvirt 1 build-check(1) blocked n/a
test-arm64-arm64-xl-credit2 1 build-check(1) blocked n/a
test-arm64-arm64-xl-rtds 1 build-check(1) blocked n/a
test-arm64-arm64-xl-multivcpu 1 build-check(1) blocked n/a
test-arm64-arm64-xl-xsm 1 build-check(1) blocked n/a
build-arm64 2 hosts-allocate broken never pass
build-arm64-pvops 2 hosts-allocate broken never pass
build-arm64-xsm 2 hosts-allocate broken never pass
build-arm64 3 capture-logs broken never pass
build-arm64-xsm 3 capture-logs broken never pass
build-arm64-pvops 3 capture-logs broken never pass
test-armhf-armhf-libvirt-xsm 12 migrate-support-check fail never pass
test-armhf-armhf-libvirt 12 migrate-support-check fail never pass
test-armhf-armhf-xl-midway 12 migrate-support-check fail never pass
test-armhf-armhf-xl-midway 13 saverestore-support-check fail never pass
test-armhf-armhf-xl-xsm 12 migrate-support-check fail never pass
test-armhf-armhf-xl-credit2 12 migrate-support-check fail never pass
test-armhf-armhf-xl-xsm 13 saverestore-support-check fail never pass
test-armhf-armhf-xl-credit2 13 saverestore-support-check fail never pass
test-armhf-armhf-xl-multivcpu 12 migrate-support-check fail never pass
test-armhf-armhf-xl-multivcpu 13 saverestore-support-check fail never pass
test-amd64-amd64-xl-pvh-amd 11 guest-start fail never pass
test-armhf-armhf-xl-rtds 12 migrate-support-check fail never pass
test-armhf-armhf-xl-rtds 13 saverestore-support-check fail never pass
test-amd64-amd64-libvirt-xsm 12 migrate-support-check fail never pass
test-amd64-amd64-libvirt 12 migrate-support-check fail never pass
test-amd64-i386-libvirt-xsm 12 migrate-support-check fail never pass
test-armhf-armhf-xl 12 migrate-support-check fail never pass
test-armhf-armhf-xl 13 saverestore-support-check fail never pass
test-amd64-i386-libvirt 12 migrate-support-check fail never pass
test-armhf-armhf-libvirt-raw 11 migrate-support-check fail never pass
test-armhf-armhf-xl-vhd 11 migrate-support-check fail never pass
test-armhf-armhf-xl-vhd 12 saverestore-support-check fail never pass
test-amd64-amd64-libvirt-qemuu-debianhvm-amd64-xsm 10 migrate-support-check fail never pass
test-amd64-i386-libvirt-qemuu-debianhvm-amd64-xsm 10 migrate-support-check fail never pass
test-amd64-amd64-qemuu-nested-amd 16 debian-hvm-install/l1/l2 fail never pass
test-amd64-amd64-libvirt-vhd 11 migrate-support-check fail never pass
test-amd64-amd64-xl-qemut-win7-amd64 16 guest-stop fail never pass
test-amd64-amd64-xl-pvh-intel 11 guest-start fail never pass
test-amd64-i386-xl-qemut-win7-amd64 16 guest-stop fail never pass
version targeted for testing:
xen 93e1435290867703c50acad1f54b9208df473562
baseline version:
xen bdbc25b8722cc1e3921858530f8ac484892156d3
Last test of basis 68563 2017-02-15 11:14:44 Z 1 days
Testing same since 68565 2017-02-16 07:23:00 Z 0 days 1 attempts
------------------------------------------------------------
People who touched revisions under test:
Jan Beulich <jbeulich@suse.com>
Julien Grall <julien.grall@arm.com>
Oleksandr Tyshchenko <olekstysh@gmail.com>
jobs:
build-amd64-xsm pass
build-arm64-xsm broken
build-armhf-xsm pass
build-i386-xsm pass
build-amd64-xtf pass
build-amd64 pass
build-arm64 broken
build-armhf pass
build-i386 pass
build-amd64-libvirt pass
build-arm64-libvirt blocked
build-armhf-libvirt pass
build-i386-libvirt pass
build-amd64-oldkern pass
build-i386-oldkern pass
build-amd64-prev pass
build-i386-prev pass
build-amd64-pvops pass
build-arm64-pvops broken
build-armhf-pvops pass
build-i386-pvops pass
build-amd64-rumprun pass
build-i386-rumprun pass
test-xtf-amd64-amd64-1 pass
test-xtf-amd64-amd64-2 pass
test-xtf-amd64-amd64-3 pass
test-xtf-amd64-amd64-4 pass
test-xtf-amd64-amd64-5 pass
test-amd64-amd64-xl pass
test-arm64-arm64-xl blocked
test-armhf-armhf-xl pass
test-amd64-i386-xl pass
test-amd64-amd64-xl-qemut-debianhvm-amd64-xsm pass
test-amd64-i386-xl-qemut-debianhvm-amd64-xsm pass
test-amd64-amd64-libvirt-qemuu-debianhvm-amd64-xsm pass
test-amd64-i386-libvirt-qemuu-debianhvm-amd64-xsm pass
test-amd64-amd64-xl-qemuu-debianhvm-amd64-xsm pass
test-amd64-i386-xl-qemuu-debianhvm-amd64-xsm pass
test-amd64-amd64-xl-qemut-stubdom-debianhvm-amd64-xsm pass
test-amd64-i386-xl-qemut-stubdom-debianhvm-amd64-xsm pass
test-amd64-amd64-libvirt-xsm pass
test-arm64-arm64-libvirt-xsm blocked
test-armhf-armhf-libvirt-xsm pass
test-amd64-i386-libvirt-xsm pass
test-amd64-amd64-xl-xsm pass
test-arm64-arm64-xl-xsm blocked
test-armhf-armhf-xl-xsm pass
test-amd64-i386-xl-xsm pass
test-amd64-amd64-qemuu-nested-amd fail
test-amd64-amd64-xl-pvh-amd fail
test-amd64-i386-qemut-rhel6hvm-amd pass
test-amd64-i386-qemuu-rhel6hvm-amd pass
test-amd64-amd64-xl-qemut-debianhvm-amd64 pass
test-amd64-i386-xl-qemut-debianhvm-amd64 pass
test-amd64-amd64-xl-qemuu-debianhvm-amd64 pass
test-amd64-i386-xl-qemuu-debianhvm-amd64 pass
test-amd64-i386-freebsd10-amd64 pass
test-amd64-amd64-xl-qemuu-ovmf-amd64 pass
test-amd64-i386-xl-qemuu-ovmf-amd64 pass
test-amd64-amd64-rumprun-amd64 pass
test-amd64-amd64-xl-qemut-win7-amd64 fail
test-amd64-i386-xl-qemut-win7-amd64 fail
test-amd64-amd64-xl-qemuu-win7-amd64 fail
test-amd64-i386-xl-qemuu-win7-amd64 fail
test-amd64-amd64-xl-credit2 pass
test-arm64-arm64-xl-credit2 blocked
test-armhf-armhf-xl-credit2 pass
test-amd64-i386-freebsd10-i386 pass
test-amd64-i386-rumprun-i386 pass
test-amd64-amd64-qemuu-nested-intel fail
test-amd64-amd64-xl-pvh-intel fail
test-amd64-i386-qemut-rhel6hvm-intel pass
test-amd64-i386-qemuu-rhel6hvm-intel pass
test-amd64-amd64-libvirt pass
test-arm64-arm64-libvirt blocked
test-armhf-armhf-libvirt pass
test-amd64-i386-libvirt pass
test-armhf-armhf-xl-midway pass
test-amd64-amd64-migrupgrade pass
test-amd64-i386-migrupgrade fail
test-amd64-amd64-xl-multivcpu pass
test-arm64-arm64-xl-multivcpu blocked
test-armhf-armhf-xl-multivcpu pass
test-amd64-amd64-pair pass
test-amd64-i386-pair pass
test-amd64-amd64-libvirt-pair broken
test-amd64-i386-libvirt-pair pass
test-amd64-amd64-amd64-pvgrub pass
test-amd64-amd64-i386-pvgrub pass
test-amd64-amd64-pygrub pass
test-arm64-arm64-libvirt-qcow2 blocked
test-amd64-amd64-xl-qcow2 pass
test-armhf-armhf-libvirt-raw pass
test-amd64-i386-xl-raw pass
test-amd64-amd64-xl-rtds pass
test-arm64-arm64-xl-rtds blocked
test-armhf-armhf-xl-rtds pass
test-amd64-i386-xl-qemut-winxpsp3-vcpus1 fail
test-amd64-i386-xl-qemuu-winxpsp3-vcpus1 fail
test-amd64-amd64-libvirt-vhd pass
test-armhf-armhf-xl-vhd fail
test-amd64-amd64-xl-qemut-winxpsp3 fail
test-amd64-i386-xl-qemut-winxpsp3 pass
test-amd64-amd64-xl-qemuu-winxpsp3 pass
test-amd64-i386-xl-qemuu-winxpsp3 pass
------------------------------------------------------------
sg-report-flight on osstest.xs.citrite.net
logs: /home/osstest/logs
images: /home/osstest/images
Logs, config files, etc. are available at
http://osstest.xs.citrite.net/~osstest/testlogs/logs
Test harness code can be found at
http://xenbits.xensource.com/gitweb?p=osstest.git;a=summary
broken-step build-arm64 hosts-allocate
broken-step build-arm64-pvops hosts-allocate
broken-step build-arm64-xsm hosts-allocate
broken-step build-arm64 capture-logs
broken-step build-arm64-xsm capture-logs
broken-step build-arm64-pvops capture-logs
broken-step test-amd64-amd64-libvirt-pair host-install/src_host(3)
Push not applicable.
------------------------------------------------------------
commit 93e1435290867703c50acad1f54b9208df473562
Author: Oleksandr Tyshchenko <olekstysh@gmail.com>
Date: Wed Feb 15 12:20:01 2017 +0000
IOMMU: always call teardown callback
There is a possible scenario when (d)->need_iommu remains unset
during guest domain execution. For example, when no devices
were assigned to it. Taking into account that teardown callback
is not called when (d)->need_iommu is unset we might have unreleased
resourses after destroying domain.
So, always call teardown callback to roll back actions
that were performed in init callback.
This is XSA-207.
Signed-off-by: Oleksandr Tyshchenko <olekstysh@gmail.com>
Reviewed-by: Jan Beulich <jbeulich@suse.com>
Tested-by: Jan Beulich <jbeulich@suse.com>
Tested-by: Julien Grall <julien.grall@arm.com>
(qemu changes not included)
_______________________________________________
Xen-devel mailing list
Xen-devel@lists.xen.org
https://lists.xen.org/xen-devel
reply other threads:[~2017-02-16 18:06 UTC|newest]
Thread overview: [no followups] expand[flat|nested] mbox.gz Atom feed
Reply instructions:
You may reply publicly to this message via plain-text email
using any one of the following methods:
* Save the following mbox file, import it into your mail client,
and reply-to-all from there: mbox
Avoid top-posting and favor interleaved quoting:
https://en.wikipedia.org/wiki/Posting_style#Interleaved_style
* Reply using the --to, --cc, and --in-reply-to
switches of git-send-email(1):
git send-email \
--in-reply-to=osstest-68565-mainreport@xen.org \
--to=citrix-osstest@xenproject.org \
--cc=osstest-admin@xenproject.org \
--cc=xen-devel@lists.xensource.com \
/path/to/YOUR_REPLY
https://kernel.org/pub/software/scm/git/docs/git-send-email.html
* If your mail client supports setting the In-Reply-To header
via mailto: links, try the mailto: link
Be sure your reply has a Subject: header at the top and a blank line
before the message body.
This is a public inbox, see mirroring instructions
for how to clone and mirror all data and code used for this inbox;
as well as URLs for NNTP newsgroup(s).