* [xen-4.5-testing baseline-only test] 68572: regressions - FAIL
@ 2017-02-17 13:45 Platform Team regression test user
0 siblings, 0 replies; only message in thread
From: Platform Team regression test user @ 2017-02-17 13:45 UTC (permalink / raw)
To: xen-devel, osstest-admin
This run is configured for baseline tests only.
flight 68572 xen-4.5-testing real [real]
http://osstest.xs.citrite.net/~osstest/testlogs/logs/68572/
Regressions :-(
Tests which did not succeed and are blocking,
including tests which could not be run:
test-amd64-i386-qemut-rhel6hvm-amd 9 redhat-install fail REGR. vs. 68468
test-amd64-i386-xl-qemuu-debianhvm-amd64 14 guest-saverestore.2 fail REGR. vs. 68468
test-amd64-amd64-qemuu-nested-intel 13 xen-boot/l1 fail REGR. vs. 68468
test-amd64-amd64-xl-qemuu-winxpsp3 15 guest-localmigrate/x10 fail REGR. vs. 68468
Regressions which are regarded as allowable (not blocking):
test-armhf-armhf-xl-rtds 15 guest-start/debian.repeat fail REGR. vs. 68468
test-xtf-amd64-amd64-2 20 xtf/test-hvm32-invlpg~shadow fail like 68468
test-xtf-amd64-amd64-2 32 xtf/test-hvm32pae-invlpg~shadow fail like 68468
test-xtf-amd64-amd64-3 20 xtf/test-hvm32-invlpg~shadow fail like 68468
test-xtf-amd64-amd64-2 43 xtf/test-hvm64-invlpg~shadow fail like 68468
test-xtf-amd64-amd64-3 32 xtf/test-hvm32pae-invlpg~shadow fail like 68468
test-armhf-armhf-libvirt 13 saverestore-support-check fail like 68468
test-xtf-amd64-amd64-3 43 xtf/test-hvm64-invlpg~shadow fail like 68468
test-amd64-amd64-xl-rtds 6 xen-boot fail like 68468
test-xtf-amd64-amd64-4 53 leak-check/check fail like 68468
test-xtf-amd64-amd64-2 53 leak-check/check fail like 68468
test-xtf-amd64-amd64-1 53 leak-check/check fail like 68468
test-xtf-amd64-amd64-5 53 leak-check/check fail like 68468
test-xtf-amd64-amd64-3 53 leak-check/check fail like 68468
test-amd64-amd64-xl-qemut-win7-amd64 16 guest-stop fail like 68468
test-amd64-amd64-xl-qemuu-win7-amd64 15 guest-localmigrate/x10 fail like 68468
test-amd64-amd64-xl-qemut-winxpsp3 9 windows-install fail like 68468
Tests which did not succeed, but are not blocking:
test-amd64-amd64-xl-pvh-intel 11 guest-start fail never pass
test-amd64-i386-libvirt 12 migrate-support-check fail never pass
test-armhf-armhf-xl-midway 12 migrate-support-check fail never pass
test-armhf-armhf-xl-midway 13 saverestore-support-check fail never pass
test-armhf-armhf-xl-credit2 12 migrate-support-check fail never pass
test-armhf-armhf-xl-credit2 13 saverestore-support-check fail never pass
test-armhf-armhf-xl-multivcpu 12 migrate-support-check fail never pass
test-armhf-armhf-xl-multivcpu 13 saverestore-support-check fail never pass
test-armhf-armhf-libvirt 12 migrate-support-check fail never pass
test-armhf-armhf-xl 12 migrate-support-check fail never pass
test-armhf-armhf-xl 13 saverestore-support-check fail never pass
test-amd64-amd64-xl-pvh-amd 11 guest-start fail never pass
test-xtf-amd64-amd64-4 52 xtf/test-hvm64-xsa-195 fail never pass
test-armhf-armhf-xl-rtds 12 migrate-support-check fail never pass
test-armhf-armhf-xl-rtds 13 saverestore-support-check fail never pass
test-amd64-amd64-libvirt 12 migrate-support-check fail never pass
test-armhf-armhf-libvirt-raw 10 guest-start fail never pass
test-xtf-amd64-amd64-2 52 xtf/test-hvm64-xsa-195 fail never pass
test-xtf-amd64-amd64-1 52 xtf/test-hvm64-xsa-195 fail never pass
test-xtf-amd64-amd64-5 52 xtf/test-hvm64-xsa-195 fail never pass
test-xtf-amd64-amd64-3 52 xtf/test-hvm64-xsa-195 fail never pass
test-armhf-armhf-xl-vhd 10 guest-start fail never pass
test-amd64-amd64-libvirt-vhd 11 migrate-support-check fail never pass
test-amd64-amd64-qemuu-nested-amd 16 debian-hvm-install/l1/l2 fail never pass
test-amd64-i386-xl-qemut-win7-amd64 16 guest-stop fail never pass
test-amd64-i386-xl-qemuu-win7-amd64 16 guest-stop fail never pass
version targeted for testing:
xen 43d06efb724d32a70b1cc9973d7cdcbbb5d96105
baseline version:
xen 2b17bf45470bf742d78a22116e3b7ec1a3213c45
Last test of basis 68468 2017-01-25 03:21:05 Z 23 days
Testing same since 68572 2017-02-17 02:14:02 Z 0 days 1 attempts
------------------------------------------------------------
People who touched revisions under test:
Jan Beulich <jbeulich@suse.com>
Julien Grall <julien.grall@arm.com>
Oleksandr Tyshchenko <olekstysh@gmail.com>
jobs:
build-amd64-xtf pass
build-amd64 pass
build-armhf pass
build-i386 pass
build-amd64-libvirt pass
build-armhf-libvirt pass
build-i386-libvirt pass
build-amd64-prev pass
build-i386-prev pass
build-amd64-pvops pass
build-armhf-pvops pass
build-i386-pvops pass
build-amd64-rumprun pass
build-i386-rumprun pass
test-xtf-amd64-amd64-1 fail
test-xtf-amd64-amd64-2 fail
test-xtf-amd64-amd64-3 fail
test-xtf-amd64-amd64-4 fail
test-xtf-amd64-amd64-5 fail
test-amd64-amd64-xl pass
test-armhf-armhf-xl pass
test-amd64-i386-xl pass
test-amd64-amd64-qemuu-nested-amd fail
test-amd64-amd64-xl-pvh-amd fail
test-amd64-i386-qemut-rhel6hvm-amd fail
test-amd64-i386-qemuu-rhel6hvm-amd pass
test-amd64-amd64-xl-qemut-debianhvm-amd64 pass
test-amd64-i386-xl-qemut-debianhvm-amd64 pass
test-amd64-amd64-xl-qemuu-debianhvm-amd64 pass
test-amd64-i386-xl-qemuu-debianhvm-amd64 fail
test-amd64-i386-freebsd10-amd64 pass
test-amd64-amd64-xl-qemuu-ovmf-amd64 pass
test-amd64-i386-xl-qemuu-ovmf-amd64 pass
test-amd64-amd64-rumprun-amd64 pass
test-amd64-amd64-xl-qemut-win7-amd64 fail
test-amd64-i386-xl-qemut-win7-amd64 fail
test-amd64-amd64-xl-qemuu-win7-amd64 fail
test-amd64-i386-xl-qemuu-win7-amd64 fail
test-amd64-amd64-xl-credit2 pass
test-armhf-armhf-xl-credit2 pass
test-amd64-i386-freebsd10-i386 pass
test-amd64-i386-rumprun-i386 pass
test-amd64-amd64-qemuu-nested-intel fail
test-amd64-amd64-xl-pvh-intel fail
test-amd64-i386-qemut-rhel6hvm-intel pass
test-amd64-i386-qemuu-rhel6hvm-intel pass
test-amd64-amd64-libvirt pass
test-armhf-armhf-libvirt pass
test-amd64-i386-libvirt pass
test-armhf-armhf-xl-midway pass
test-amd64-amd64-migrupgrade pass
test-amd64-i386-migrupgrade pass
test-amd64-amd64-xl-multivcpu pass
test-armhf-armhf-xl-multivcpu pass
test-amd64-amd64-pair pass
test-amd64-i386-pair pass
test-amd64-amd64-libvirt-pair pass
test-amd64-i386-libvirt-pair pass
test-amd64-amd64-amd64-pvgrub pass
test-amd64-amd64-i386-pvgrub pass
test-amd64-amd64-pygrub pass
test-amd64-amd64-xl-qcow2 pass
test-armhf-armhf-libvirt-raw fail
test-amd64-i386-xl-raw pass
test-amd64-amd64-xl-rtds fail
test-armhf-armhf-xl-rtds fail
test-amd64-i386-xl-qemut-winxpsp3-vcpus1 pass
test-amd64-i386-xl-qemuu-winxpsp3-vcpus1 pass
test-amd64-amd64-libvirt-vhd pass
test-armhf-armhf-xl-vhd fail
test-amd64-amd64-xl-qemut-winxpsp3 fail
test-amd64-i386-xl-qemut-winxpsp3 pass
test-amd64-amd64-xl-qemuu-winxpsp3 fail
test-amd64-i386-xl-qemuu-winxpsp3 pass
------------------------------------------------------------
sg-report-flight on osstest.xs.citrite.net
logs: /home/osstest/logs
images: /home/osstest/images
Logs, config files, etc. are available at
http://osstest.xs.citrite.net/~osstest/testlogs/logs
Test harness code can be found at
http://xenbits.xensource.com/gitweb?p=osstest.git;a=summary
Push not applicable.
------------------------------------------------------------
commit 43d06efb724d32a70b1cc9973d7cdcbbb5d96105
Author: Oleksandr Tyshchenko <olekstysh@gmail.com>
Date: Wed Feb 15 12:21:03 2017 +0000
IOMMU: always call teardown callback
There is a possible scenario when (d)->need_iommu remains unset
during guest domain execution. For example, when no devices
were assigned to it. Taking into account that teardown callback
is not called when (d)->need_iommu is unset we might have unreleased
resourses after destroying domain.
So, always call teardown callback to roll back actions
that were performed in init callback.
This is XSA-207.
Signed-off-by: Oleksandr Tyshchenko <olekstysh@gmail.com>
Reviewed-by: Jan Beulich <jbeulich@suse.com>
Tested-by: Jan Beulich <jbeulich@suse.com>
Tested-by: Julien Grall <julien.grall@arm.com>
(qemu changes not included)
_______________________________________________
Xen-devel mailing list
Xen-devel@lists.xen.org
https://lists.xen.org/xen-devel
^ permalink raw reply [flat|nested] only message in thread
only message in thread, other threads:[~2017-02-17 13:45 UTC | newest]
Thread overview: (only message) (download: mbox.gz follow: Atom feed
-- links below jump to the message on this page --
2017-02-17 13:45 [xen-4.5-testing baseline-only test] 68572: regressions - FAIL Platform Team regression test user
This is a public inbox, see mirroring instructions
for how to clone and mirror all data and code used for this inbox;
as well as URLs for NNTP newsgroup(s).