From: Platform Team regression test user <citrix-osstest@xenproject.org>
To: xen-devel@lists.xensource.com, osstest-admin@xenproject.org
Subject: [qemu-upstream-unstable baseline-only test] 68577: tolerable trouble: blocked/broken/fail/pass
Date: Sat, 18 Feb 2017 06:50:13 +0000 [thread overview]
Message-ID: <osstest-68577-mainreport@xen.org> (raw)
This run is configured for baseline tests only.
flight 68577 qemu-upstream-unstable real [real]
http://osstest.xs.citrite.net/~osstest/testlogs/logs/68577/
Failures :-/ but no regressions.
Regressions which are regarded as allowable (not blocking):
test-armhf-armhf-libvirt 13 saverestore-support-check fail like 68546
test-armhf-armhf-libvirt-xsm 13 saverestore-support-check fail like 68546
test-armhf-armhf-libvirt-raw 12 saverestore-support-check fail like 68546
test-amd64-i386-xl-qemuu-win7-amd64 16 guest-stop fail like 68546
test-amd64-amd64-xl-qemuu-win7-amd64 16 guest-stop fail like 68546
test-amd64-amd64-qemuu-nested-intel 16 debian-hvm-install/l1/l2 fail like 68546
Tests which did not succeed, but are not blocking:
test-arm64-arm64-libvirt-xsm 1 build-check(1) blocked n/a
test-arm64-arm64-xl 1 build-check(1) blocked n/a
build-arm64-libvirt 1 build-check(1) blocked n/a
test-arm64-arm64-libvirt-qcow2 1 build-check(1) blocked n/a
test-arm64-arm64-libvirt 1 build-check(1) blocked n/a
test-arm64-arm64-xl-credit2 1 build-check(1) blocked n/a
test-arm64-arm64-xl-rtds 1 build-check(1) blocked n/a
test-arm64-arm64-xl-multivcpu 1 build-check(1) blocked n/a
test-arm64-arm64-xl-xsm 1 build-check(1) blocked n/a
build-arm64-xsm 2 hosts-allocate broken never pass
build-arm64 2 hosts-allocate broken never pass
build-arm64-pvops 2 hosts-allocate broken never pass
build-arm64-xsm 3 capture-logs broken never pass
build-arm64 3 capture-logs broken never pass
build-arm64-pvops 3 capture-logs broken never pass
test-amd64-i386-libvirt-xsm 12 migrate-support-check fail never pass
test-amd64-amd64-xl-pvh-intel 11 guest-start fail never pass
test-armhf-armhf-xl-multivcpu 12 migrate-support-check fail never pass
test-armhf-armhf-xl-multivcpu 13 saverestore-support-check fail never pass
test-armhf-armhf-xl-credit2 12 migrate-support-check fail never pass
test-armhf-armhf-xl-credit2 13 saverestore-support-check fail never pass
test-armhf-armhf-xl-xsm 12 migrate-support-check fail never pass
test-armhf-armhf-xl-xsm 13 saverestore-support-check fail never pass
test-armhf-armhf-xl-midway 12 migrate-support-check fail never pass
test-armhf-armhf-libvirt 12 migrate-support-check fail never pass
test-armhf-armhf-xl-midway 13 saverestore-support-check fail never pass
test-armhf-armhf-xl 12 migrate-support-check fail never pass
test-armhf-armhf-xl 13 saverestore-support-check fail never pass
test-armhf-armhf-libvirt-xsm 12 migrate-support-check fail never pass
test-amd64-amd64-xl-pvh-amd 11 guest-start fail never pass
test-amd64-amd64-libvirt-xsm 12 migrate-support-check fail never pass
test-amd64-amd64-libvirt 12 migrate-support-check fail never pass
test-armhf-armhf-xl-rtds 12 migrate-support-check fail never pass
test-armhf-armhf-xl-rtds 13 saverestore-support-check fail never pass
test-amd64-i386-libvirt 12 migrate-support-check fail never pass
test-armhf-armhf-libvirt-raw 11 migrate-support-check fail never pass
test-amd64-i386-libvirt-qemuu-debianhvm-amd64-xsm 10 migrate-support-check fail never pass
test-armhf-armhf-xl-vhd 11 migrate-support-check fail never pass
test-armhf-armhf-xl-vhd 12 saverestore-support-check fail never pass
test-amd64-amd64-libvirt-qemuu-debianhvm-amd64-xsm 10 migrate-support-check fail never pass
test-amd64-amd64-qemuu-nested-amd 16 debian-hvm-install/l1/l2 fail never pass
test-amd64-amd64-libvirt-vhd 11 migrate-support-check fail never pass
version targeted for testing:
qemuu e88462aaa2f19e1238e77c1bcebbab7ef5380d7a
baseline version:
qemuu 728e90b41d46c1c1c210ac496204efd51936db75
Last test of basis 68546 2017-02-10 21:44:12 Z 7 days
Testing same since 68577 2017-02-17 19:14:00 Z 0 days 1 attempts
------------------------------------------------------------
People who touched revisions under test:
Igor Mammedov <imammedo@redhat.com>
Paolo Bonzini <pbonzini@redhat.com>
jobs:
build-amd64-xsm pass
build-arm64-xsm broken
build-armhf-xsm pass
build-i386-xsm pass
build-amd64 pass
build-arm64 broken
build-armhf pass
build-i386 pass
build-amd64-libvirt pass
build-arm64-libvirt blocked
build-armhf-libvirt pass
build-i386-libvirt pass
build-amd64-pvops pass
build-arm64-pvops broken
build-armhf-pvops pass
build-i386-pvops pass
test-amd64-amd64-xl pass
test-arm64-arm64-xl blocked
test-armhf-armhf-xl pass
test-amd64-i386-xl pass
test-amd64-amd64-libvirt-qemuu-debianhvm-amd64-xsm pass
test-amd64-i386-libvirt-qemuu-debianhvm-amd64-xsm pass
test-amd64-amd64-xl-qemuu-debianhvm-amd64-xsm pass
test-amd64-i386-xl-qemuu-debianhvm-amd64-xsm pass
test-amd64-amd64-libvirt-xsm pass
test-arm64-arm64-libvirt-xsm blocked
test-armhf-armhf-libvirt-xsm pass
test-amd64-i386-libvirt-xsm pass
test-amd64-amd64-xl-xsm pass
test-arm64-arm64-xl-xsm blocked
test-armhf-armhf-xl-xsm pass
test-amd64-i386-xl-xsm pass
test-amd64-amd64-qemuu-nested-amd fail
test-amd64-amd64-xl-pvh-amd fail
test-amd64-i386-qemuu-rhel6hvm-amd pass
test-amd64-amd64-xl-qemuu-debianhvm-amd64 pass
test-amd64-i386-xl-qemuu-debianhvm-amd64 pass
test-amd64-i386-freebsd10-amd64 pass
test-amd64-amd64-xl-qemuu-ovmf-amd64 pass
test-amd64-i386-xl-qemuu-ovmf-amd64 pass
test-amd64-amd64-xl-qemuu-win7-amd64 fail
test-amd64-i386-xl-qemuu-win7-amd64 fail
test-amd64-amd64-xl-credit2 pass
test-arm64-arm64-xl-credit2 blocked
test-armhf-armhf-xl-credit2 pass
test-amd64-i386-freebsd10-i386 pass
test-amd64-amd64-qemuu-nested-intel fail
test-amd64-amd64-xl-pvh-intel fail
test-amd64-i386-qemuu-rhel6hvm-intel pass
test-amd64-amd64-libvirt pass
test-arm64-arm64-libvirt blocked
test-armhf-armhf-libvirt pass
test-amd64-i386-libvirt pass
test-armhf-armhf-xl-midway pass
test-amd64-amd64-xl-multivcpu pass
test-arm64-arm64-xl-multivcpu blocked
test-armhf-armhf-xl-multivcpu pass
test-amd64-amd64-pair pass
test-amd64-i386-pair pass
test-amd64-amd64-libvirt-pair pass
test-amd64-i386-libvirt-pair pass
test-amd64-amd64-amd64-pvgrub pass
test-amd64-amd64-i386-pvgrub pass
test-amd64-amd64-pygrub pass
test-arm64-arm64-libvirt-qcow2 blocked
test-amd64-amd64-xl-qcow2 pass
test-armhf-armhf-libvirt-raw pass
test-amd64-i386-xl-raw pass
test-amd64-amd64-xl-rtds pass
test-arm64-arm64-xl-rtds blocked
test-armhf-armhf-xl-rtds pass
test-amd64-i386-xl-qemuu-winxpsp3-vcpus1 pass
test-amd64-amd64-libvirt-vhd pass
test-armhf-armhf-xl-vhd pass
test-amd64-amd64-xl-qemuu-winxpsp3 pass
test-amd64-i386-xl-qemuu-winxpsp3 pass
------------------------------------------------------------
sg-report-flight on osstest.xs.citrite.net
logs: /home/osstest/logs
images: /home/osstest/images
Logs, config files, etc. are available at
http://osstest.xs.citrite.net/~osstest/testlogs/logs
Test harness code can be found at
http://xenbits.xensource.com/gitweb?p=osstest.git;a=summary
broken-step build-arm64-xsm hosts-allocate
broken-step build-arm64 hosts-allocate
broken-step build-arm64-pvops hosts-allocate
broken-step build-arm64-xsm capture-logs
broken-step build-arm64 capture-logs
broken-step build-arm64-pvops capture-logs
Push not applicable.
------------------------------------------------------------
commit e88462aaa2f19e1238e77c1bcebbab7ef5380d7a
Author: Igor Mammedov <imammedo@redhat.com>
Date: Fri Dec 30 15:33:11 2016 +0100
pc: fix crash in rtc_set_memory() if initial cpu is marked as hotplugged
'hotplugged' propperty is meant to be used on migration side when migrating
source with hotplugged devices.
However though it not exacly correct usage of 'hotplugged' property
it's possible to set generic hotplugged property for CPU using
-cpu foo,hotplugged=on
or
-global foo.hotplugged=on
in this case qemu crashes with following backtrace:
...
because pc_cpu_plug() assumes that hotplugged CPU could appear only after
rtc/fw_cfg are initialized.
Fix crash by replacing assumption with explicit checks of rtc/fw_cfg
and updating them only if they were initialized.
Cc: qemu-stable@nongnu.org
Reported-by: Eduardo Habkost <ehabkost@redhat.com>
Reviewed-by: Eduardo Habkost <ehabkost@redhat.com>
Signed-off-by: Igor Mammedov <imammedo@redhat.com>
Message-Id: <1483108391-199542-1-git-send-email-imammedo@redhat.com>
Signed-off-by: Paolo Bonzini <pbonzini@redhat.com>
_______________________________________________
Xen-devel mailing list
Xen-devel@lists.xen.org
https://lists.xen.org/xen-devel
reply other threads:[~2017-02-18 6:50 UTC|newest]
Thread overview: [no followups] expand[flat|nested] mbox.gz Atom feed
Reply instructions:
You may reply publicly to this message via plain-text email
using any one of the following methods:
* Save the following mbox file, import it into your mail client,
and reply-to-all from there: mbox
Avoid top-posting and favor interleaved quoting:
https://en.wikipedia.org/wiki/Posting_style#Interleaved_style
* Reply using the --to, --cc, and --in-reply-to
switches of git-send-email(1):
git send-email \
--in-reply-to=osstest-68577-mainreport@xen.org \
--to=citrix-osstest@xenproject.org \
--cc=osstest-admin@xenproject.org \
--cc=xen-devel@lists.xensource.com \
/path/to/YOUR_REPLY
https://kernel.org/pub/software/scm/git/docs/git-send-email.html
* If your mail client supports setting the In-Reply-To header
via mailto: links, try the mailto: link
Be sure your reply has a Subject: header at the top and a blank line
before the message body.
This is a public inbox, see mirroring instructions
for how to clone and mirror all data and code used for this inbox;
as well as URLs for NNTP newsgroup(s).