* [seabios baseline-only test] 68585: tolerable FAIL
@ 2017-02-21 5:38 Platform Team regression test user
0 siblings, 0 replies; only message in thread
From: Platform Team regression test user @ 2017-02-21 5:38 UTC (permalink / raw)
To: xen-devel, osstest-admin
This run is configured for baseline tests only.
flight 68585 seabios real [real]
http://osstest.xs.citrite.net/~osstest/testlogs/logs/68585/
Failures :-/ but no regressions.
Regressions which are regarded as allowable (not blocking):
test-amd64-amd64-xl-qemuu-win7-amd64 16 guest-stop fail like 68552
test-amd64-i386-xl-qemuu-win7-amd64 16 guest-stop fail like 68552
test-amd64-amd64-qemuu-nested-intel 16 debian-hvm-install/l1/l2 fail like 68552
test-amd64-i386-xl-qemuu-winxpsp3-vcpus1 9 windows-install fail like 68552
Tests which did not succeed, but are not blocking:
test-amd64-i386-libvirt-qemuu-debianhvm-amd64-xsm 10 migrate-support-check fail never pass
test-amd64-amd64-libvirt-qemuu-debianhvm-amd64-xsm 10 migrate-support-check fail never pass
test-amd64-amd64-qemuu-nested-amd 16 debian-hvm-install/l1/l2 fail never pass
version targeted for testing:
seabios c83e15b60b7c59552a44d71d0582f2d62a6084a7
baseline version:
seabios dbf9dd27f3aefc171839d60c188134da8ad3089d
Last test of basis 68552 2017-02-12 06:19:20 Z 8 days
Testing same since 68585 2017-02-21 01:19:55 Z 0 days 1 attempts
------------------------------------------------------------
People who touched revisions under test:
Julian Stecklina <jsteckli@amazon.de>
jobs:
build-amd64-xsm pass
build-i386-xsm pass
build-amd64 pass
build-i386 pass
build-amd64-libvirt pass
build-i386-libvirt pass
build-amd64-pvops pass
build-i386-pvops pass
test-amd64-amd64-libvirt-qemuu-debianhvm-amd64-xsm pass
test-amd64-i386-libvirt-qemuu-debianhvm-amd64-xsm pass
test-amd64-amd64-xl-qemuu-debianhvm-amd64-xsm pass
test-amd64-i386-xl-qemuu-debianhvm-amd64-xsm pass
test-amd64-amd64-qemuu-nested-amd fail
test-amd64-i386-qemuu-rhel6hvm-amd pass
test-amd64-amd64-xl-qemuu-debianhvm-amd64 pass
test-amd64-i386-xl-qemuu-debianhvm-amd64 pass
test-amd64-amd64-xl-qemuu-win7-amd64 fail
test-amd64-i386-xl-qemuu-win7-amd64 fail
test-amd64-amd64-qemuu-nested-intel fail
test-amd64-i386-qemuu-rhel6hvm-intel pass
test-amd64-i386-xl-qemuu-winxpsp3-vcpus1 fail
test-amd64-amd64-xl-qemuu-winxpsp3 pass
test-amd64-i386-xl-qemuu-winxpsp3 pass
------------------------------------------------------------
sg-report-flight on osstest.xs.citrite.net
logs: /home/osstest/logs
images: /home/osstest/images
Logs, config files, etc. are available at
http://osstest.xs.citrite.net/~osstest/testlogs/logs
Test harness code can be found at
http://xenbits.xensource.com/gitweb?p=osstest.git;a=summary
Push not applicable.
------------------------------------------------------------
commit c83e15b60b7c59552a44d71d0582f2d62a6084a7
Author: Julian Stecklina <jsteckli@amazon.de>
Date: Mon Feb 13 10:03:59 2017 +0100
block: add NVMe boot support
This patch enables SeaBIOS to boot from NVMe. Finding namespaces and
basic I/O works. Testing has been done in qemu and so far it works with
Grub, syslinux, and the FreeBSD loader. You need a recent Qemu (>=
2.7.0), because older versions have buggy NVMe support.
The NVMe code is currently only enabled on Qemu due to lack of testing
on real hardware.
Signed-off-by: Julian Stecklina <jsteckli@amazon.de>
_______________________________________________
Xen-devel mailing list
Xen-devel@lists.xen.org
https://lists.xen.org/xen-devel
^ permalink raw reply [flat|nested] only message in thread
only message in thread, other threads:[~2017-02-21 5:38 UTC | newest]
Thread overview: (only message) (download: mbox.gz follow: Atom feed
-- links below jump to the message on this page --
2017-02-21 5:38 [seabios baseline-only test] 68585: tolerable FAIL Platform Team regression test user
This is a public inbox, see mirroring instructions
for how to clone and mirror all data and code used for this inbox;
as well as URLs for NNTP newsgroup(s).