xen-devel.lists.xenproject.org archive mirror
 help / color / mirror / Atom feed
From: Platform Team regression test user <citrix-osstest@xenproject.org>
To: xen-devel@lists.xensource.com, osstest-admin@xenproject.org
Subject: [ovmf baseline-only test] 68588: regressions - FAIL
Date: Tue, 21 Feb 2017 16:52:47 +0000	[thread overview]
Message-ID: <osstest-68588-mainreport@xen.org> (raw)

This run is configured for baseline tests only.

flight 68588 ovmf real [real]
http://osstest.xs.citrite.net/~osstest/testlogs/logs/68588/

Regressions :-(

Tests which did not succeed and are blocking,
including tests which could not be run:
 test-amd64-amd64-xl-qemuu-ovmf-amd64  6 xen-boot          fail REGR. vs. 68582

version targeted for testing:
 ovmf                 5af4388433e13ffeda980116d92f4230c79e483d
baseline version:
 ovmf                 c035e37335ae43229d7e68de74a65f2c01ebc0af

Last test of basis    68582  2017-02-20 05:19:15 Z    1 days
Testing same since    68588  2017-02-21 12:17:08 Z    0 days    1 attempts

------------------------------------------------------------
People who touched revisions under test:
  Star Zeng <star.zeng@intel.com>

jobs:
 build-amd64-xsm                                              pass    
 build-i386-xsm                                               pass    
 build-amd64                                                  pass    
 build-i386                                                   pass    
 build-amd64-libvirt                                          pass    
 build-i386-libvirt                                           pass    
 build-amd64-pvops                                            pass    
 build-i386-pvops                                             pass    
 test-amd64-amd64-xl-qemuu-ovmf-amd64                         fail    
 test-amd64-i386-xl-qemuu-ovmf-amd64                          pass    


------------------------------------------------------------
sg-report-flight on osstest.xs.citrite.net
logs: /home/osstest/logs
images: /home/osstest/images

Logs, config files, etc. are available at
    http://osstest.xs.citrite.net/~osstest/testlogs/logs

Test harness code can be found at
    http://xenbits.xensource.com/gitweb?p=osstest.git;a=summary


Push not applicable.

------------------------------------------------------------
commit 5af4388433e13ffeda980116d92f4230c79e483d
Author: Star Zeng <star.zeng@intel.com>
Date:   Mon Feb 20 14:13:42 2017 +0800

    Security Tcg2Smm: Add missing gEfiTcg2ProtocolGuid dependency
    
    REF: https://bugzilla.tianocore.org/show_bug.cgi?id=380
    
    gEfiTcgProtocolGuid dependency was added in TcgSmm.
    But gEfiTcg2ProtocolGuid dependency is missing in Tcg2Smm.
    
    Cc: Jiewen Yao <jiewen.yao@intel.com>
    Cc: Chao Zhang <chao.b.zhang@intel.com>
    Contributed-under: TianoCore Contribution Agreement 1.0
    Signed-off-by: Star Zeng <star.zeng@intel.com>
    Reviewed-by: Jiewen Yao <jiewen.yao@intel.com>

_______________________________________________
Xen-devel mailing list
Xen-devel@lists.xen.org
https://lists.xen.org/xen-devel

                 reply	other threads:[~2017-02-21 16:52 UTC|newest]

Thread overview: [no followups] expand[flat|nested]  mbox.gz  Atom feed

Reply instructions:

You may reply publicly to this message via plain-text email
using any one of the following methods:

* Save the following mbox file, import it into your mail client,
  and reply-to-all from there: mbox

  Avoid top-posting and favor interleaved quoting:
  https://en.wikipedia.org/wiki/Posting_style#Interleaved_style

* Reply using the --to, --cc, and --in-reply-to
  switches of git-send-email(1):

  git send-email \
    --in-reply-to=osstest-68588-mainreport@xen.org \
    --to=citrix-osstest@xenproject.org \
    --cc=osstest-admin@xenproject.org \
    --cc=xen-devel@lists.xensource.com \
    /path/to/YOUR_REPLY

  https://kernel.org/pub/software/scm/git/docs/git-send-email.html

* If your mail client supports setting the In-Reply-To header
  via mailto: links, try the mailto: link
Be sure your reply has a Subject: header at the top and a blank line before the message body.
This is a public inbox, see mirroring instructions
for how to clone and mirror all data and code used for this inbox;
as well as URLs for NNTP newsgroup(s).